3.226.106.93 - - [23/Oct/2025:09:56:44 -0400] "GET /holiday-home-transformation-at-tiara-residence-palm-jumeirah/?fileloc=//bin/tclsh&path=//bin HTTP/1.1" 403 1242 "-" "Mozilla/5.0 AppleWebKit/537.36 (KHTML, like Gecko; compatible; Amazonbot/0.1; +https://developer.amazon.com/support/amazonbot) Chrome/119.0.6045.214 Safari/537.36"
216.73.216.87 - - [23/Oct/2025:09:56:46 -0400] "GET /slot-pond-of-plinko-by-print-studios-demo-free-play?fileloc=%2F%2Ftmp%2F4bbb35%2Flive-casinos-uk.html&path=%2F%2Ftmp%2F4bbb35 HTTP/1.1" 200 4014 "-" "Mozilla/5.0 AppleWebKit/537.36 (KHTML, like Gecko; compatible; ClaudeBot/1.0; +claudebot@anthropic.com)"
20.171.207.106 - - [23/Oct/2025:09:56:46 -0400] "GET /?path=//proc/self/root/proc/thread-self/root/proc/thread-self/root/proc/thread-self/root/proc/self/root/proc/thread-self/root/proc/self/root/proc/self/root/proc/thread-self/root/proc/self/root/usr/lib/gcc HTTP/1.1" 200 3026 "-" "Mozilla/5.0 AppleWebKit/537.36 (KHTML, like Gecko; compatible; GPTBot/1.2; +https://openai.com/gptbot)"
18.205.91.101 - - [23/Oct/2025:09:56:47 -0400] "GET /contact-us/?path=//lib64/perl5/I18N HTTP/1.1" 200 3365 "-" "Mozilla/5.0 AppleWebKit/537.36 (KHTML, like Gecko; compatible; Amazonbot/0.1; +https://developer.amazon.com/support/amazonbot) Chrome/119.0.6045.214 Safari/537.36"
216.73.216.87 - - [23/Oct/2025:09:56:49 -0400] "GET /slot-pond-of-plinko-by-print-studios-demo-free-play?fileloc=%2F%2Ftmp%2F4bbb35%2Ftop-online-gambling-sites-uk.html&path=%2F%2Ftmp%2F4bbb35 HTTP/1.1" 200 4150 "-" "Mozilla/5.0 AppleWebKit/537.36 (KHTML, like Gecko; compatible; ClaudeBot/1.0; +claudebot@anthropic.com)"
20.171.207.106 - - [23/Oct/2025:09:56:49 -0400] "GET /?path=//proc/self/root/proc/thread-self/root/proc/thread-self/root/proc/thread-self/root/proc/self/root/proc/thread-self/root/proc/self/root/proc/self/root/proc/thread-self/root/proc/self/root/usr/local/lib HTTP/1.1" 200 2951 "-" "Mozilla/5.0 AppleWebKit/537.36 (KHTML, like Gecko; compatible; GPTBot/1.2; +https://openai.com/gptbot)"
216.73.216.87 - - [23/Oct/2025:09:56:52 -0400] "GET /slot-pond-of-plinko-by-print-studios-demo-free-play?fileloc=%2F%2Ftmp%2F4bbb35%2Fdebit-card-casino-ireland.html&path=%2F%2Ftmp%2F4bbb35 HTTP/1.1" 200 4399 "-" "Mozilla/5.0 AppleWebKit/537.36 (KHTML, like Gecko; compatible; ClaudeBot/1.0; +claudebot@anthropic.com)"
20.171.207.106 - - [23/Oct/2025:09:56:52 -0400] "GET /?path=//proc/self/root/proc/thread-self/root/proc/thread-self/root/proc/thread-self/root/proc/self/root/proc/thread-self/root/proc/self/root/proc/self/root/proc/thread-self/root/proc/self/root/usr/local/apache HTTP/1.1" 200 3073 "-" "Mozilla/5.0 AppleWebKit/537.36 (KHTML, like Gecko; compatible; GPTBot/1.2; +https://openai.com/gptbot)"
52.2.4.213 - - [23/Oct/2025:09:56:54 -0400] "GET /a-wild-ride-through-digital-dimensions-in-turbo/?fileloc=//bin/setterm&path=//bin HTTP/1.1" 200 2966 "-" "Mozilla/5.0 AppleWebKit/537.36 (KHTML, like Gecko; compatible; Amazonbot/0.1; +https://developer.amazon.com/support/amazonbot) Chrome/119.0.6045.214 Safari/537.36"
216.73.216.87 - - [23/Oct/2025:09:56:55 -0400] "GET /slot-pond-of-plinko-by-print-studios-demo-free-play?fileloc=%2F%2Ftmp%2F4bbb35%2Ffree-spins-new-ireland-casino.html&path=%2F%2Ftmp%2F4bbb35 HTTP/1.1" 200 4194 "-" "Mozilla/5.0 AppleWebKit/537.36 (KHTML, like Gecko; compatible; ClaudeBot/1.0; +claudebot@anthropic.com)"
52.207.47.227 - - [23/Oct/2025:09:56:55 -0400] "GET /the-drama-of-deciding-fate-in-a-kick-off-duel/?path=//usr/include/openssl HTTP/1.1" 200 8140 "-" "Mozilla/5.0 AppleWebKit/537.36 (KHTML, like Gecko; compatible; Amazonbot/0.1; +https://developer.amazon.com/support/amazonbot) Chrome/119.0.6045.214 Safari/537.36"
20.171.207.106 - - [23/Oct/2025:09:56:56 -0400] "GET /?fileloc=//proc/self/root/proc/thread-self/root/proc/thread-self/root/proc/thread-self/root/proc/self/root/proc/thread-self/root/proc/self/root/proc/self/root/proc/thread-self/root/proc/self/root/usr/lib/rpm/alt-nodejs9_native.req&path=//proc/self/root/proc/thread-self/root/proc/thread-self/root/proc/thread-self/root/proc/self/root/proc/thread-self/root/proc/self/root/proc/self/root/proc/thread-self/root/proc/self/root/usr/lib/rpm HTTP/1.1" 200 2732 "-" "Mozilla/5.0 AppleWebKit/537.36 (KHTML, like Gecko; compatible; GPTBot/1.2; +https://openai.com/gptbot)"
216.73.216.87 - - [23/Oct/2025:09:56:58 -0400] "GET /slot-pond-of-plinko-by-print-studios-demo-free-play?fileloc=%2F%2Ftmp%2F4bbb35%2Famerican-roulette-payouts.html&path=%2F%2Ftmp%2F4bbb35 HTTP/1.1" 200 4411 "-" "Mozilla/5.0 AppleWebKit/537.36 (KHTML, like Gecko; compatible; ClaudeBot/1.0; +claudebot@anthropic.com)"
27.115.124.70 - - [23/Oct/2025:09:56:59 -0400] "GET / HTTP/1.1" 200 5012 "-" "Mozilla/5.0 (Linux; Android 11; CPH2185) AppleWebKit/537.36 (KHTML, like Gecko) Chrome/91.0.4472.101 Mobile Safari/537.36"
20.171.207.106 - - [23/Oct/2025:09:56:59 -0400] "GET /?path=//proc/self/root/proc/thread-self/root/proc/thread-self/root/proc/thread-self/root/proc/self/root/proc/thread-self/root/proc/self/root/proc/self/root/proc/thread-self/root/proc/self/root/usr/lib/udev HTTP/1.1" 200 3644 "-" "Mozilla/5.0 AppleWebKit/537.36 (KHTML, like Gecko; compatible; GPTBot/1.2; +https://openai.com/gptbot)"
44.218.170.184 - - [23/Oct/2025:09:57:01 -0400] "GET /portfolio-commercial?fileloc=//lib/firmware/amdgpu/stoney_pfp.bin&path=//lib/firmware/amdgpu HTTP/1.1" 200 3002 "-" "Mozilla/5.0 AppleWebKit/537.36 (KHTML, like Gecko; compatible; Amazonbot/0.1; +https://developer.amazon.com/support/amazonbot) Chrome/119.0.6045.214 Safari/537.36"
216.73.216.87 - - [23/Oct/2025:09:57:01 -0400] "GET /slot-pond-of-plinko-by-print-studios-demo-free-play?fileloc=%2F%2Ftmp%2F4bbb35%2Fnew-customer-slot-offers.html&path=%2F%2Ftmp%2F4bbb35 HTTP/1.1" 200 3749 "-" "Mozilla/5.0 AppleWebKit/537.36 (KHTML, like Gecko; compatible; ClaudeBot/1.0; +claudebot@anthropic.com)"
20.171.207.106 - - [23/Oct/2025:09:57:02 -0400] "GET /?path=//proc/self/root/proc/thread-self/root/proc/thread-self/root/proc/thread-self/root/proc/self/root/proc/thread-self/root/proc/self/root/proc/self/root/proc/thread-self/root/proc/self/root/usr/lib/rpm/redhat HTTP/1.1" 200 3713 "-" "Mozilla/5.0 AppleWebKit/537.36 (KHTML, like Gecko; compatible; GPTBot/1.2; +https://openai.com/gptbot)"
27.115.124.38 - - [23/Oct/2025:09:57:04 -0400] "GET /favicon.ico HTTP/1.1" 404 1251 "-" "Mozilla/5.0 (Windows NT 10.0; WOW64) AppleWebKit/537.36 (KHTML, like Gecko) Chrome/78.0.3904.108 Safari/537.36"
216.73.216.87 - - [23/Oct/2025:09:57:04 -0400] "GET /frumzi-casino-no-deposit-bonus-codes-for-free-spins-2025?path=%2F%2Fvar%2Fsoftaculous%2Focportal%2Fimages HTTP/1.1" 200 2879 "-" "Mozilla/5.0 AppleWebKit/537.36 (KHTML, like Gecko; compatible; ClaudeBot/1.0; +claudebot@anthropic.com)"
20.171.207.106 - - [23/Oct/2025:09:57:05 -0400] "GET /?path=//proc/self/root/proc/thread-self/root/proc/thread-self/root/proc/thread-self/root/proc/self/root/proc/thread-self/root/proc/self/root/proc/self/root/proc/thread-self/root/proc/self/root/usr/local/lsws HTTP/1.1" 200 4044 "-" "Mozilla/5.0 AppleWebKit/537.36 (KHTML, like Gecko; compatible; GPTBot/1.2; +https://openai.com/gptbot)"
3.217.82.254 - - [23/Oct/2025:09:57:06 -0400] "GET /services/wrapping-services/?fileloc=//lib/systemd/systemd-timedated&path=//lib/systemd HTTP/1.1" 200 2982 "-" "Mozilla/5.0 AppleWebKit/537.36 (KHTML, like Gecko; compatible; Amazonbot/0.1; +https://developer.amazon.com/support/amazonbot) Chrome/119.0.6045.214 Safari/537.36"
54.225.199.17 - - [23/Oct/2025:09:57:07 -0400] "GET /a-journey-through-the-uncharted-the-enigmatic/?path=//usr/share/zoneinfo/Australia HTTP/1.1" 200 4474 "-" "Mozilla/5.0 AppleWebKit/537.36 (KHTML, like Gecko; compatible; Amazonbot/0.1; +https://developer.amazon.com/support/amazonbot) Chrome/119.0.6045.214 Safari/537.36"
216.73.216.87 - - [23/Oct/2025:09:57:07 -0400] "GET /slot-pond-of-plinko-by-print-studios-demo-free-play?fileloc=%2F%2Ftmp%2F4bbb35%2Fcasino-free-spins-real-money.html&path=%2F%2Ftmp%2F4bbb35 HTTP/1.1" 200 4174 "-" "Mozilla/5.0 AppleWebKit/537.36 (KHTML, like Gecko; compatible; ClaudeBot/1.0; +claudebot@anthropic.com)"
20.171.207.106 - - [23/Oct/2025:09:57:08 -0400] "GET /?path=//proc/self/root/proc/thread-self/root/proc/thread-self/root/proc/thread-self/root/proc/self/root/proc/thread-self/root/proc/self/root/proc/self/root/proc/thread-self/root/proc/self/root/usr/local/apache/domlogs HTTP/1.1" 200 2706 "-" "Mozilla/5.0 AppleWebKit/537.36 (KHTML, like Gecko; compatible; GPTBot/1.2; +https://openai.com/gptbot)"
123.6.49.44 - - [23/Oct/2025:09:57:10 -0400] "GET /?path=/ HTTP/1.1" 200 3999 "-" "Mozilla/5.0 (Linux; Android 11; V2055A) AppleWebKit/537.36 (KHTML, like Gecko) Chrome/91.0.4472.101 Mobile Safari/537.36"
216.73.216.87 - - [23/Oct/2025:09:57:10 -0400] "GET /slot-pond-of-plinko-by-print-studios-demo-free-play?fileloc=%2F%2Ftmp%2F4bbb35%2Freal-money-blackjack-games-new-zealand.html&path=%2F%2Ftmp%2F4bbb35 HTTP/1.1" 200 4305 "-" "Mozilla/5.0 AppleWebKit/537.36 (KHTML, like Gecko; compatible; ClaudeBot/1.0; +claudebot@anthropic.com)"
44.208.193.63 - - [23/Oct/2025:09:57:11 -0400] "GET /portfolio-commercial?fileloc=//lib64/libpango-1.0.so.0&path=//lib64 HTTP/1.1" 200 2974 "-" "Mozilla/5.0 AppleWebKit/537.36 (KHTML, like Gecko; compatible; Amazonbot/0.1; +https://developer.amazon.com/support/amazonbot) Chrome/119.0.6045.214 Safari/537.36"
20.171.207.106 - - [23/Oct/2025:09:57:11 -0400] "GET /?path=//proc/self/root/proc/thread-self/root/proc/thread-self/root/proc/thread-self/root/proc/self/root/proc/thread-self/root/proc/self/root/proc/self/root/proc/thread-self/root/proc/self/root/usr/lib/locale HTTP/1.1" 200 4067 "-" "Mozilla/5.0 AppleWebKit/537.36 (KHTML, like Gecko; compatible; GPTBot/1.2; +https://openai.com/gptbot)"
216.73.216.87 - - [23/Oct/2025:09:57:13 -0400] "GET /slot-pond-of-plinko-by-print-studios-demo-free-play?fileloc=%2F%2Ftmp%2F4bbb35%2Fonline-casino-without-account.html&path=%2F%2Ftmp%2F4bbb35 HTTP/1.1" 200 4114 "-" "Mozilla/5.0 AppleWebKit/537.36 (KHTML, like Gecko; compatible; ClaudeBot/1.0; +claudebot@anthropic.com)"
20.171.207.106 - - [23/Oct/2025:09:57:14 -0400] "GET /?fileloc=//proc/self/root/proc/thread-self/root/proc/thread-self/root/proc/thread-self/root/proc/self/root/proc/thread-self/root/proc/self/root/proc/self/root/proc/thread-self/root/proc/self/root/usr/lib/udev/cdrom_id&path=//proc/self/root/proc/thread-self/root/proc/thread-self/root/proc/thread-self/root/proc/self/root/proc/thread-self/root/proc/self/root/proc/self/root/proc/thread-self/root/proc/self/root/usr/lib/udev HTTP/1.1" 200 2675 "-" "Mozilla/5.0 AppleWebKit/537.36 (KHTML, like Gecko; compatible; GPTBot/1.2; +https://openai.com/gptbot)"
216.73.216.87 - - [23/Oct/2025:09:57:16 -0400] "GET /slot-pond-of-plinko-by-print-studios-demo-free-play?fileloc=%2F%2Ftmp%2F4bbb35%2Famerican-roulette-roulette.html&path=%2F%2Ftmp%2F4bbb35 HTTP/1.1" 200 4191 "-" "Mozilla/5.0 AppleWebKit/537.36 (KHTML, like Gecko; compatible; ClaudeBot/1.0; +claudebot@anthropic.com)"
23.23.213.182 - - [23/Oct/2025:09:57:16 -0400] "GET /4-nv-casino-log-on-all-the-weekend-into-the-funzday-bonus/?fileloc=//tmp/4bbb35/amusnet-casino-login-app-sign-up.html&path=//tmp/4bbb35 HTTP/1.1" 200 4938 "-" "Mozilla/5.0 AppleWebKit/537.36 (KHTML, like Gecko; compatible; Amazonbot/0.1; +https://developer.amazon.com/support/amazonbot) Chrome/119.0.6045.214 Safari/537.36"
20.171.207.106 - - [23/Oct/2025:09:57:17 -0400] "GET /?path=//proc/self/root/proc/thread-self/root/proc/thread-self/root/proc/thread-self/root/proc/self/root/proc/thread-self/root/proc/self/root/proc/self/root/proc/thread-self/root/proc/self/root/usr/local/apache/htdocs HTTP/1.1" 200 3478 "-" "Mozilla/5.0 AppleWebKit/537.36 (KHTML, like Gecko; compatible; GPTBot/1.2; +https://openai.com/gptbot)"
216.73.216.87 - - [23/Oct/2025:09:57:19 -0400] "GET /slot-pond-of-plinko-by-print-studios-demo-free-play?fileloc=%2F%2Ftmp%2F4bbb35%2Fbingo-colchester-canada.html&path=%2F%2Ftmp%2F4bbb35 HTTP/1.1" 200 4192 "-" "Mozilla/5.0 AppleWebKit/537.36 (KHTML, like Gecko; compatible; ClaudeBot/1.0; +claudebot@anthropic.com)"
54.84.169.196 - - [23/Oct/2025:09:57:19 -0400] "GET /aventuras-brillantes-en-el-mundo-del-oscar-spin/?fileloc=//bin/skill&path=//bin HTTP/1.1" 200 2924 "-" "Mozilla/5.0 AppleWebKit/537.36 (KHTML, like Gecko; compatible; Amazonbot/0.1; +https://developer.amazon.com/support/amazonbot) Chrome/119.0.6045.214 Safari/537.36"
20.171.207.106 - - [23/Oct/2025:09:57:21 -0400] "GET /?path=//proc/self/root/proc/thread-self/root/proc/thread-self/root/proc/thread-self/root/proc/self/root/proc/thread-self/root/proc/self/root/proc/self/root/proc/thread-self/root/proc/self/root/usr/lib/modules HTTP/1.1" 200 3175 "-" "Mozilla/5.0 AppleWebKit/537.36 (KHTML, like Gecko; compatible; GPTBot/1.2; +https://openai.com/gptbot)"
216.73.216.87 - - [23/Oct/2025:09:57:22 -0400] "GET /slot-pond-of-plinko-by-print-studios-demo-free-play?fileloc=%2F%2Ftmp%2F4bbb35%2Fdunya-casino-no-deposit-bonus-100-free-spins.html&path=%2F%2Ftmp%2F4bbb35 HTTP/1.1" 200 3951 "-" "Mozilla/5.0 AppleWebKit/537.36 (KHTML, like Gecko; compatible; ClaudeBot/1.0; +claudebot@anthropic.com)"
34.231.181.240 - - [23/Oct/2025:09:57:23 -0400] "GET /a-wild-ride-through-digital-dimensions-in-turbo/?fileloc=//tmp/phpBNikxo&path=//tmp HTTP/1.1" 200 64322 "-" "Mozilla/5.0 AppleWebKit/537.36 (KHTML, like Gecko; compatible; Amazonbot/0.1; +https://developer.amazon.com/support/amazonbot) Chrome/119.0.6045.214 Safari/537.36"
20.171.207.106 - - [23/Oct/2025:09:57:24 -0400] "GET /?path=//proc/self/root/proc/thread-self/root/proc/thread-self/root/proc/thread-self/root/proc/self/root/proc/thread-self/root/proc/self/root/proc/self/root/proc/thread-self/root/proc/self/root/usr/local/lsws/docs HTTP/1.1" 200 5469 "-" "Mozilla/5.0 AppleWebKit/537.36 (KHTML, like Gecko; compatible; GPTBot/1.2; +https://openai.com/gptbot)"
216.73.216.87 - - [23/Oct/2025:09:57:25 -0400] "GET /slot-pond-of-plinko-by-print-studios-demo-free-play?fileloc=%2F%2Ftmp%2F4bbb35%2Fgreat-british-casino.html&path=%2F%2Ftmp%2F4bbb35 HTTP/1.1" 200 3974 "-" "Mozilla/5.0 AppleWebKit/537.36 (KHTML, like Gecko; compatible; ClaudeBot/1.0; +claudebot@anthropic.com)"
20.171.207.106 - - [23/Oct/2025:09:57:27 -0400] "GET /?path=//proc/self/root/proc/thread-self/root/proc/thread-self/root/proc/thread-self/root/proc/self/root/proc/thread-self/root/proc/self/root/proc/self/root/proc/thread-self/root/proc/self/root/usr/local/lsws/autoupdate HTTP/1.1" 200 2749 "-" "Mozilla/5.0 AppleWebKit/537.36 (KHTML, like Gecko; compatible; GPTBot/1.2; +https://openai.com/gptbot)"
44.214.19.8 - - [23/Oct/2025:09:57:27 -0400] "GET /portfolio-commercial?fileloc=//lib/systemd/system/getty@.service&path=//lib/systemd/system HTTP/1.1" 200 4106 "-" "Mozilla/5.0 AppleWebKit/537.36 (KHTML, like Gecko; compatible; Amazonbot/0.1; +https://developer.amazon.com/support/amazonbot) Chrome/119.0.6045.214 Safari/537.36"
216.73.216.87 - - [23/Oct/2025:09:57:28 -0400] "GET /slot-pond-of-plinko-by-print-studios-demo-free-play?fileloc=%2F%2Ftmp%2F4bbb35%2Fbest-iphone-casinos-in-uk.html&path=%2F%2Ftmp%2F4bbb35 HTTP/1.1" 200 4091 "-" "Mozilla/5.0 AppleWebKit/537.36 (KHTML, like Gecko; compatible; ClaudeBot/1.0; +claudebot@anthropic.com)"
20.171.207.106 - - [23/Oct/2025:09:57:30 -0400] "GET /?path=//proc/self/root/proc/thread-self/root/proc/thread-self/root/proc/thread-self/root/proc/self/root/proc/thread-self/root/proc/self/root/proc/self/root/proc/thread-self/root/proc/self/root/usr/local/lsws/add-ons HTTP/1.1" 200 3481 "-" "Mozilla/5.0 AppleWebKit/537.36 (KHTML, like Gecko; compatible; GPTBot/1.2; +https://openai.com/gptbot)"
216.73.216.87 - - [23/Oct/2025:09:57:31 -0400] "GET /slot-pond-of-plinko-by-print-studios-demo-free-play?fileloc=%2F%2Ftmp%2F4bbb35%2Fslot-bonus-no-deposit.html&path=%2F%2Ftmp%2F4bbb35 HTTP/1.1" 200 3774 "-" "Mozilla/5.0 AppleWebKit/537.36 (KHTML, like Gecko; compatible; ClaudeBot/1.0; +claudebot@anthropic.com)"
3.213.46.222 - - [23/Oct/2025:09:57:31 -0400] "GET /test-post-title/?path=//usr/share/locale/es_HN HTTP/1.1" 200 3365 "-" "Mozilla/5.0 AppleWebKit/537.36 (KHTML, like Gecko; compatible; Amazonbot/0.1; +https://developer.amazon.com/support/amazonbot) Chrome/119.0.6045.214 Safari/537.36"
20.171.207.106 - - [23/Oct/2025:09:57:34 -0400] "GET /?path=//proc/self/root/proc/thread-self/root/proc/thread-self/root/proc/thread-self/root/proc/self/root/proc/thread-self/root/proc/self/root/proc/self/root/proc/thread-self/root/proc/self/root/usr/local/lsws/modules HTTP/1.1" 200 3063 "-" "Mozilla/5.0 AppleWebKit/537.36 (KHTML, like Gecko; compatible; GPTBot/1.2; +https://openai.com/gptbot)"
216.73.216.87 - - [23/Oct/2025:09:57:34 -0400] "GET /slot-pond-of-plinko-by-print-studios-demo-free-play?fileloc=%2F%2Ftmp%2F4bbb35%2Fmerkur-slots-plymouth.html&path=%2F%2Ftmp%2F4bbb35 HTTP/1.1" 200 4175 "-" "Mozilla/5.0 AppleWebKit/537.36 (KHTML, like Gecko; compatible; ClaudeBot/1.0; +claudebot@anthropic.com)"
54.86.59.155 - - [23/Oct/2025:09:57:36 -0400] "GET /while-done-set-some-shell-out-me-powder-nv-casino-on-the-tits-or-bosom-and-you-can-fall-asleep-that-way/?fileloc=//usr/selector/php-cli&path=//usr/selector HTTP/1.1" 200 2979 "-" "Mozilla/5.0 AppleWebKit/537.36 (KHTML, like Gecko; compatible; Amazonbot/0.1; +https://developer.amazon.com/support/amazonbot) Chrome/119.0.6045.214 Safari/537.36"
20.171.207.106 - - [23/Oct/2025:09:57:37 -0400] "GET /?path=//proc/self/root/proc/thread-self/root/proc/thread-self/root/proc/thread-self/root/proc/self/root/proc/thread-self/root/proc/self/root/proc/self/root/proc/thread-self/root/proc/self/root/usr/local/lsws/logs HTTP/1.1" 200 2748 "-" "Mozilla/5.0 AppleWebKit/537.36 (KHTML, like Gecko; compatible; GPTBot/1.2; +https://openai.com/gptbot)"
216.73.216.87 - - [23/Oct/2025:09:57:37 -0400] "GET /slot-pond-of-plinko-by-print-studios-demo-free-play?fileloc=%2F%2Ftmp%2F4bbb35%2Faparate-casino-no-deposit-bonus-100-free-spins.html&path=%2F%2Ftmp%2F4bbb35 HTTP/1.1" 200 4202 "-" "Mozilla/5.0 AppleWebKit/537.36 (KHTML, like Gecko; compatible; ClaudeBot/1.0; +claudebot@anthropic.com)"
50.16.72.185 - - [23/Oct/2025:09:57:40 -0400] "GET /services/wrapping-services/?path=//lib/locale/en_US.utf8 HTTP/1.1" 200 3997 "-" "Mozilla/5.0 AppleWebKit/537.36 (KHTML, like Gecko; compatible; Amazonbot/0.1; +https://developer.amazon.com/support/amazonbot) Chrome/119.0.6045.214 Safari/537.36"
20.171.207.106 - - [23/Oct/2025:09:57:40 -0400] "GET /?path=//proc/self/root/proc/thread-self/root/proc/thread-self/root/proc/thread-self/root/proc/self/root/proc/thread-self/root/proc/self/root/proc/self/root/proc/thread-self/root/proc/self/root/usr/local/lsws/lib HTTP/1.1" 200 2739 "-" "Mozilla/5.0 AppleWebKit/537.36 (KHTML, like Gecko; compatible; GPTBot/1.2; +https://openai.com/gptbot)"
216.73.216.87 - - [23/Oct/2025:09:57:40 -0400] "GET /slot-pond-of-plinko-by-print-studios-demo-free-play?fileloc=%2F%2Ftmp%2F4bbb35%2Fbingo-free-bingo-australia.html&path=%2F%2Ftmp%2F4bbb35 HTTP/1.1" 200 3923 "-" "Mozilla/5.0 AppleWebKit/537.36 (KHTML, like Gecko; compatible; ClaudeBot/1.0; +claudebot@anthropic.com)"
66.249.65.197 - - [23/Oct/2025:09:57:41 -0400] "GET /portfolio-residential/?path=//lib/systemd/portable HTTP/1.1" 200 2791 "-" "Mozilla/5.0 (Linux; Android 6.0.1; Nexus 5X Build/MMB29P) AppleWebKit/537.36 (KHTML, like Gecko) Chrome/141.0.7390.107 Mobile Safari/537.36 (compatible; GoogleOther)"
20.171.207.106 - - [23/Oct/2025:09:57:43 -0400] "GET /?path=//proc/self/root/proc/thread-self/root/proc/thread-self/root/proc/thread-self/root/proc/self/root/proc/thread-self/root/proc/self/root/proc/self/root/proc/thread-self/root/proc/self/root/usr/local/lsws/conf HTTP/1.1" 200 2749 "-" "Mozilla/5.0 AppleWebKit/537.36 (KHTML, like Gecko; compatible; GPTBot/1.2; +https://openai.com/gptbot)"
216.73.216.87 - - [23/Oct/2025:09:57:43 -0400] "GET /slot-pond-of-plinko-by-print-studios-demo-free-play?fileloc=%2F%2Ftmp%2F4bbb35%2Ffree-slots-no-deposit-uk-real-money.html&path=%2F%2Ftmp%2F4bbb35 HTTP/1.1" 200 4119 "-" "Mozilla/5.0 AppleWebKit/537.36 (KHTML, like Gecko; compatible; ClaudeBot/1.0; +claudebot@anthropic.com)"
98.83.226.125 - - [23/Oct/2025:09:57:44 -0400] "GET /the-drama-of-deciding-fate-in-a-kick-off-duel/?fileloc=//home/creaqbdc/.cl.selector/defaults.cfg&path=//home/creaqbdc/.cl.selector HTTP/1.1" 200 3358 "-" "Mozilla/5.0 AppleWebKit/537.36 (KHTML, like Gecko; compatible; Amazonbot/0.1; +https://developer.amazon.com/support/amazonbot) Chrome/119.0.6045.214 Safari/537.36"
20.171.207.106 - - [23/Oct/2025:09:57:46 -0400] "GET /?path=//proc/self/root/proc/thread-self/root/proc/thread-self/root/proc/thread-self/root/proc/self/root/proc/thread-self/root/proc/self/root/proc/self/root/proc/thread-self/root/proc/self/root/usr/local/lsws/lsns HTTP/1.1" 200 3111 "-" "Mozilla/5.0 AppleWebKit/537.36 (KHTML, like Gecko; compatible; GPTBot/1.2; +https://openai.com/gptbot)"
216.73.216.87 - - [23/Oct/2025:09:57:46 -0400] "GET /slot-pond-of-plinko-by-print-studios-demo-free-play?fileloc=%2F%2Ftmp%2F4bbb35%2Fmost-effective-roulette-strategy-canada.html&path=%2F%2Ftmp%2F4bbb35 HTTP/1.1" 200 4128 "-" "Mozilla/5.0 AppleWebKit/537.36 (KHTML, like Gecko; compatible; ClaudeBot/1.0; +claudebot@anthropic.com)"
66.249.65.198 - - [23/Oct/2025:09:57:46 -0400] "GET /items/1939530777.htm HTTP/1.1" 200 19211 "-" "Mozilla/5.0 (Linux; Android 6.0.1; Nexus 5X Build/MMB29P) AppleWebKit/537.36 (KHTML, like Gecko) Chrome/141.0.7390.107 Mobile Safari/537.36 (compatible; Googlebot/2.1; +http://www.google.com/bot.html)"
18.214.186.220 - - [23/Oct/2025:09:57:47 -0400] "GET /las-verificacion-de-machance-11-excelentes-casinos-online-de-argentinos-2024/?fileloc=//bin/users&path=//bin HTTP/1.1" 200 2964 "-" "Mozilla/5.0 AppleWebKit/537.36 (KHTML, like Gecko; compatible; Amazonbot/0.1; +https://developer.amazon.com/support/amazonbot) Chrome/119.0.6045.214 Safari/537.36"
20.171.207.106 - - [23/Oct/2025:09:57:49 -0400] "GET /?path=//proc/self/root/proc/thread-self/root/proc/thread-self/root/proc/thread-self/root/proc/self/root/proc/thread-self/root/proc/self/root/proc/self/root/proc/thread-self/root/proc/self/root/usr/lib/rpm/platform HTTP/1.1" 200 4743 "-" "Mozilla/5.0 AppleWebKit/537.36 (KHTML, like Gecko; compatible; GPTBot/1.2; +https://openai.com/gptbot)"
18.211.148.239 - - [23/Oct/2025:09:57:51 -0400] "GET /just-how-to-register-and-you-nv-casino-can-allege-funzpoints-casino-promo-code-bring/?path=//lib/.build-id/62 HTTP/1.1" 200 4414 "-" "Mozilla/5.0 AppleWebKit/537.36 (KHTML, like Gecko; compatible; Amazonbot/0.1; +https://developer.amazon.com/support/amazonbot) Chrome/119.0.6045.214 Safari/537.36"
20.171.207.106 - - [23/Oct/2025:09:57:53 -0400] "GET /?path=//proc/self/root/proc/thread-self/root/proc/thread-self/root/proc/thread-self/root/proc/self/root/proc/thread-self/root/proc/self/root/proc/self/root/proc/thread-self/root/proc/self/root/usr/local/sbin HTTP/1.1" 200 3054 "-" "Mozilla/5.0 AppleWebKit/537.36 (KHTML, like Gecko; compatible; GPTBot/1.2; +https://openai.com/gptbot)"
66.249.65.197 - - [23/Oct/2025:09:57:54 -0400] "GET /items/999354402.htm?fileloc=//tmp/4bbb35/epic-casino-bonus-codes-2025.html&path=//tmp/4bbb35 HTTP/1.1" 200 4349 "-" "Mozilla/5.0 (Linux; Android 6.0.1; Nexus 5X Build/MMB29P) AppleWebKit/537.36 (KHTML, like Gecko) Chrome/141.0.7390.107 Mobile Safari/537.36 (compatible; GoogleOther)"
3.213.106.226 - - [23/Oct/2025:09:57:55 -0400] "GET /commercial/?fileloc=//bin/sort&path=//bin HTTP/1.1" 200 2963 "-" "Mozilla/5.0 AppleWebKit/537.36 (KHTML, like Gecko; compatible; Amazonbot/0.1; +https://developer.amazon.com/support/amazonbot) Chrome/119.0.6045.214 Safari/537.36"
20.171.207.106 - - [23/Oct/2025:09:57:56 -0400] "GET /?path=//proc/self/root/proc/thread-self/root/proc/thread-self/root/proc/thread-self/root/proc/self/root/proc/thread-self/root/proc/self/root/proc/self/root/proc/thread-self/root/proc/self/root/lib/sysctl.d HTTP/1.1" 200 3239 "-" "Mozilla/5.0 AppleWebKit/537.36 (KHTML, like Gecko; compatible; GPTBot/1.2; +https://openai.com/gptbot)"
20.171.207.106 - - [23/Oct/2025:09:57:59 -0400] "GET /?path=//proc/self/root/proc/thread-self/root/proc/thread-self/root/proc/thread-self/root/proc/self/root/proc/thread-self/root/proc/self/root/proc/self/root/proc/thread-self/root/proc/self/root/proc/self/root/etc/skel HTTP/1.1" 403 1242 "-" "Mozilla/5.0 AppleWebKit/537.36 (KHTML, like Gecko; compatible; GPTBot/1.2; +https://openai.com/gptbot)"
98.84.60.17 - - [23/Oct/2025:09:57:59 -0400] "GET /holiday-home-transformation-at-tiara-residence-palm-jumeirah/?fileloc=//bin/enchant-lsmod&path=//bin HTTP/1.1" 200 2971 "-" "Mozilla/5.0 AppleWebKit/537.36 (KHTML, like Gecko; compatible; Amazonbot/0.1; +https://developer.amazon.com/support/amazonbot) Chrome/119.0.6045.214 Safari/537.36"
66.249.65.198 - - [23/Oct/2025:09:58:01 -0400] "GET /portfolio-residential/?fileloc=//lib/systemd/systemd-portabled&path=//lib/systemd HTTP/1.1" 200 2480 "-" "Mozilla/5.0 (Linux; Android 6.0.1; Nexus 5X Build/MMB29P) AppleWebKit/537.36 (KHTML, like Gecko) Chrome/141.0.7390.107 Mobile Safari/537.36 (compatible; GoogleOther)"
20.171.207.106 - - [23/Oct/2025:09:58:02 -0400] "GET /?path=//proc/self/root/proc/thread-self/root/proc/thread-self/root/proc/thread-self/root/proc/self/root/proc/thread-self/root/proc/self/root/proc/self/root/proc/thread-self/root/proc/self/root/usr/local/lsws/lsns/logs HTTP/1.1" 200 2776 "-" "Mozilla/5.0 AppleWebKit/537.36 (KHTML, like Gecko; compatible; GPTBot/1.2; +https://openai.com/gptbot)"
44.212.145.46 - - [23/Oct/2025:09:58:04 -0400] "GET /4-nv-casino-log-on-all-the-weekend-into-the-funzday-bonus/?fileloc=//home/creaqbdc/.zshrc&path=//home/creaqbdc HTTP/1.1" 200 3365 "-" "Mozilla/5.0 AppleWebKit/537.36 (KHTML, like Gecko; compatible; Amazonbot/0.1; +https://developer.amazon.com/support/amazonbot) Chrome/119.0.6045.214 Safari/537.36"
20.171.207.106 - - [23/Oct/2025:09:58:05 -0400] "GET /?path=//proc/self/root/proc/thread-self/root/proc/thread-self/root/proc/thread-self/root/proc/self/root/proc/thread-self/root/proc/self/root/proc/self/root/proc/thread-self/root/proc/self/root/usr/local/lsws/lsns/conf HTTP/1.1" 200 3040 "-" "Mozilla/5.0 AppleWebKit/537.36 (KHTML, like Gecko; compatible; GPTBot/1.2; +https://openai.com/gptbot)"
52.44.229.124 - - [23/Oct/2025:09:58:07 -0400] "GET /a-wild-ride-through-digital-dimensions-in-turbo/?fileloc=//etc/virc&path=//etc HTTP/1.1" 403 1242 "-" "Mozilla/5.0 AppleWebKit/537.36 (KHTML, like Gecko; compatible; Amazonbot/0.1; +https://developer.amazon.com/support/amazonbot) Chrome/119.0.6045.214 Safari/537.36"
20.171.207.106 - - [23/Oct/2025:09:58:08 -0400] "GET /?path=//proc/self/root/proc/thread-self/root/proc/thread-self/root/proc/thread-self/root/proc/self/root/proc/thread-self/root/proc/self/root/proc/self/root/proc/thread-self/root/proc/self/root/usr/lib/rpm/fileattrs HTTP/1.1" 200 3346 "-" "Mozilla/5.0 AppleWebKit/537.36 (KHTML, like Gecko; compatible; GPTBot/1.2; +https://openai.com/gptbot)"
34.224.132.215 - - [23/Oct/2025:09:58:11 -0400] "GET /residential/?path=//lib/locale/en_DK.utf8 HTTP/1.1" 200 3992 "-" "Mozilla/5.0 AppleWebKit/537.36 (KHTML, like Gecko; compatible; Amazonbot/0.1; +https://developer.amazon.com/support/amazonbot) Chrome/119.0.6045.214 Safari/537.36"
20.171.207.106 - - [23/Oct/2025:09:58:11 -0400] "GET /?path=//proc/self/root/proc/thread-self/root/proc/thread-self/root/proc/thread-self/root/proc/self/root/proc/thread-self/root/proc/self/root/proc/self/root/proc/thread-self/root/proc/self/root/lib/gcc HTTP/1.1" 200 2990 "-" "Mozilla/5.0 AppleWebKit/537.36 (KHTML, like Gecko; compatible; GPTBot/1.2; +https://openai.com/gptbot)"
20.171.207.106 - - [23/Oct/2025:09:58:14 -0400] "GET /?path=//proc/self/root/proc/thread-self/root/proc/thread-self/root/proc/thread-self/root/proc/self/root/proc/thread-self/root/proc/self/root/proc/self/root/proc/thread-self/root/proc/self/root/proc/sys/kernel/yama HTTP/1.1" 200 3048 "-" "Mozilla/5.0 AppleWebKit/537.36 (KHTML, like Gecko; compatible; GPTBot/1.2; +https://openai.com/gptbot)"
98.83.8.142 - - [23/Oct/2025:09:58:15 -0400] "GET /apartment-interior-vinyl-wrap-in-dubai-kitchen-bathroom-doors-wordrobes/?fileloc=//lib/systemd/systemd-initctl&path=//lib/systemd HTTP/1.1" 200 2979 "-" "Mozilla/5.0 AppleWebKit/537.36 (KHTML, like Gecko; compatible; Amazonbot/0.1; +https://developer.amazon.com/support/amazonbot) Chrome/119.0.6045.214 Safari/537.36"
20.171.207.106 - - [23/Oct/2025:09:58:18 -0400] "GET /?path=//proc/self/root/proc/thread-self/root/proc/thread-self/root/proc/thread-self/root/proc/self/root/proc/thread-self/root/proc/self/root/proc/self/root/proc/thread-self/root/proc/self/root/proc/self/root/etc/mail HTTP/1.1" 403 1242 "-" "Mozilla/5.0 AppleWebKit/537.36 (KHTML, like Gecko; compatible; GPTBot/1.2; +https://openai.com/gptbot)"
3.221.156.96 - - [23/Oct/2025:09:58:19 -0400] "GET /4-nv-casino-log-on-all-the-weekend-into-the-funzday-bonus/?fileloc=//tmp/4bbb35/bigwins-casino-login-app-sign-up.html&path=//tmp/4bbb35 HTTP/1.1" 200 5001 "-" "Mozilla/5.0 AppleWebKit/537.36 (KHTML, like Gecko; compatible; Amazonbot/0.1; +https://developer.amazon.com/support/amazonbot) Chrome/119.0.6045.214 Safari/537.36"
20.171.207.106 - - [23/Oct/2025:09:58:21 -0400] "GET /?path=//proc/self/root/proc/thread-self/root/proc/thread-self/root/proc/thread-self/root/proc/self/root/proc/thread-self/root/proc/self/root/proc/self/root/proc/thread-self/root/proc/self/root/var/softaculous/mt HTTP/1.1" 200 4222 "-" "Mozilla/5.0 AppleWebKit/537.36 (KHTML, like Gecko; compatible; GPTBot/1.2; +https://openai.com/gptbot)"
54.235.172.96 - - [23/Oct/2025:09:58:23 -0400] "GET /apartment-interior-vinyl-wrap-in-dubai-kitchen-bathroom-doors-wordrobes/?path=//opt/alt/python37 HTTP/1.1" 200 3595 "-" "Mozilla/5.0 AppleWebKit/537.36 (KHTML, like Gecko; compatible; Amazonbot/0.1; +https://developer.amazon.com/support/amazonbot) Chrome/119.0.6045.214 Safari/537.36"
20.171.207.106 - - [23/Oct/2025:09:58:24 -0400] "GET /?path=//proc/self/root/proc/thread-self/root/proc/thread-self/root/proc/thread-self/root/proc/self/root/proc/thread-self/root/proc/self/root/proc/self/root/proc/thread-self/root/proc/self/root/opt/cpanel/ea-brotli/lib HTTP/1.1" 200 3554 "-" "Mozilla/5.0 AppleWebKit/537.36 (KHTML, like Gecko; compatible; GPTBot/1.2; +https://openai.com/gptbot)"
20.171.207.106 - - [23/Oct/2025:09:58:27 -0400] "GET /?path=//proc/self/root/proc/thread-self/root/proc/thread-self/root/proc/thread-self/root/proc/self/root/proc/thread-self/root/proc/self/root/proc/self/root/proc/thread-self/root/proc/self/root/var/run HTTP/1.1" 200 3529 "-" "Mozilla/5.0 AppleWebKit/537.36 (KHTML, like Gecko; compatible; GPTBot/1.2; +https://openai.com/gptbot)"
18.211.39.188 - - [23/Oct/2025:09:58:27 -0400] "GET /las-verificacion-de-machance-11-excelentes-casinos-online-de-argentinos-2024/?path=//tmp/mbdvd0 HTTP/1.1" 200 3781 "-" "Mozilla/5.0 AppleWebKit/537.36 (KHTML, like Gecko; compatible; Amazonbot/0.1; +https://developer.amazon.com/support/amazonbot) Chrome/119.0.6045.214 Safari/537.36"
216.73.216.87 - - [23/Oct/2025:09:58:29 -0400] "GET /online-casino-minimum-deposit-10-euro?fileloc=%2F%2Flib%2Ffirmware%2Fcirrus%2Fcs35l41-dsp1-spk-prot-103c8c17.wmfw&path=%2F%2Flib%2Ffirmware%2Fcirrus HTTP/1.1" 200 2521 "-" "Mozilla/5.0 AppleWebKit/537.36 (KHTML, like Gecko; compatible; ClaudeBot/1.0; +claudebot@anthropic.com)"
20.171.207.106 - - [23/Oct/2025:09:58:30 -0400] "GET /?path=//proc/self/root/proc/thread-self/root/proc/thread-self/root/proc/thread-self/root/proc/self/root/proc/thread-self/root/proc/self/root/proc/self/root/proc/thread-self/root/proc/self/root/proc/self/root/proc/self HTTP/1.1" 200 4826 "-" "Mozilla/5.0 AppleWebKit/537.36 (KHTML, like Gecko; compatible; GPTBot/1.2; +https://openai.com/gptbot)"
3.224.205.25 - - [23/Oct/2025:09:58:31 -0400] "GET /just-how-to-register-and-you-nv-casino-can-allege-funzpoints-casino-promo-code-bring/?path=//lib/.build-id/56 HTTP/1.1" 200 4546 "-" "Mozilla/5.0 AppleWebKit/537.36 (KHTML, like Gecko; compatible; Amazonbot/0.1; +https://developer.amazon.com/support/amazonbot) Chrome/119.0.6045.214 Safari/537.36"
216.73.216.87 - - [23/Oct/2025:09:58:32 -0400] "GET /slot-pond-of-plinko-by-print-studios-demo-free-play?fileloc=%2F%2Fusr%2Fshare%2Fman%2Fman7%2FCREATE_TEXT_SEARCH_DICTIONARY.7.gz&path=%2F%2Fusr%2Fshare%2Fman%2Fman7 HTTP/1.1" 200 2531 "-" "Mozilla/5.0 AppleWebKit/537.36 (KHTML, like Gecko; compatible; ClaudeBot/1.0; +claudebot@anthropic.com)"
20.171.207.106 - - [23/Oct/2025:09:58:33 -0400] "GET /?path=//proc/self/root/proc/thread-self/root/proc/thread-self/root/proc/thread-self/root/proc/self/root/proc/thread-self/root/proc/self/root/proc/self/root/proc/thread-self/root/proc/self/root/var/run/dbus HTTP/1.1" 200 2725 "-" "Mozilla/5.0 AppleWebKit/537.36 (KHTML, like Gecko; compatible; GPTBot/1.2; +https://openai.com/gptbot)"
216.73.216.87 - - [23/Oct/2025:09:58:35 -0400] "GET /slot-pond-of-plinko-by-print-studios-demo-free-play?fileloc=%2F%2Fusr%2Fshare%2Fman%2Fman3%2FB%3A%3AShowlex.3pm.gz&path=%2F%2Fusr%2Fshare%2Fman%2Fman3 HTTP/1.1" 200 2513 "-" "Mozilla/5.0 AppleWebKit/537.36 (KHTML, like Gecko; compatible; ClaudeBot/1.0; +claudebot@anthropic.com)"
34.231.181.240 - - [23/Oct/2025:09:58:35 -0400] "GET /portfolio-commercial?fileloc=//lib/systemd/system/systemd-hybrid-sleep.service&path=//lib/systemd/system HTTP/1.1" 200 3335 "-" "Mozilla/5.0 AppleWebKit/537.36 (KHTML, like Gecko; compatible; Amazonbot/0.1; +https://developer.amazon.com/support/amazonbot) Chrome/119.0.6045.214 Safari/537.36"
20.171.207.106 - - [23/Oct/2025:09:58:36 -0400] "GET /?path=//proc/self/root/proc/thread-self/root/proc/thread-self/root/proc/thread-self/root/proc/self/root/proc/thread-self/root/proc/self/root/proc/self/root/proc/thread-self/root/proc/self/root/lib/grub HTTP/1.1" 200 2945 "-" "Mozilla/5.0 AppleWebKit/537.36 (KHTML, like Gecko; compatible; GPTBot/1.2; +https://openai.com/gptbot)"
216.73.216.87 - - [23/Oct/2025:09:58:38 -0400] "GET /slot-pond-of-plinko-by-print-studios-demo-free-play?fileloc=%2F%2Fusr%2Fshare%2Fman%2Fman3%2Fxcb_randr_get_crtc_transform_pad_4.3.gz&path=%2F%2Fusr%2Fshare%2Fman%2Fman3 HTTP/1.1" 200 2529 "-" "Mozilla/5.0 AppleWebKit/537.36 (KHTML, like Gecko; compatible; ClaudeBot/1.0; +claudebot@anthropic.com)"
194.26.192.75 - - [23/Oct/2025:09:58:39 -0400] "GET /style.php HTTP/1.1" 200 5113 "http://creativefinishings.com/style.php" "Go-http-client/2.0"
107.20.181.148 - - [23/Oct/2025:09:58:39 -0400] "GET /while-done-set-some-shell-out-me-powder-nv-casino-on-the-tits-or-bosom-and-you-can-fall-asleep-that-way/?fileloc=//usr/selector/php&path=//usr/selector HTTP/1.1" 200 2975 "-" "Mozilla/5.0 AppleWebKit/537.36 (KHTML, like Gecko; compatible; Amazonbot/0.1; +https://developer.amazon.com/support/amazonbot) Chrome/119.0.6045.214 Safari/537.36"
20.171.207.106 - - [23/Oct/2025:09:58:40 -0400] "GET /?path=//proc/self/root/proc/thread-self/root/proc/thread-self/root/proc/thread-self/root/proc/self/root/proc/thread-self/root/proc/self/root/proc/self/root/proc/thread-self/root/proc/self/root/proc/self/root/etc/fonts HTTP/1.1" 403 1242 "-" "Mozilla/5.0 AppleWebKit/537.36 (KHTML, like Gecko; compatible; GPTBot/1.2; +https://openai.com/gptbot)"
216.73.216.87 - - [23/Oct/2025:09:58:41 -0400] "GET /slot-pond-of-plinko-by-print-studios-demo-free-play?fileloc=%2F%2Fusr%2Fshare%2Fman%2Fmann%2Fbell.n.gz&path=%2F%2Fusr%2Fshare%2Fman%2Fmann HTTP/1.1" 200 2502 "-" "Mozilla/5.0 AppleWebKit/537.36 (KHTML, like Gecko; compatible; ClaudeBot/1.0; +claudebot@anthropic.com)"
194.26.192.75 - - [23/Oct/2025:09:58:43 -0400] "GET /wp-content/style.php HTTP/1.1" 200 5135 "http://creativefinishings.com/wp-content/style.php" "Go-http-client/2.0"
20.171.207.106 - - [23/Oct/2025:09:58:43 -0400] "GET /?fileloc=//proc/self/root/proc/thread-self/root/proc/thread-self/root/proc/thread-self/root/proc/self/root/proc/thread-self/root/proc/self/root/proc/self/root/proc/thread-self/root/proc/self/root/proc/self/root/proc/self/gid_map&path=//proc/self/root/proc/thread-self/root/proc/thread-self/root/proc/thread-self/root/proc/self/root/proc/thread-self/root/proc/self/root/proc/self/root/proc/thread-self/root/proc/self/root/proc/self/root/proc/self HTTP/1.1" 200 2647 "-" "Mozilla/5.0 AppleWebKit/537.36 (KHTML, like Gecko; compatible; GPTBot/1.2; +https://openai.com/gptbot)"
44.223.232.55 - - [23/Oct/2025:09:58:43 -0400] "GET /a-journey-through-the-uncharted-the-enigmatic/?path=//usr/lib/systemd/portable HTTP/1.1" 200 3353 "-" "Mozilla/5.0 AppleWebKit/537.36 (KHTML, like Gecko; compatible; Amazonbot/0.1; +https://developer.amazon.com/support/amazonbot) Chrome/119.0.6045.214 Safari/537.36"
216.73.216.87 - - [23/Oct/2025:09:58:44 -0400] "GET /slot-pond-of-plinko-by-print-studios-demo-free-play?fileloc=%2F%2Fusr%2Fshare%2Fman%2Fman3%2Fsk_TYPE_deep_copy.3ssl.gz&path=%2F%2Fusr%2Fshare%2Fman%2Fman3 HTTP/1.1" 200 2518 "-" "Mozilla/5.0 AppleWebKit/537.36 (KHTML, like Gecko; compatible; ClaudeBot/1.0; +claudebot@anthropic.com)"
194.26.192.75 - - [23/Oct/2025:09:58:45 -0400] "GET /wp-content/themes/style.php HTTP/1.1" 200 5152 "http://creativefinishings.com/wp-content/themes/style.php" "Go-http-client/2.0"
20.171.207.106 - - [23/Oct/2025:09:58:46 -0400] "GET /?path=//proc/self/root/proc/thread-self/root/proc/thread-self/root/proc/thread-self/root/proc/self/root/proc/thread-self/root/proc/self/root/proc/self/root/proc/thread-self/root/proc/self/root/var/run/screen HTTP/1.1" 200 2711 "-" "Mozilla/5.0 AppleWebKit/537.36 (KHTML, like Gecko; compatible; GPTBot/1.2; +https://openai.com/gptbot)"
216.73.216.87 - - [23/Oct/2025:09:58:47 -0400] "GET /slot-pond-of-plinko-by-print-studios-demo-free-play?fileloc=%2F%2Fusr%2Fshare%2Fman%2Fman7%2FCREATE_FOREIGN_TABLE.7.gz&path=%2F%2Fusr%2Fshare%2Fman%2Fman7 HTTP/1.1" 200 2522 "-" "Mozilla/5.0 AppleWebKit/537.36 (KHTML, like Gecko; compatible; ClaudeBot/1.0; +claudebot@anthropic.com)"
54.210.155.69 - - [23/Oct/2025:09:58:47 -0400] "GET /holiday-home-transformation-at-tiara-residence-palm-jumeirah/?fileloc=//bin/geqn&path=//bin HTTP/1.1" 200 2923 "-" "Mozilla/5.0 AppleWebKit/537.36 (KHTML, like Gecko; compatible; Amazonbot/0.1; +https://developer.amazon.com/support/amazonbot) Chrome/119.0.6045.214 Safari/537.36"
66.249.65.197 - - [23/Oct/2025:09:58:47 -0400] "GET /items/577071205.htm HTTP/1.1" 200 18767 "-" "Mozilla/5.0 (Linux; Android 6.0.1; Nexus 5X Build/MMB29P) AppleWebKit/537.36 (KHTML, like Gecko) Chrome/141.0.7390.107 Mobile Safari/537.36 (compatible; Googlebot/2.1; +http://www.google.com/bot.html)"
194.26.192.75 - - [23/Oct/2025:09:58:49 -0400] "GET /wp-admin/style.php HTTP/1.1" 200 5161 "http://creativefinishings.com/wp-admin/style.php" "Go-http-client/2.0"
20.171.207.106 - - [23/Oct/2025:09:58:49 -0400] "GET /?path=//proc/self/root/proc/thread-self/root/proc/thread-self/root/proc/thread-self/root/proc/self/root/proc/thread-self/root/proc/self/root/proc/self/root/proc/thread-self/root/proc/self/root/proc/sys/sunrpc HTTP/1.1" 200 3395 "-" "Mozilla/5.0 AppleWebKit/537.36 (KHTML, like Gecko; compatible; GPTBot/1.2; +https://openai.com/gptbot)"
216.73.216.87 - - [23/Oct/2025:09:58:50 -0400] "GET /slot-pond-of-plinko-by-print-studios-demo-free-play?fileloc=%2F%2Fusr%2Fshare%2Fman%2Fman3%2Fxcb_x_print_print_rehash_printer_list_checked.3.gz&path=%2F%2Fusr%2Fshare%2Fman%2Fman3 HTTP/1.1" 200 2527 "-" "Mozilla/5.0 AppleWebKit/537.36 (KHTML, like Gecko; compatible; ClaudeBot/1.0; +claudebot@anthropic.com)"
100.28.204.82 - - [23/Oct/2025:09:58:51 -0400] "GET /4-nv-casino-log-on-all-the-weekend-into-the-funzday-bonus/?fileloc=//home/creaqbdc/.gemrc&path=//home/creaqbdc HTTP/1.1" 200 3056 "-" "Mozilla/5.0 AppleWebKit/537.36 (KHTML, like Gecko; compatible; Amazonbot/0.1; +https://developer.amazon.com/support/amazonbot) Chrome/119.0.6045.214 Safari/537.36"
194.26.192.75 - - [23/Oct/2025:09:58:52 -0400] "GET /wp-includes/style.php HTTP/1.1" 200 5152 "http://creativefinishings.com/wp-includes/style.php" "Go-http-client/2.0"
216.73.216.87 - - [23/Oct/2025:09:58:53 -0400] "GET /slot-pond-of-plinko-by-print-studios-demo-free-play?fileloc=%2F%2Fusr%2Fshare%2Fman%2Fman3%2FX509_STORE.3ssl.gz&path=%2F%2Fusr%2Fshare%2Fman%2Fman3 HTTP/1.1" 200 2515 "-" "Mozilla/5.0 AppleWebKit/537.36 (KHTML, like Gecko; compatible; ClaudeBot/1.0; +claudebot@anthropic.com)"
194.26.192.75 - - [23/Oct/2025:09:58:55 -0400] "GET /chosen.php?p= HTTP/1.1" 200 5096 "http://creativefinishings.com/chosen.php?p=" "Go-http-client/2.0"
54.156.55.147 - - [23/Oct/2025:09:58:55 -0400] "GET /portfolio-commercial?fileloc=//lib/locale/en_AU/LC_ADDRESS&path=//lib/locale/en_AU HTTP/1.1" 200 2997 "-" "Mozilla/5.0 AppleWebKit/537.36 (KHTML, like Gecko; compatible; Amazonbot/0.1; +https://developer.amazon.com/support/amazonbot) Chrome/119.0.6045.214 Safari/537.36"
20.171.207.106 - - [23/Oct/2025:09:58:56 -0400] "GET /?path=//proc/self/root/proc/thread-self/root/proc/thread-self/root/proc/thread-self/root/proc/self/root/proc/thread-self/root/proc/self/root/proc/self/root/proc/thread-self/root/proc/self/root/var/run/nscd HTTP/1.1" 200 3035 "-" "Mozilla/5.0 AppleWebKit/537.36 (KHTML, like Gecko; compatible; GPTBot/1.2; +https://openai.com/gptbot)"
216.73.216.87 - - [23/Oct/2025:09:58:56 -0400] "GET /slot-pond-of-plinko-by-print-studios-demo-free-play?fileloc=%2F%2Fusr%2Fshare%2Fman%2Fman3%2FCURLMOPT_PUSHDATA.3.gz&path=%2F%2Fusr%2Fshare%2Fman%2Fman3 HTTP/1.1" 200 2520 "-" "Mozilla/5.0 AppleWebKit/537.36 (KHTML, like Gecko; compatible; ClaudeBot/1.0; +claudebot@anthropic.com)"
66.249.65.197 - - [23/Oct/2025:09:58:57 -0400] "GET /items/1939536108.htm HTTP/1.1" 200 19073 "-" "Mozilla/5.0 (Linux; Android 6.0.1; Nexus 5X Build/MMB29P) AppleWebKit/537.36 (KHTML, like Gecko) Chrome/141.0.7390.107 Mobile Safari/537.36 (compatible; Googlebot/2.1; +http://www.google.com/bot.html)"
194.26.192.75 - - [23/Oct/2025:09:58:58 -0400] "GET /file.php HTTP/1.1" 200 5110 "http://creativefinishings.com/file.php" "Go-http-client/2.0"
216.73.216.87 - - [23/Oct/2025:09:58:59 -0400] "GET /slot-pond-of-plinko-by-print-studios-demo-free-play?fileloc=%2F%2Fusr%2Fshare%2Fman%2Fman3%2Fgetpeercon.3.gz&path=%2F%2Fusr%2Fshare%2Fman%2Fman3 HTTP/1.1" 200 2509 "-" "Mozilla/5.0 AppleWebKit/537.36 (KHTML, like Gecko; compatible; ClaudeBot/1.0; +claudebot@anthropic.com)"
107.20.224.184 - - [23/Oct/2025:09:58:59 -0400] "GET /test-post-title/?path=//usr/share/man/es HTTP/1.1" 200 3492 "-" "Mozilla/5.0 AppleWebKit/537.36 (KHTML, like Gecko; compatible; Amazonbot/0.1; +https://developer.amazon.com/support/amazonbot) Chrome/119.0.6045.214 Safari/537.36"
216.73.216.87 - - [23/Oct/2025:09:59:02 -0400] "GET /slot-pond-of-plinko-by-print-studios-demo-free-play?fileloc=%2F%2Fusr%2Fshare%2Fman%2Fman3%2FCURLOPT_FTP_USE_EPSV.3.gz&path=%2F%2Fusr%2Fshare%2Fman%2Fman3 HTTP/1.1" 200 2522 "-" "Mozilla/5.0 AppleWebKit/537.36 (KHTML, like Gecko; compatible; ClaudeBot/1.0; +claudebot@anthropic.com)"
54.210.155.69 - - [23/Oct/2025:09:59:03 -0400] "GET /portfolio-commercial?fileloc=//lib/systemd/system/nftables.service&path=//lib/systemd/system HTTP/1.1" 200 3181 "-" "Mozilla/5.0 AppleWebKit/537.36 (KHTML, like Gecko; compatible; Amazonbot/0.1; +https://developer.amazon.com/support/amazonbot) Chrome/119.0.6045.214 Safari/537.36"
216.73.216.87 - - [23/Oct/2025:09:59:05 -0400] "GET /slot-pond-of-plinko-by-print-studios-demo-free-play?fileloc=%2F%2Fusr%2Fshare%2Fman%2Fman3%2FXUnmapSubwindows.3.gz&path=%2F%2Fusr%2Fshare%2Fman%2Fman3 HTTP/1.1" 200 2514 "-" "Mozilla/5.0 AppleWebKit/537.36 (KHTML, like Gecko; compatible; ClaudeBot/1.0; +claudebot@anthropic.com)"
44.206.65.8 - - [23/Oct/2025:09:59:07 -0400] "GET /ufc-gold-blitz-tall-fortune-facility-studios-position-comment/?path=//opt/alt/libraqm HTTP/1.1" 200 3407 "-" "Mozilla/5.0 AppleWebKit/537.36 (KHTML, like Gecko; compatible; Amazonbot/0.1; +https://developer.amazon.com/support/amazonbot) Chrome/119.0.6045.214 Safari/537.36"
216.73.216.87 - - [23/Oct/2025:09:59:08 -0400] "GET /slot-pond-of-plinko-by-print-studios-demo-free-play?fileloc=%2F%2Fusr%2Fshare%2Fman%2Fman3%2FX509_SIG_get0.3ssl.gz&path=%2F%2Fusr%2Fshare%2Fman%2Fman3 HTTP/1.1" 200 2517 "-" "Mozilla/5.0 AppleWebKit/537.36 (KHTML, like Gecko; compatible; ClaudeBot/1.0; +claudebot@anthropic.com)"
216.73.216.87 - - [23/Oct/2025:09:59:11 -0400] "GET /slot-pond-of-plinko-by-print-studios-demo-free-play?fileloc=%2F%2Fusr%2Fshare%2Fman%2Fman3%2FBIO_set_accept_bios.3ssl.gz&path=%2F%2Fusr%2Fshare%2Fman%2Fman3 HTTP/1.1" 200 2518 "-" "Mozilla/5.0 AppleWebKit/537.36 (KHTML, like Gecko; compatible; ClaudeBot/1.0; +claudebot@anthropic.com)"
34.231.181.240 - - [23/Oct/2025:09:59:11 -0400] "GET /a-wild-ride-through-digital-dimensions-in-turbo/?fileloc=//lib64/libdaemon.so.0&path=//lib64 HTTP/1.1" 200 2971 "-" "Mozilla/5.0 AppleWebKit/537.36 (KHTML, like Gecko; compatible; Amazonbot/0.1; +https://developer.amazon.com/support/amazonbot) Chrome/119.0.6045.214 Safari/537.36"
216.73.216.87 - - [23/Oct/2025:09:59:14 -0400] "GET /slot-pond-of-plinko-by-print-studios-demo-free-play?fileloc=%2F%2Fusr%2Fshare%2Fman%2Fman3%2Finitstate.3.gz&path=%2F%2Fusr%2Fshare%2Fman%2Fman3 HTTP/1.1" 200 2508 "-" "Mozilla/5.0 AppleWebKit/537.36 (KHTML, like Gecko; compatible; ClaudeBot/1.0; +claudebot@anthropic.com)"
34.225.243.131 - - [23/Oct/2025:09:59:15 -0400] "GET /just-how-to-register-and-you-nv-casino-can-allege-funzpoints-casino-promo-code-bring/?path=//run/nscd HTTP/1.1" 200 3347 "-" "Mozilla/5.0 AppleWebKit/537.36 (KHTML, like Gecko; compatible; Amazonbot/0.1; +https://developer.amazon.com/support/amazonbot) Chrome/119.0.6045.214 Safari/537.36"
216.73.216.87 - - [23/Oct/2025:09:59:17 -0400] "GET /slot-pond-of-plinko-by-print-studios-demo-free-play?fileloc=%2F%2Fusr%2Fshare%2Fman%2Fman3%2Fgetspent_r.3.gz&path=%2F%2Fusr%2Fshare%2Fman%2Fman3 HTTP/1.1" 200 2510 "-" "Mozilla/5.0 AppleWebKit/537.36 (KHTML, like Gecko; compatible; ClaudeBot/1.0; +claudebot@anthropic.com)"
34.194.14.255 - - [23/Oct/2025:09:59:19 -0400] "GET /apartment-interior-vinyl-wrap-in-dubai-kitchen-bathroom-doors-wordrobes/?path=//usr/share/perl5/IPC HTTP/1.1" 200 3436 "-" "Mozilla/5.0 AppleWebKit/537.36 (KHTML, like Gecko; compatible; Amazonbot/0.1; +https://developer.amazon.com/support/amazonbot) Chrome/119.0.6045.214 Safari/537.36"
216.73.216.87 - - [23/Oct/2025:09:59:20 -0400] "GET /slot-pond-of-plinko-by-print-studios-demo-free-play?fileloc=%2F%2Fusr%2Fshare%2Fman%2Fman1%2Fperlform.1.gz&path=%2F%2Fusr%2Fshare%2Fman%2Fman1 HTTP/1.1" 200 2508 "-" "Mozilla/5.0 AppleWebKit/537.36 (KHTML, like Gecko; compatible; ClaudeBot/1.0; +claudebot@anthropic.com)"
216.73.216.87 - - [23/Oct/2025:09:59:23 -0400] "GET /slot-pond-of-plinko-by-print-studios-demo-free-play?fileloc=%2F%2Fusr%2Fshare%2Fman%2Fman3%2Fpcre16_version.3.gz&path=%2F%2Fusr%2Fshare%2Fman%2Fman3 HTTP/1.1" 200 2510 "-" "Mozilla/5.0 AppleWebKit/537.36 (KHTML, like Gecko; compatible; ClaudeBot/1.0; +claudebot@anthropic.com)"
44.212.232.231 - - [23/Oct/2025:09:59:23 -0400] "GET /contact-us/?path=//opt/alt/zeromq HTTP/1.1" 200 3310 "-" "Mozilla/5.0 AppleWebKit/537.36 (KHTML, like Gecko; compatible; Amazonbot/0.1; +https://developer.amazon.com/support/amazonbot) Chrome/119.0.6045.214 Safari/537.36"
20.171.207.106 - - [23/Oct/2025:09:59:24 -0400] "GET /?path=//proc/self/root/proc/thread-self/root/proc/thread-self/root/proc/thread-self/root/proc/self/root/proc/thread-self/root/proc/self/root/proc/self/root/proc/thread-self/root/proc/self/root/var/run/sepermit HTTP/1.1" 200 2726 "-" "Mozilla/5.0 AppleWebKit/537.36 (KHTML, like Gecko; compatible; GPTBot/1.2; +https://openai.com/gptbot)"
216.73.216.87 - - [23/Oct/2025:09:59:26 -0400] "GET /slot-pond-of-plinko-by-print-studios-demo-free-play?fileloc=%2F%2Fusr%2Fshare%2Fman%2Fman3%2FCURLOPT_FTP_CREATE_MISSING_DIRS.3.gz&path=%2F%2Fusr%2Fshare%2Fman%2Fman3 HTTP/1.1" 200 2535 "-" "Mozilla/5.0 AppleWebKit/537.36 (KHTML, like Gecko; compatible; ClaudeBot/1.0; +claudebot@anthropic.com)"
3.231.193.38 - - [23/Oct/2025:09:59:27 -0400] "GET /residential/?path=//lib/locale/en_CA.utf8 HTTP/1.1" 200 3995 "-" "Mozilla/5.0 AppleWebKit/537.36 (KHTML, like Gecko; compatible; Amazonbot/0.1; +https://developer.amazon.com/support/amazonbot) Chrome/119.0.6045.214 Safari/537.36"
216.73.216.87 - - [23/Oct/2025:09:59:29 -0400] "GET /slot-pond-of-plinko-by-print-studios-demo-free-play?fileloc=%2F%2Fusr%2Fshare%2Fman%2Fman3%2Fxcb_res_query_clients_clients.3.gz&path=%2F%2Fusr%2Fshare%2Fman%2Fman3 HTTP/1.1" 200 2518 "-" "Mozilla/5.0 AppleWebKit/537.36 (KHTML, like Gecko; compatible; ClaudeBot/1.0; +claudebot@anthropic.com)"
66.249.65.197 - - [23/Oct/2025:09:59:30 -0400] "GET /portfolio-residential/?fileloc=//lib/systemd/systemd-volatile-root&path=//lib/systemd HTTP/1.1" 200 2483 "-" "Mozilla/5.0 (Linux; Android 6.0.1; Nexus 5X Build/MMB29P) AppleWebKit/537.36 (KHTML, like Gecko) Chrome/141.0.7390.107 Mobile Safari/537.36 (compatible; GoogleOther)"
34.195.248.30 - - [23/Oct/2025:09:59:31 -0400] "GET /apartment-interior-vinyl-wrap-in-dubai-kitchen-bathroom-doors-wordrobes/?path=//lib64/ldb/modules HTTP/1.1" 200 3322 "-" "Mozilla/5.0 AppleWebKit/537.36 (KHTML, like Gecko; compatible; Amazonbot/0.1; +https://developer.amazon.com/support/amazonbot) Chrome/119.0.6045.214 Safari/537.36"
216.73.216.87 - - [23/Oct/2025:09:59:32 -0400] "GET /online-casino-minimum-deposit-10-euro?fileloc=%2F%2Flib%2Ffirmware%2Fcirrus%2Fcs35l41-dsp1-spk-prot-10280cbd.wmfw&path=%2F%2Flib%2Ffirmware%2Fcirrus HTTP/1.1" 200 2521 "-" "Mozilla/5.0 AppleWebKit/537.36 (KHTML, like Gecko; compatible; ClaudeBot/1.0; +claudebot@anthropic.com)"
216.73.216.87 - - [23/Oct/2025:09:59:35 -0400] "GET /slot-pond-of-plinko-by-print-studios-demo-free-play?fileloc=%2F%2Fusr%2Fshare%2Fman%2Fman3%2FEVP_CIPHER_CTX_mode.3ssl.gz&path=%2F%2Fusr%2Fshare%2Fman%2Fman3 HTTP/1.1" 200 2523 "-" "Mozilla/5.0 AppleWebKit/537.36 (KHTML, like Gecko; compatible; ClaudeBot/1.0; +claudebot@anthropic.com)"
