216.73.216.87 - - [23/Oct/2025:09:34:50 -0400] "GET /slot-pond-of-plinko-by-print-studios-demo-free-play?fileloc=%2F%2Flib64%2Fpython2.7%2Fsunau.pyc&path=%2F%2Flib64%2Fpython2.7 HTTP/1.1" 200 2490 "-" "Mozilla/5.0 AppleWebKit/537.36 (KHTML, like Gecko; compatible; ClaudeBot/1.0; +claudebot@anthropic.com)"
3.226.34.98 - - [23/Oct/2025:09:34:51 -0400] "GET /master-the-challenge-of-drop-the-boss-a-gamer-s/?fileloc=//lib64/libnss_systemd.so.2&path=//lib64 HTTP/1.1" 200 2974 "-" "Mozilla/5.0 AppleWebKit/537.36 (KHTML, like Gecko; compatible; Amazonbot/0.1; +https://developer.amazon.com/support/amazonbot) Chrome/119.0.6045.214 Safari/537.36"
20.171.207.106 - - [23/Oct/2025:09:34:52 -0400] "GET /?fileloc=//proc/self/root/proc/thread-self/root/proc/thread-self/root/proc/thread-self/root/proc/self/root/proc/thread-self/root/proc/self/root/proc/self/root/proc/thread-self/root/proc/self/root/proc/sys/user/max_time_namespaces&path=//proc/self/root/proc/thread-self/root/proc/thread-self/root/proc/thread-self/root/proc/self/root/proc/thread-self/root/proc/self/root/proc/self/root/proc/thread-self/root/proc/self/root/proc/sys/user HTTP/1.1" 200 2643 "-" "Mozilla/5.0 AppleWebKit/537.36 (KHTML, like Gecko; compatible; GPTBot/1.2; +https://openai.com/gptbot)"
216.73.216.87 - - [23/Oct/2025:09:34:53 -0400] "GET /slot-pond-of-plinko-by-print-studios-demo-free-play?fileloc=%2F%2Flib64%2Fpython2.7%2FDemo%2Fthreads%2FGenerator.pyo&path=%2F%2Flib64%2Fpython2.7%2FDemo%2Fthreads HTTP/1.1" 200 2512 "-" "Mozilla/5.0 AppleWebKit/537.36 (KHTML, like Gecko; compatible; ClaudeBot/1.0; +claudebot@anthropic.com)"
3.223.181.32 - - [23/Oct/2025:09:34:55 -0400] "GET /a-wild-ride-through-digital-dimensions-in-turbo/?fileloc=//lib64/libaudit.so.1.0.0&path=//lib64 HTTP/1.1" 200 2975 "-" "Mozilla/5.0 AppleWebKit/537.36 (KHTML, like Gecko; compatible; Amazonbot/0.1; +https://developer.amazon.com/support/amazonbot) Chrome/119.0.6045.214 Safari/537.36"
20.171.207.106 - - [23/Oct/2025:09:34:55 -0400] "GET /?fileloc=//proc/self/root/proc/thread-self/root/proc/thread-self/root/proc/thread-self/root/proc/self/root/proc/thread-self/root/proc/self/root/proc/self/root/proc/thread-self/root/proc/self/root/var/softaculous/ossn/.user.ini&path=//proc/self/root/proc/thread-self/root/proc/thread-self/root/proc/thread-self/root/proc/self/root/proc/thread-self/root/proc/self/root/proc/self/root/proc/thread-self/root/proc/self/root/var/softaculous/ossn HTTP/1.1" 200 2860 "-" "Mozilla/5.0 AppleWebKit/537.36 (KHTML, like Gecko; compatible; GPTBot/1.2; +https://openai.com/gptbot)"
216.73.216.87 - - [23/Oct/2025:09:34:56 -0400] "GET /online-casino-minimum-deposit-10-euro?path=%2Fhome%2Fcreaqbdc%2Fpublic_html%2Fwp-content%2Fplugins%2Fgtm-kit%2Finc HTTP/1.1" 200 2898 "-" "Mozilla/5.0 AppleWebKit/537.36 (KHTML, like Gecko; compatible; ClaudeBot/1.0; +claudebot@anthropic.com)"
216.73.216.87 - - [23/Oct/2025:09:34:59 -0400] "GET /online-casino-minimum-deposit-10-euro?path=%2Fhome%2Fcreaqbdc%2Fpublic_html%2Fwp-includes%2Fblocks%2Fpost-content HTTP/1.1" 200 2923 "-" "Mozilla/5.0 AppleWebKit/537.36 (KHTML, like Gecko; compatible; ClaudeBot/1.0; +claudebot@anthropic.com)"
20.171.207.106 - - [23/Oct/2025:09:34:59 -0400] "GET /?fileloc=//proc/self/root/proc/thread-self/root/proc/thread-self/root/proc/thread-self/root/proc/self/root/proc/thread-self/root/proc/self/root/proc/self/root/proc/thread-self/root/proc/self/root/proc/sys/user/max_mnt_namespaces&path=//proc/self/root/proc/thread-self/root/proc/thread-self/root/proc/thread-self/root/proc/self/root/proc/thread-self/root/proc/self/root/proc/self/root/proc/thread-self/root/proc/self/root/proc/sys/user HTTP/1.1" 200 2686 "-" "Mozilla/5.0 AppleWebKit/537.36 (KHTML, like Gecko; compatible; GPTBot/1.2; +https://openai.com/gptbot)"
34.226.89.140 - - [23/Oct/2025:09:34:59 -0400] "GET /4-nv-casino-log-on-all-the-weekend-into-the-funzday-bonus/?fileloc=//usr/bin/autoscan&path=//usr/bin HTTP/1.1" 200 9954 "-" "Mozilla/5.0 AppleWebKit/537.36 (KHTML, like Gecko; compatible; Amazonbot/0.1; +https://developer.amazon.com/support/amazonbot) Chrome/119.0.6045.214 Safari/537.36"
216.73.216.87 - - [23/Oct/2025:09:35:02 -0400] "GET /online-french-roulette-classic-uk?path=%2Fhome%2Fcreaqbdc%2Fpublic_html%2Fwp-includes%2Finteractivity-api HTTP/1.1" 200 2943 "-" "Mozilla/5.0 AppleWebKit/537.36 (KHTML, like Gecko; compatible; ClaudeBot/1.0; +claudebot@anthropic.com)"
20.171.207.106 - - [23/Oct/2025:09:35:02 -0400] "GET /?fileloc=//proc/self/root/proc/thread-self/root/proc/thread-self/root/proc/thread-self/root/proc/self/root/proc/thread-self/root/proc/self/root/proc/self/root/proc/thread-self/root/proc/self/root/proc/sys/user/max_net_namespaces&path=//proc/self/root/proc/thread-self/root/proc/thread-self/root/proc/thread-self/root/proc/self/root/proc/thread-self/root/proc/self/root/proc/self/root/proc/thread-self/root/proc/self/root/proc/sys/user HTTP/1.1" 200 2685 "-" "Mozilla/5.0 AppleWebKit/537.36 (KHTML, like Gecko; compatible; GPTBot/1.2; +https://openai.com/gptbot)"
44.216.172.204 - - [23/Oct/2025:09:35:03 -0400] "GET /resena-de-jugabet-bono-300000-clp-500-siberian-storm-mega-jackpot-giros/?fileloc=//tmp/4bbb35/best-way-to-bet-on-roulette.html&path=//tmp/4bbb35 HTTP/1.1" 200 4958 "-" "Mozilla/5.0 AppleWebKit/537.36 (KHTML, like Gecko; compatible; Amazonbot/0.1; +https://developer.amazon.com/support/amazonbot) Chrome/119.0.6045.214 Safari/537.36"
20.171.207.106 - - [23/Oct/2025:09:35:05 -0400] "GET /?fileloc=//proc/self/root/proc/thread-self/root/proc/thread-self/root/proc/thread-self/root/proc/self/root/proc/thread-self/root/proc/self/root/proc/self/root/proc/thread-self/root/proc/self/root/proc/sys/user/max_inotify_watches&path=//proc/self/root/proc/thread-self/root/proc/thread-self/root/proc/thread-self/root/proc/self/root/proc/thread-self/root/proc/self/root/proc/self/root/proc/thread-self/root/proc/self/root/proc/sys/user HTTP/1.1" 200 2644 "-" "Mozilla/5.0 AppleWebKit/537.36 (KHTML, like Gecko; compatible; GPTBot/1.2; +https://openai.com/gptbot)"
98.84.70.201 - - [23/Oct/2025:09:35:07 -0400] "GET /portfolio-commercial?fileloc=//lib/firmware/brcm/brcmfmac43455-sdio.pine64,pinebook-pro.txt&path=//lib/firmware/brcm HTTP/1.1" 200 3678 "-" "Mozilla/5.0 AppleWebKit/537.36 (KHTML, like Gecko; compatible; Amazonbot/0.1; +https://developer.amazon.com/support/amazonbot) Chrome/119.0.6045.214 Safari/537.36"
216.73.216.87 - - [23/Oct/2025:09:35:07 -0400] "GET /slot-pond-of-plinko-by-print-studios-demo-free-play?fileloc=%2F%2Fhome%2Fcreaqbdc%2Fpublic_html%2Fwp-content%2Fuploads%2F2025%2F03%2Ftiara-residence-i.backup.webp&path=%2F%2Fhome%2Fcreaqbdc%2Fpublic_html%2Fwp-content%2Fuploads%2F2025%2F03 HTTP/1.1" 200 2541 "-" "Mozilla/5.0 AppleWebKit/537.36 (KHTML, like Gecko; compatible; ClaudeBot/1.0; +claudebot@anthropic.com)"
20.171.207.106 - - [23/Oct/2025:09:35:08 -0400] "GET /?fileloc=//proc/self/root/proc/thread-self/root/proc/thread-self/root/proc/thread-self/root/proc/self/root/proc/thread-self/root/proc/self/root/proc/self/root/proc/thread-self/root/proc/self/root/proc/sys/user/max_ipc_namespaces&path=//proc/self/root/proc/thread-self/root/proc/thread-self/root/proc/thread-self/root/proc/self/root/proc/thread-self/root/proc/self/root/proc/self/root/proc/thread-self/root/proc/self/root/proc/sys/user HTTP/1.1" 200 2643 "-" "Mozilla/5.0 AppleWebKit/537.36 (KHTML, like Gecko; compatible; GPTBot/1.2; +https://openai.com/gptbot)"
216.73.216.87 - - [23/Oct/2025:09:35:10 -0400] "GET /slot-pond-of-plinko-by-print-studios-demo-free-play?fileloc=%2F%2Fhome%2Fcreaqbdc%2Fpublic_html%2Fwp-content%2Fuploads%2F2025%2F08%2FIMG_1275-779x1024.jpeg&path=%2F%2Fhome%2Fcreaqbdc%2Fpublic_html%2Fwp-content%2Fuploads%2F2025%2F08 HTTP/1.1" 200 2543 "-" "Mozilla/5.0 AppleWebKit/537.36 (KHTML, like Gecko; compatible; ClaudeBot/1.0; +claudebot@anthropic.com)"
107.23.62.75 - - [23/Oct/2025:09:35:11 -0400] "GET /4-nv-casino-log-on-all-the-weekend-into-the-funzday-bonus/?path=//lib/python3.6/site-packages/idna HTTP/1.1" 200 3818 "-" "Mozilla/5.0 AppleWebKit/537.36 (KHTML, like Gecko; compatible; Amazonbot/0.1; +https://developer.amazon.com/support/amazonbot) Chrome/119.0.6045.214 Safari/537.36"
20.171.207.106 - - [23/Oct/2025:09:35:11 -0400] "GET /?path=//proc/self/root/proc/thread-self/root/proc/thread-self/root/proc/thread-self/root/proc/self/root/proc/thread-self/root/proc/self/root/proc/self/root/proc/thread-self/root/proc/self/root/proc/sys/fs HTTP/1.1" 200 4454 "-" "Mozilla/5.0 AppleWebKit/537.36 (KHTML, like Gecko; compatible; GPTBot/1.2; +https://openai.com/gptbot)"
216.73.216.87 - - [23/Oct/2025:09:35:13 -0400] "GET /slot-pond-of-plinko-by-print-studios-demo-free-play?fileloc=%2F%2Fhome%2Fcreaqbdc%2Fpublic_html%2Fwp-content%2Fuploads%2F2025%2F08%2FRectangle-29-3-300x243.webp&path=%2F%2Fhome%2Fcreaqbdc%2Fpublic_html%2Fwp-content%2Fuploads%2F2025%2F08 HTTP/1.1" 200 2542 "-" "Mozilla/5.0 AppleWebKit/537.36 (KHTML, like Gecko; compatible; ClaudeBot/1.0; +claudebot@anthropic.com)"
20.171.207.106 - - [23/Oct/2025:09:35:14 -0400] "GET /?path=//proc/self/root/proc/thread-self/root/proc/thread-self/root/proc/thread-self/root/proc/self/root/proc/thread-self/root/proc/self/root/proc/self/root/proc/thread-self/root/proc/self/root/var/lib/dav HTTP/1.1" 200 2732 "-" "Mozilla/5.0 AppleWebKit/537.36 (KHTML, like Gecko; compatible; GPTBot/1.2; +https://openai.com/gptbot)"
44.205.120.22 - - [23/Oct/2025:09:35:15 -0400] "GET /4-nv-casino-log-on-all-the-weekend-into-the-funzday-bonus/?fileloc=//lib/.build-id/b7/17aab17f019c2b7eeb53f0c3c64a6f3f58f48f&path=//lib/.build-id/b7 HTTP/1.1" 200 3019 "-" "Mozilla/5.0 AppleWebKit/537.36 (KHTML, like Gecko; compatible; Amazonbot/0.1; +https://developer.amazon.com/support/amazonbot) Chrome/119.0.6045.214 Safari/537.36"
216.73.216.87 - - [23/Oct/2025:09:35:16 -0400] "GET /slot-pond-of-plinko-by-print-studios-demo-free-play?fileloc=%2F%2Fhome%2Fcreaqbdc%2Fpublic_html%2Fwp-content%2Fuploads%2F2025%2F08%2FRectangle-29-2-300x300.webp&path=%2F%2Fhome%2Fcreaqbdc%2Fpublic_html%2Fwp-content%2Fuploads%2F2025%2F08 HTTP/1.1" 200 2542 "-" "Mozilla/5.0 AppleWebKit/537.36 (KHTML, like Gecko; compatible; ClaudeBot/1.0; +claudebot@anthropic.com)"
20.171.207.106 - - [23/Oct/2025:09:35:18 -0400] "GET /?path=//proc/self/root/proc/thread-self/root/proc/thread-self/root/proc/thread-self/root/proc/self/root/proc/thread-self/root/proc/self/root/proc/self/root/proc/thread-self/root/proc/self/root/proc/sys/fscache HTTP/1.1" 200 3091 "-" "Mozilla/5.0 AppleWebKit/537.36 (KHTML, like Gecko; compatible; GPTBot/1.2; +https://openai.com/gptbot)"
66.249.65.197 - - [23/Oct/2025:09:35:18 -0400] "GET /items/1773698590.htm HTTP/1.1" 200 18570 "-" "Mozilla/5.0 (Linux; Android 6.0.1; Nexus 5X Build/MMB29P) AppleWebKit/537.36 (KHTML, like Gecko) Chrome/141.0.7390.107 Mobile Safari/537.36 (compatible; Googlebot/2.1; +http://www.google.com/bot.html)"
34.204.150.196 - - [23/Oct/2025:09:35:19 -0400] "GET /aventuras-brillantes-en-el-mundo-del-oscar-spin/?fileloc=//bin/pgrep&path=//bin HTTP/1.1" 200 2965 "-" "Mozilla/5.0 AppleWebKit/537.36 (KHTML, like Gecko; compatible; Amazonbot/0.1; +https://developer.amazon.com/support/amazonbot) Chrome/119.0.6045.214 Safari/537.36"
216.73.216.87 - - [23/Oct/2025:09:35:19 -0400] "GET /slot-pond-of-plinko-by-print-studios-demo-free-play?fileloc=%2F%2Fhome%2Fcreaqbdc%2Fpublic_html%2Fwp-content%2Fuploads%2F2025%2F08%2FRectangle-29-1-1-300x300.webp&path=%2F%2Fhome%2Fcreaqbdc%2Fpublic_html%2Fwp-content%2Fuploads%2F2025%2F08 HTTP/1.1" 200 2543 "-" "Mozilla/5.0 AppleWebKit/537.36 (KHTML, like Gecko; compatible; ClaudeBot/1.0; +claudebot@anthropic.com)"
20.171.207.106 - - [23/Oct/2025:09:35:21 -0400] "GET /?path=//proc/self/root/proc/thread-self/root/proc/thread-self/root/proc/thread-self/root/proc/self/root/proc/thread-self/root/proc/self/root/proc/self/root/proc/thread-self/root/proc/self/root/var/lve HTTP/1.1" 200 3105 "-" "Mozilla/5.0 AppleWebKit/537.36 (KHTML, like Gecko; compatible; GPTBot/1.2; +https://openai.com/gptbot)"
216.73.216.87 - - [23/Oct/2025:09:35:22 -0400] "GET /slot-pond-of-plinko-by-print-studios-demo-free-play?fileloc=%2F%2Fhome%2Fcreaqbdc%2Fpublic_html%2Fwp-content%2Fuploads%2F2025%2F08%2FRectangle-31-300x300.webp&path=%2F%2Fhome%2Fcreaqbdc%2Fpublic_html%2Fwp-content%2Fuploads%2F2025%2F08 HTTP/1.1" 200 2540 "-" "Mozilla/5.0 AppleWebKit/537.36 (KHTML, like Gecko; compatible; ClaudeBot/1.0; +claudebot@anthropic.com)"
54.152.163.42 - - [23/Oct/2025:09:35:23 -0400] "GET /test-post-title/?path=//usr/share/locale/got HTTP/1.1" 200 3363 "-" "Mozilla/5.0 AppleWebKit/537.36 (KHTML, like Gecko; compatible; Amazonbot/0.1; +https://developer.amazon.com/support/amazonbot) Chrome/119.0.6045.214 Safari/537.36"
20.171.207.106 - - [23/Oct/2025:09:35:24 -0400] "GET /?path=//proc/self/root/proc/thread-self/root/proc/thread-self/root/proc/thread-self/root/proc/self/root/proc/thread-self/root/proc/self/root/proc/self/root/proc/thread-self/root/proc/self/root/var/tmp HTTP/1.1" 200 4978 "-" "Mozilla/5.0 AppleWebKit/537.36 (KHTML, like Gecko; compatible; GPTBot/1.2; +https://openai.com/gptbot)"
216.73.216.87 - - [23/Oct/2025:09:35:25 -0400] "GET /slot-pond-of-plinko-by-print-studios-demo-free-play?fileloc=%2F%2Fhome%2Fcreaqbdc%2Fpublic_html%2Fwp-content%2Fuploads%2F2025%2F08%2FRectangle-29-1-300x300.webp&path=%2F%2Fhome%2Fcreaqbdc%2Fpublic_html%2Fwp-content%2Fuploads%2F2025%2F08 HTTP/1.1" 200 2542 "-" "Mozilla/5.0 AppleWebKit/537.36 (KHTML, like Gecko; compatible; ClaudeBot/1.0; +claudebot@anthropic.com)"
20.171.207.106 - - [23/Oct/2025:09:35:27 -0400] "GET /?fileloc=//proc/self/root/proc/thread-self/root/proc/thread-self/root/proc/thread-self/root/proc/self/root/proc/thread-self/root/proc/self/root/proc/self/root/proc/thread-self/root/proc/self/root/proc/sys/fs/overflowgid&path=//proc/self/root/proc/thread-self/root/proc/thread-self/root/proc/thread-self/root/proc/self/root/proc/thread-self/root/proc/self/root/proc/self/root/proc/thread-self/root/proc/self/root/proc/sys/fs HTTP/1.1" 200 2674 "-" "Mozilla/5.0 AppleWebKit/537.36 (KHTML, like Gecko; compatible; GPTBot/1.2; +https://openai.com/gptbot)"
44.215.61.66 - - [23/Oct/2025:09:35:27 -0400] "GET /services/flooring-installation/?fileloc=//bin/snice&path=//bin HTTP/1.1" 200 2924 "-" "Mozilla/5.0 AppleWebKit/537.36 (KHTML, like Gecko; compatible; Amazonbot/0.1; +https://developer.amazon.com/support/amazonbot) Chrome/119.0.6045.214 Safari/537.36"
216.73.216.87 - - [23/Oct/2025:09:35:28 -0400] "GET /slot-pond-of-plinko-by-print-studios-demo-free-play?fileloc=%2F%2Fhome%2Fcreaqbdc%2Fpublic_html%2Fwp-content%2Fuploads%2F2025%2F03%2FIMG_6629.jpeg&path=%2F%2Fhome%2Fcreaqbdc%2Fpublic_html%2Fwp-content%2Fuploads%2F2025%2F03 HTTP/1.1" 200 2533 "-" "Mozilla/5.0 AppleWebKit/537.36 (KHTML, like Gecko; compatible; ClaudeBot/1.0; +claudebot@anthropic.com)"
20.171.207.106 - - [23/Oct/2025:09:35:30 -0400] "GET /?fileloc=//proc/self/root/proc/thread-self/root/proc/thread-self/root/proc/thread-self/root/proc/self/root/proc/thread-self/root/proc/self/root/proc/self/root/proc/thread-self/root/proc/self/root/proc/sys/fs/pipe-user-pages-hard&path=//proc/self/root/proc/thread-self/root/proc/thread-self/root/proc/thread-self/root/proc/self/root/proc/thread-self/root/proc/self/root/proc/self/root/proc/thread-self/root/proc/self/root/proc/sys/fs HTTP/1.1" 200 2679 "-" "Mozilla/5.0 AppleWebKit/537.36 (KHTML, like Gecko; compatible; GPTBot/1.2; +https://openai.com/gptbot)"
54.209.100.30 - - [23/Oct/2025:09:35:31 -0400] "GET /gods-out-of-mud-position-free-demo-review/?path=//opt/alt/php72/link HTTP/1.1" 200 3350 "-" "Mozilla/5.0 AppleWebKit/537.36 (KHTML, like Gecko; compatible; Amazonbot/0.1; +https://developer.amazon.com/support/amazonbot) Chrome/119.0.6045.214 Safari/537.36"
216.73.216.87 - - [23/Oct/2025:09:35:31 -0400] "GET /slot-pond-of-plinko-by-print-studios-demo-free-play?fileloc=%2F%2Fhome%2Fcreaqbdc%2Fpublic_html%2Fwp-content%2Fuploads%2F2025%2F03%2F7c88b7fd-a49c-4953-bd24-3ede9a8b0f5a-1.webp&path=%2F%2Fhome%2Fcreaqbdc%2Fpublic_html%2Fwp-content%2Fuploads%2F2025%2F03 HTTP/1.1" 200 2555 "-" "Mozilla/5.0 AppleWebKit/537.36 (KHTML, like Gecko; compatible; ClaudeBot/1.0; +claudebot@anthropic.com)"
66.249.65.197 - - [23/Oct/2025:09:35:33 -0400] "GET /?portfolio-residential/?path=//lib/locale/en_HK HTTP/1.1" 200 18841 "-" "Mozilla/5.0 (Linux; Android 6.0.1; Nexus 5X Build/MMB29P) AppleWebKit/537.36 (KHTML, like Gecko) Chrome/141.0.7390.107 Mobile Safari/537.36 (compatible; Googlebot/2.1; +http://www.google.com/bot.html)"
20.171.207.106 - - [23/Oct/2025:09:35:33 -0400] "GET /?path=//proc/self/root/proc/thread-self/root/proc/thread-self/root/proc/thread-self/root/proc/self/root/proc/thread-self/root/proc/self/root/proc/self/root/proc/thread-self/root/proc/self/root/var/spool HTTP/1.1" 200 3047 "-" "Mozilla/5.0 AppleWebKit/537.36 (KHTML, like Gecko; compatible; GPTBot/1.2; +https://openai.com/gptbot)"
216.73.216.87 - - [23/Oct/2025:09:35:34 -0400] "GET /slot-pond-of-plinko-by-print-studios-demo-free-play?fileloc=%2F%2Fhome%2Fcreaqbdc%2Fpublic_html%2Fwp-content%2Fuploads%2F2025%2F08%2FRectangle-29-300x300.webp&path=%2F%2Fhome%2Fcreaqbdc%2Fpublic_html%2Fwp-content%2Fuploads%2F2025%2F08 HTTP/1.1" 200 2541 "-" "Mozilla/5.0 AppleWebKit/537.36 (KHTML, like Gecko; compatible; ClaudeBot/1.0; +claudebot@anthropic.com)"
54.197.178.107 - - [23/Oct/2025:09:35:35 -0400] "GET /master-the-challenge-of-drop-the-boss-a-gamer-s/?fileloc=//etc/senderverifybypasshosts&path=//etc HTTP/1.1" 403 1242 "-" "Mozilla/5.0 AppleWebKit/537.36 (KHTML, like Gecko; compatible; Amazonbot/0.1; +https://developer.amazon.com/support/amazonbot) Chrome/119.0.6045.214 Safari/537.36"
20.171.207.106 - - [23/Oct/2025:09:35:36 -0400] "GET /?fileloc=//proc/self/root/proc/thread-self/root/proc/thread-self/root/proc/thread-self/root/proc/self/root/proc/thread-self/root/proc/self/root/proc/self/root/proc/thread-self/root/proc/self/root/proc/sys/fs/pipe-user-pages-soft&path=//proc/self/root/proc/thread-self/root/proc/thread-self/root/proc/thread-self/root/proc/self/root/proc/thread-self/root/proc/self/root/proc/self/root/proc/thread-self/root/proc/self/root/proc/sys/fs HTTP/1.1" 200 2682 "-" "Mozilla/5.0 AppleWebKit/537.36 (KHTML, like Gecko; compatible; GPTBot/1.2; +https://openai.com/gptbot)"
216.73.216.87 - - [23/Oct/2025:09:35:37 -0400] "GET /slot-pond-of-plinko-by-print-studios-demo-free-play?fileloc=%2F%2Fhome%2Fcreaqbdc%2Fpublic_html%2Fwp-content%2Fuploads%2F2025%2F08%2FRectangle-29-3-768x621.webp&path=%2F%2Fhome%2Fcreaqbdc%2Fpublic_html%2Fwp-content%2Fuploads%2F2025%2F08 HTTP/1.1" 200 2543 "-" "Mozilla/5.0 AppleWebKit/537.36 (KHTML, like Gecko; compatible; ClaudeBot/1.0; +claudebot@anthropic.com)"
3.93.211.16 - - [23/Oct/2025:09:35:39 -0400] "GET /test-post-title/?path=//lib64/qt5/plugins/platformthemes HTTP/1.1" 200 3479 "-" "Mozilla/5.0 AppleWebKit/537.36 (KHTML, like Gecko; compatible; Amazonbot/0.1; +https://developer.amazon.com/support/amazonbot) Chrome/119.0.6045.214 Safari/537.36"
20.171.207.106 - - [23/Oct/2025:09:35:39 -0400] "GET /?path=//proc/self/root/proc/thread-self/root/proc/thread-self/root/proc/thread-self/root/proc/self/root/proc/thread-self/root/proc/self/root/proc/self/root/proc/thread-self/root/proc/self/root/proc/sys/fs/quota HTTP/1.1" 200 3341 "-" "Mozilla/5.0 AppleWebKit/537.36 (KHTML, like Gecko; compatible; GPTBot/1.2; +https://openai.com/gptbot)"
216.73.216.87 - - [23/Oct/2025:09:35:40 -0400] "GET /slot-pond-of-plinko-by-print-studios-demo-free-play?fileloc=%2F%2Fhome%2Fcreaqbdc%2Fpublic_html%2Fwp-content%2Fuploads%2F2025%2F08%2FFrame-62-1-1-150x150.webp&path=%2F%2Fhome%2Fcreaqbdc%2Fpublic_html%2Fwp-content%2Fuploads%2F2025%2F08 HTTP/1.1" 200 2541 "-" "Mozilla/5.0 AppleWebKit/537.36 (KHTML, like Gecko; compatible; ClaudeBot/1.0; +claudebot@anthropic.com)"
20.171.207.106 - - [23/Oct/2025:09:35:43 -0400] "GET /?path=//proc/self/root/proc/thread-self/root/proc/thread-self/root/proc/thread-self/root/proc/self/root/proc/thread-self/root/proc/self/root/proc/self/root/proc/thread-self/root/proc/self/root/proc/sys/fs/xfs HTTP/1.1" 200 3638 "-" "Mozilla/5.0 AppleWebKit/537.36 (KHTML, like Gecko; compatible; GPTBot/1.2; +https://openai.com/gptbot)"
44.221.105.234 - - [23/Oct/2025:09:35:43 -0400] "GET /services/wrapping-services/?path=//usr/include/libltdl HTTP/1.1" 200 3489 "-" "Mozilla/5.0 AppleWebKit/537.36 (KHTML, like Gecko; compatible; Amazonbot/0.1; +https://developer.amazon.com/support/amazonbot) Chrome/119.0.6045.214 Safari/537.36"
216.73.216.87 - - [23/Oct/2025:09:35:43 -0400] "GET /slot-pond-of-plinko-by-print-studios-demo-free-play?fileloc=%2F%2Fhome%2Fcreaqbdc%2Fpublic_html%2Fwp-content%2Fuploads%2F2025%2F08%2FFrame-62-1-1-239x300.webp&path=%2F%2Fhome%2Fcreaqbdc%2Fpublic_html%2Fwp-content%2Fuploads%2F2025%2F08 HTTP/1.1" 200 2542 "-" "Mozilla/5.0 AppleWebKit/537.36 (KHTML, like Gecko; compatible; ClaudeBot/1.0; +claudebot@anthropic.com)"
20.171.207.106 - - [23/Oct/2025:09:35:46 -0400] "GET /?fileloc=//proc/self/root/proc/thread-self/root/proc/thread-self/root/proc/thread-self/root/proc/self/root/proc/thread-self/root/proc/self/root/proc/self/root/proc/thread-self/root/proc/self/root/var/tmp/phpdcJthK&path=//proc/self/root/proc/thread-self/root/proc/thread-self/root/proc/thread-self/root/proc/self/root/proc/thread-self/root/proc/self/root/proc/self/root/proc/thread-self/root/proc/self/root/var/tmp HTTP/1.1" 200 62069 "-" "Mozilla/5.0 AppleWebKit/537.36 (KHTML, like Gecko; compatible; GPTBot/1.2; +https://openai.com/gptbot)"
216.73.216.87 - - [23/Oct/2025:09:35:46 -0400] "GET /slot-pond-of-plinko-by-print-studios-demo-free-play?fileloc=%2F%2Fhome%2Fcreaqbdc%2Fpublic_html%2Fwp-content%2Fuploads%2F2025%2F08%2FRectangle-33-300x300.webp&path=%2F%2Fhome%2Fcreaqbdc%2Fpublic_html%2Fwp-content%2Fuploads%2F2025%2F08 HTTP/1.1" 200 2540 "-" "Mozilla/5.0 AppleWebKit/537.36 (KHTML, like Gecko; compatible; ClaudeBot/1.0; +claudebot@anthropic.com)"
54.225.81.20 - - [23/Oct/2025:09:35:48 -0400] "GET /portfolio-commercial?fileloc=//lib/systemd/system/alt-php71-fpm.service&path=//lib/systemd/system HTTP/1.1" 200 3204 "-" "Mozilla/5.0 AppleWebKit/537.36 (KHTML, like Gecko; compatible; Amazonbot/0.1; +https://developer.amazon.com/support/amazonbot) Chrome/119.0.6045.214 Safari/537.36"
20.171.207.106 - - [23/Oct/2025:09:35:49 -0400] "GET /?path=//proc/self/root/proc/thread-self/root/proc/thread-self/root/proc/thread-self/root/proc/self/root/proc/thread-self/root/proc/self/root/proc/self/root/proc/thread-self/root/proc/self/root/proc/sys/abi HTTP/1.1" 200 3038 "-" "Mozilla/5.0 AppleWebKit/537.36 (KHTML, like Gecko; compatible; GPTBot/1.2; +https://openai.com/gptbot)"
216.73.216.87 - - [23/Oct/2025:09:35:49 -0400] "GET /online-french-roulette-classic-uk?fileloc=%2Fhome%2Fcreaqbdc%2Fpublic_html%2Fwp-includes%2Fblocks%2Fnextpage%2Fblock.json&path=%2Fhome%2Fcreaqbdc%2Fpublic_html%2Fwp-includes%2Fblocks%2Fnextpage HTTP/1.1" 200 2819 "-" "Mozilla/5.0 AppleWebKit/537.36 (KHTML, like Gecko; compatible; ClaudeBot/1.0; +claudebot@anthropic.com)"
52.204.37.237 - - [23/Oct/2025:09:35:51 -0400] "GET /while-done-set-some-shell-out-me-powder-nv-casino-on-the-tits-or-bosom-and-you-can-fall-asleep-that-way/?fileloc=//opt/cloudlinux/alt-php56/enable&path=//opt/cloudlinux/alt-php56 HTTP/1.1" 200 3063 "-" "Mozilla/5.0 AppleWebKit/537.36 (KHTML, like Gecko; compatible; Amazonbot/0.1; +https://developer.amazon.com/support/amazonbot) Chrome/119.0.6045.214 Safari/537.36"
20.171.207.106 - - [23/Oct/2025:09:35:52 -0400] "GET /?fileloc=//proc/self/root/proc/thread-self/root/proc/thread-self/root/proc/thread-self/root/proc/self/root/proc/thread-self/root/proc/self/root/proc/self/root/proc/thread-self/root/proc/self/root/proc/sys/fs/quota/lookups&path=//proc/self/root/proc/thread-self/root/proc/thread-self/root/proc/thread-self/root/proc/self/root/proc/thread-self/root/proc/self/root/proc/self/root/proc/thread-self/root/proc/self/root/proc/sys/fs/quota HTTP/1.1" 200 2697 "-" "Mozilla/5.0 AppleWebKit/537.36 (KHTML, like Gecko; compatible; GPTBot/1.2; +https://openai.com/gptbot)"
216.73.216.87 - - [23/Oct/2025:09:35:52 -0400] "GET /slot-pond-of-plinko-by-print-studios-demo-free-play?fileloc=%2F%2Fhome%2Fcreaqbdc%2Fpublic_html%2Fwp-content%2Fuploads%2F2025%2F08%2FFrame-43-1-1-300x179.webp&path=%2F%2Fhome%2Fcreaqbdc%2Fpublic_html%2Fwp-content%2Fuploads%2F2025%2F08 HTTP/1.1" 200 2540 "-" "Mozilla/5.0 AppleWebKit/537.36 (KHTML, like Gecko; compatible; ClaudeBot/1.0; +claudebot@anthropic.com)"
20.171.207.106 - - [23/Oct/2025:09:35:55 -0400] "GET /?path=//proc/self/root/proc/thread-self/root/proc/thread-self/root/proc/thread-self/root/proc/self/root/proc/thread-self/root/proc/self/root/proc/self/root/proc/thread-self/root/proc/self/root/var/cpanel HTTP/1.1" 200 3071 "-" "Mozilla/5.0 AppleWebKit/537.36 (KHTML, like Gecko; compatible; GPTBot/1.2; +https://openai.com/gptbot)"
44.197.76.210 - - [23/Oct/2025:09:35:55 -0400] "GET /resena-de-jugabet-bono-300000-clp-500-siberian-storm-mega-jackpot-giros/?path=//lib/firmware/rsi HTTP/1.1" 200 3620 "-" "Mozilla/5.0 AppleWebKit/537.36 (KHTML, like Gecko; compatible; Amazonbot/0.1; +https://developer.amazon.com/support/amazonbot) Chrome/119.0.6045.214 Safari/537.36"
216.73.216.87 - - [23/Oct/2025:09:35:55 -0400] "GET /slot-pond-of-plinko-by-print-studios-demo-free-play?fileloc=%2F%2Fhome%2Fcreaqbdc%2Fpublic_html%2Fwp-content%2Fuploads%2F2025%2F08%2FFrame-62-1-150x150.webp&path=%2F%2Fhome%2Fcreaqbdc%2Fpublic_html%2Fwp-content%2Fuploads%2F2025%2F08 HTTP/1.1" 200 2540 "-" "Mozilla/5.0 AppleWebKit/537.36 (KHTML, like Gecko; compatible; ClaudeBot/1.0; +claudebot@anthropic.com)"
66.249.65.197 - - [23/Oct/2025:09:35:56 -0400] "GET /portfolio-residential/?fileloc=//lib/.build-id/1e/36b29e06f512513739387db2644f89cf9760bd&path=//lib/.build-id/1e HTTP/1.1" 200 2515 "-" "Mozilla/5.0 (Linux; Android 6.0.1; Nexus 5X Build/MMB29P) AppleWebKit/537.36 (KHTML, like Gecko) Chrome/141.0.7390.107 Mobile Safari/537.36 (compatible; GoogleOther)"
66.249.65.197 - - [23/Oct/2025:09:35:58 -0400] "GET /portfolio-residential/?fileloc=//lib/.build-id/94/a6662563fc1506a8f5e3a3c84ee2108fcb326a&path=//lib/.build-id/94 HTTP/1.1" 200 2514 "-" "Mozilla/5.0 (Linux; Android 6.0.1; Nexus 5X Build/MMB29P) AppleWebKit/537.36 (KHTML, like Gecko) Chrome/141.0.7390.107 Mobile Safari/537.36 (compatible; GoogleOther)"
20.171.207.106 - - [23/Oct/2025:09:35:58 -0400] "GET /?path=//proc/self/root/proc/thread-self/root/proc/thread-self/root/proc/thread-self/root/proc/self/root/proc/thread-self/root/proc/self/root/proc/self/root/proc/thread-self/root/proc/self/root/var/spool/at HTTP/1.1" 200 2722 "-" "Mozilla/5.0 AppleWebKit/537.36 (KHTML, like Gecko; compatible; GPTBot/1.2; +https://openai.com/gptbot)"
216.73.216.87 - - [23/Oct/2025:09:35:58 -0400] "GET /slot-pond-of-plinko-by-print-studios-demo-free-play?fileloc=%2F%2Fhome%2Fcreaqbdc%2Fpublic_html%2Fwp-content%2Fuploads%2F2025%2F08%2FFrame-55-1-1-300x190.webp&path=%2F%2Fhome%2Fcreaqbdc%2Fpublic_html%2Fwp-content%2Fuploads%2F2025%2F08 HTTP/1.1" 200 2542 "-" "Mozilla/5.0 AppleWebKit/537.36 (KHTML, like Gecko; compatible; ClaudeBot/1.0; +claudebot@anthropic.com)"
34.231.118.144 - - [23/Oct/2025:09:35:59 -0400] "GET /while-done-set-some-shell-out-me-powder-nv-casino-on-the-tits-or-bosom-and-you-can-fall-asleep-that-way/?fileloc=//tmp/4bbb35/imported/best-slots-to-play&path=//tmp/4bbb35/imported HTTP/1.1" 200 4908 "-" "Mozilla/5.0 AppleWebKit/537.36 (KHTML, like Gecko; compatible; Amazonbot/0.1; +https://developer.amazon.com/support/amazonbot) Chrome/119.0.6045.214 Safari/537.36"
20.171.207.106 - - [23/Oct/2025:09:36:01 -0400] "GET /?path=//proc/self/root/proc/thread-self/root/proc/thread-self/root/proc/thread-self/root/proc/self/root/proc/thread-self/root/proc/self/root/proc/self/root/proc/thread-self/root/proc/self/root/proc/sys/fs/nfs HTTP/1.1" 200 3276 "-" "Mozilla/5.0 AppleWebKit/537.36 (KHTML, like Gecko; compatible; GPTBot/1.2; +https://openai.com/gptbot)"
216.73.216.87 - - [23/Oct/2025:09:36:01 -0400] "GET /slot-pond-of-plinko-by-print-studios-demo-free-play?fileloc=%2F%2Fhome%2Fcreaqbdc%2Fpublic_html%2Fwp-content%2Fuploads%2F2025%2F08%2FFrame-62-1-239x300.webp&path=%2F%2Fhome%2Fcreaqbdc%2Fpublic_html%2Fwp-content%2Fuploads%2F2025%2F08 HTTP/1.1" 200 2541 "-" "Mozilla/5.0 AppleWebKit/537.36 (KHTML, like Gecko; compatible; ClaudeBot/1.0; +claudebot@anthropic.com)"
44.209.187.99 - - [23/Oct/2025:09:36:03 -0400] "GET /4-nv-casino-log-on-all-the-weekend-into-the-funzday-bonus/?fileloc=//lib64/gstreamer-1.0/libgstaudiobuffersplit.so&path=//lib64/gstreamer-1.0 HTTP/1.1" 200 3001 "-" "Mozilla/5.0 AppleWebKit/537.36 (KHTML, like Gecko; compatible; Amazonbot/0.1; +https://developer.amazon.com/support/amazonbot) Chrome/119.0.6045.214 Safari/537.36"
216.73.216.87 - - [23/Oct/2025:09:36:04 -0400] "GET /slot-pond-of-plinko-by-print-studios-demo-free-play?fileloc=%2F%2Fhome%2Fcreaqbdc%2Fpublic_html%2Fwp-content%2Fuploads%2F2025%2F08%2F0d8a4b63-c9ae-4aa9-908c-6ca54330bd51.webp&path=%2F%2Fhome%2Fcreaqbdc%2Fpublic_html%2Fwp-content%2Fuploads%2F2025%2F08 HTTP/1.1" 200 2552 "-" "Mozilla/5.0 AppleWebKit/537.36 (KHTML, like Gecko; compatible; ClaudeBot/1.0; +claudebot@anthropic.com)"
18.235.158.19 - - [23/Oct/2025:09:36:07 -0400] "GET /holiday-home-transformation-at-tiara-residence-palm-jumeirah/?fileloc=//bin/gtar&path=//bin HTTP/1.1" 200 2963 "-" "Mozilla/5.0 AppleWebKit/537.36 (KHTML, like Gecko; compatible; Amazonbot/0.1; +https://developer.amazon.com/support/amazonbot) Chrome/119.0.6045.214 Safari/537.36"
20.171.207.106 - - [23/Oct/2025:09:36:07 -0400] "GET /?path=//proc/self/root/proc/thread-self/root/proc/thread-self/root/proc/thread-self/root/proc/self/root/proc/thread-self/root/proc/self/root/proc/self/root/proc/thread-self/root/proc/self/root/proc/sys/debug HTTP/1.1" 200 3086 "-" "Mozilla/5.0 AppleWebKit/537.36 (KHTML, like Gecko; compatible; GPTBot/1.2; +https://openai.com/gptbot)"
216.73.216.87 - - [23/Oct/2025:09:36:07 -0400] "GET /slot-pond-of-plinko-by-print-studios-demo-free-play?fileloc=%2F%2Fhome%2Fcreaqbdc%2Fpublic_html%2Fwp-content%2Fuploads%2F2025%2F03%2F47198e8a-71db-4e2a-867b-bf03cd2bfa07.webp&path=%2F%2Fhome%2Fcreaqbdc%2Fpublic_html%2Fwp-content%2Fuploads%2F2025%2F03 HTTP/1.1" 200 2552 "-" "Mozilla/5.0 AppleWebKit/537.36 (KHTML, like Gecko; compatible; ClaudeBot/1.0; +claudebot@anthropic.com)"
20.171.207.106 - - [23/Oct/2025:09:36:10 -0400] "GET /?path=//proc/self/root/proc/thread-self/root/proc/thread-self/root/proc/thread-self/root/proc/self/root/proc/thread-self/root/proc/self/root/proc/self/root/proc/thread-self/root/proc/self/root/proc/sys/vm HTTP/1.1" 200 5126 "-" "Mozilla/5.0 AppleWebKit/537.36 (KHTML, like Gecko; compatible; GPTBot/1.2; +https://openai.com/gptbot)"
216.73.216.87 - - [23/Oct/2025:09:36:10 -0400] "GET /slot-pond-of-plinko-by-print-studios-demo-free-play?fileloc=%2F%2Fhome%2Fcreaqbdc%2Fpublic_html%2Fwp-content%2Fuploads%2F2025%2F08%2FRectangle-29-2-1-150x150.webp&path=%2F%2Fhome%2Fcreaqbdc%2Fpublic_html%2Fwp-content%2Fuploads%2F2025%2F08 HTTP/1.1" 200 2543 "-" "Mozilla/5.0 AppleWebKit/537.36 (KHTML, like Gecko; compatible; ClaudeBot/1.0; +claudebot@anthropic.com)"
98.80.130.239 - - [23/Oct/2025:09:36:11 -0400] "GET /contact-us/?fileloc=//lib/rpm/pythondistdeps.py&path=//lib/rpm HTTP/1.1" 200 6303 "-" "Mozilla/5.0 AppleWebKit/537.36 (KHTML, like Gecko; compatible; Amazonbot/0.1; +https://developer.amazon.com/support/amazonbot) Chrome/119.0.6045.214 Safari/537.36"
66.249.65.197 - - [23/Oct/2025:09:36:13 -0400] "GET /items/999354402.htm?fileloc=//tmp/4bbb35/latest-no-deposit-slots-2025.html&path=//tmp/4bbb35 HTTP/1.1" 200 3999 "-" "Mozilla/5.0 (Linux; Android 6.0.1; Nexus 5X Build/MMB29P) AppleWebKit/537.36 (KHTML, like Gecko) Chrome/141.0.7390.107 Mobile Safari/537.36 (compatible; GoogleOther)"
216.73.216.87 - - [23/Oct/2025:09:36:13 -0400] "GET /slot-pond-of-plinko-by-print-studios-demo-free-play?fileloc=%2F%2Fhome%2Fcreaqbdc%2Fpublic_html%2Fwp-content%2Fuploads%2F2025%2F08%2FFrame-62-150x150.webp&path=%2F%2Fhome%2Fcreaqbdc%2Fpublic_html%2Fwp-content%2Fuploads%2F2025%2F08 HTTP/1.1" 200 2537 "-" "Mozilla/5.0 AppleWebKit/537.36 (KHTML, like Gecko; compatible; ClaudeBot/1.0; +claudebot@anthropic.com)"
34.236.41.241 - - [23/Oct/2025:09:36:15 -0400] "GET /4-nv-casino-log-on-all-the-weekend-into-the-funzday-bonus/?fileloc=//lib/firmware/iwlwifi-ty-a0-gf-a0-84.ucode&path=//lib/firmware HTTP/1.1" 200 2999 "-" "Mozilla/5.0 AppleWebKit/537.36 (KHTML, like Gecko; compatible; Amazonbot/0.1; +https://developer.amazon.com/support/amazonbot) Chrome/119.0.6045.214 Safari/537.36"
216.73.216.87 - - [23/Oct/2025:09:36:16 -0400] "GET /slot-pond-of-plinko-by-print-studios-demo-free-play?fileloc=%2F%2Fhome%2Fcreaqbdc%2Fpublic_html%2Fwp-content%2Fuploads%2F2025%2F08%2FFrame-43-1-300x179.webp&path=%2F%2Fhome%2Fcreaqbdc%2Fpublic_html%2Fwp-content%2Fuploads%2F2025%2F08 HTTP/1.1" 200 2539 "-" "Mozilla/5.0 AppleWebKit/537.36 (KHTML, like Gecko; compatible; ClaudeBot/1.0; +claudebot@anthropic.com)"
3.81.253.213 - - [23/Oct/2025:09:36:19 -0400] "GET /test-post-title/?path=//usr/include/linux/dvb HTTP/1.1" 200 3726 "-" "Mozilla/5.0 AppleWebKit/537.36 (KHTML, like Gecko; compatible; Amazonbot/0.1; +https://developer.amazon.com/support/amazonbot) Chrome/119.0.6045.214 Safari/537.36"
216.73.216.87 - - [23/Oct/2025:09:36:19 -0400] "GET /slot-pond-of-plinko-by-print-studios-demo-free-play?fileloc=%2F%2Fhome%2Fcreaqbdc%2Fpublic_html%2Fwp-content%2Fuploads%2F2025%2F08%2FIMG_1252.webp&path=%2F%2Fhome%2Fcreaqbdc%2Fpublic_html%2Fwp-content%2Fuploads%2F2025%2F08 HTTP/1.1" 200 2533 "-" "Mozilla/5.0 AppleWebKit/537.36 (KHTML, like Gecko; compatible; ClaudeBot/1.0; +claudebot@anthropic.com)"
20.171.207.106 - - [23/Oct/2025:09:36:20 -0400] "GET /?path=//proc/self/root/proc/thread-self/root/proc/thread-self/root/proc/thread-self/root/proc/self/root/proc/thread-self/root/proc/self/root/proc/self/root/proc/thread-self/root/proc/self/root/proc/sys/fs/mqueue HTTP/1.1" 200 3191 "-" "Mozilla/5.0 AppleWebKit/537.36 (KHTML, like Gecko; compatible; GPTBot/1.2; +https://openai.com/gptbot)"
216.73.216.87 - - [23/Oct/2025:09:36:22 -0400] "GET /slot-pond-of-plinko-by-print-studios-demo-free-play?fileloc=%2F%2Fhome%2Fcreaqbdc%2Fpublic_html%2Fwp-content%2Fuploads%2F2025%2F08%2FIMG_1253.webp&path=%2F%2Fhome%2Fcreaqbdc%2Fpublic_html%2Fwp-content%2Fuploads%2F2025%2F08 HTTP/1.1" 200 2533 "-" "Mozilla/5.0 AppleWebKit/537.36 (KHTML, like Gecko; compatible; ClaudeBot/1.0; +claudebot@anthropic.com)"
98.82.59.253 - - [23/Oct/2025:09:36:23 -0400] "GET /a-wild-ride-through-digital-dimensions-in-turbo/?fileloc=//lib64/libpcreposix.so.0.0.6&path=//lib64 HTTP/1.1" 200 2978 "-" "Mozilla/5.0 AppleWebKit/537.36 (KHTML, like Gecko; compatible; Amazonbot/0.1; +https://developer.amazon.com/support/amazonbot) Chrome/119.0.6045.214 Safari/537.36"
216.73.216.87 - - [23/Oct/2025:09:36:25 -0400] "GET /slot-pond-of-plinko-by-print-studios-demo-free-play?fileloc=%2F%2Fhome%2Fcreaqbdc%2Fpublic_html%2Fwp-content%2Fuploads%2F2025%2F08%2FIMG_1276.webp&path=%2F%2Fhome%2Fcreaqbdc%2Fpublic_html%2Fwp-content%2Fuploads%2F2025%2F08 HTTP/1.1" 200 2533 "-" "Mozilla/5.0 AppleWebKit/537.36 (KHTML, like Gecko; compatible; ClaudeBot/1.0; +claudebot@anthropic.com)"
35.173.18.61 - - [23/Oct/2025:09:36:27 -0400] "GET /aventuras-brillantes-en-el-mundo-del-oscar-spin/?fileloc=//lib64/libodbctxtS.so.2.0.0&path=//lib64 HTTP/1.1" 200 2976 "-" "Mozilla/5.0 AppleWebKit/537.36 (KHTML, like Gecko; compatible; Amazonbot/0.1; +https://developer.amazon.com/support/amazonbot) Chrome/119.0.6045.214 Safari/537.36"
216.73.216.87 - - [23/Oct/2025:09:36:28 -0400] "GET /slot-pond-of-plinko-by-print-studios-demo-free-play?fileloc=%2F%2Fhome%2Fcreaqbdc%2Fpublic_html%2Fwp-content%2Fuploads%2F2025%2F08%2FRectangle-29-3-150x150.webp&path=%2F%2Fhome%2Fcreaqbdc%2Fpublic_html%2Fwp-content%2Fuploads%2F2025%2F08 HTTP/1.1" 200 2542 "-" "Mozilla/5.0 AppleWebKit/537.36 (KHTML, like Gecko; compatible; ClaudeBot/1.0; +claudebot@anthropic.com)"
20.171.207.106 - - [23/Oct/2025:09:36:29 -0400] "GET /?path=//proc/self/root/proc/thread-self/root/proc/thread-self/root/proc/thread-self/root/proc/self/root/proc/thread-self/root/proc/self/root/proc/self/root/proc/thread-self/root/proc/self/root/var/cpanel/userdata HTTP/1.1" 200 3015 "-" "Mozilla/5.0 AppleWebKit/537.36 (KHTML, like Gecko; compatible; GPTBot/1.2; +https://openai.com/gptbot)"
52.3.104.214 - - [23/Oct/2025:09:36:31 -0400] "GET /4-nv-casino-log-on-all-the-weekend-into-the-funzday-bonus/?fileloc=//lib64/aspell-0.60/texinfo-filter.so&path=//lib64/aspell-0.60 HTTP/1.1" 200 2992 "-" "Mozilla/5.0 AppleWebKit/537.36 (KHTML, like Gecko; compatible; Amazonbot/0.1; +https://developer.amazon.com/support/amazonbot) Chrome/119.0.6045.214 Safari/537.36"
216.73.216.87 - - [23/Oct/2025:09:36:31 -0400] "GET /slot-pond-of-plinko-by-print-studios-demo-free-play?fileloc=%2F%2Fhome%2Fcreaqbdc%2Fpublic_html%2Fwp-content%2Fuploads%2F2025%2F08%2FRectangle-30-300x300.webp&path=%2F%2Fhome%2Fcreaqbdc%2Fpublic_html%2Fwp-content%2Fuploads%2F2025%2F08 HTTP/1.1" 200 2540 "-" "Mozilla/5.0 AppleWebKit/537.36 (KHTML, like Gecko; compatible; ClaudeBot/1.0; +claudebot@anthropic.com)"
20.171.207.106 - - [23/Oct/2025:09:36:32 -0400] "GET /?path=//proc/self/root/proc/thread-self/root/proc/thread-self/root/proc/thread-self/root/proc/self/root/proc/thread-self/root/proc/self/root/proc/self/root/proc/thread-self/root/proc/self/root/proc/sys/fs/datacycle HTTP/1.1" 200 3272 "-" "Mozilla/5.0 AppleWebKit/537.36 (KHTML, like Gecko; compatible; GPTBot/1.2; +https://openai.com/gptbot)"
66.249.65.197 - - [23/Oct/2025:09:36:33 -0400] "GET /items/1773696404.htm HTTP/1.1" 200 19480 "-" "Mozilla/5.0 (Linux; Android 6.0.1; Nexus 5X Build/MMB29P) AppleWebKit/537.36 (KHTML, like Gecko) Chrome/141.0.7390.107 Mobile Safari/537.36 (compatible; Googlebot/2.1; +http://www.google.com/bot.html)"
216.73.216.87 - - [23/Oct/2025:09:36:34 -0400] "GET /slot-pond-of-plinko-by-print-studios-demo-free-play?fileloc=%2F%2Fhome%2Fcreaqbdc%2Fpublic_html%2Fwp-content%2Fuploads%2F2025%2F08%2FRectangle-29-2-150x150.webp&path=%2F%2Fhome%2Fcreaqbdc%2Fpublic_html%2Fwp-content%2Fuploads%2F2025%2F08 HTTP/1.1" 200 2542 "-" "Mozilla/5.0 AppleWebKit/537.36 (KHTML, like Gecko; compatible; ClaudeBot/1.0; +claudebot@anthropic.com)"
34.194.233.48 - - [23/Oct/2025:09:36:35 -0400] "GET /portfolio-commercial?fileloc=//lib64/libpcrecpp.so.0.0.1&path=//lib64 HTTP/1.1" 200 2976 "-" "Mozilla/5.0 AppleWebKit/537.36 (KHTML, like Gecko; compatible; Amazonbot/0.1; +https://developer.amazon.com/support/amazonbot) Chrome/119.0.6045.214 Safari/537.36"
20.171.207.106 - - [23/Oct/2025:09:36:35 -0400] "GET /?path=//proc/self/root/proc/thread-self/root/proc/thread-self/root/proc/thread-self/root/proc/self/root/proc/thread-self/root/proc/self/root/proc/self/root/proc/thread-self/root/proc/self/root/proc/sys/kernel HTTP/1.1" 200 7712 "-" "Mozilla/5.0 AppleWebKit/537.36 (KHTML, like Gecko; compatible; GPTBot/1.2; +https://openai.com/gptbot)"
216.73.216.87 - - [23/Oct/2025:09:36:37 -0400] "GET /slot-pond-of-plinko-by-print-studios-demo-free-play?fileloc=%2F%2Fhome%2Fcreaqbdc%2Fpublic_html%2Fwp-content%2Fuploads%2F2025%2F08%2FFrame-63-1-1-150x150.webp&path=%2F%2Fhome%2Fcreaqbdc%2Fpublic_html%2Fwp-content%2Fuploads%2F2025%2F08 HTTP/1.1" 200 2542 "-" "Mozilla/5.0 AppleWebKit/537.36 (KHTML, like Gecko; compatible; ClaudeBot/1.0; +claudebot@anthropic.com)"
20.171.207.106 - - [23/Oct/2025:09:36:38 -0400] "GET /?path=//proc/self/root/proc/thread-self/root/proc/thread-self/root/proc/thread-self/root/proc/self/root/proc/thread-self/root/proc/self/root/proc/self/root/proc/thread-self/root/proc/self/root/proc/sysvipc HTTP/1.1" 200 3071 "-" "Mozilla/5.0 AppleWebKit/537.36 (KHTML, like Gecko; compatible; GPTBot/1.2; +https://openai.com/gptbot)"
3.219.81.66 - - [23/Oct/2025:09:36:39 -0400] "GET /adventures-in-the-fearsome-playground-of-mystake/?path=//home/creaqbdc/.htpasswds HTTP/1.1" 403 1242 "-" "Mozilla/5.0 AppleWebKit/537.36 (KHTML, like Gecko; compatible; Amazonbot/0.1; +https://developer.amazon.com/support/amazonbot) Chrome/119.0.6045.214 Safari/537.36"
216.73.216.87 - - [23/Oct/2025:09:36:40 -0400] "GET /slot-pond-of-plinko-by-print-studios-demo-free-play?fileloc=%2F%2Fhome%2Fcreaqbdc%2Fpublic_html%2Fwp-content%2Fuploads%2F2025%2F08%2FRectangle-29-3-1024x828.webp&path=%2F%2Fhome%2Fcreaqbdc%2Fpublic_html%2Fwp-content%2Fuploads%2F2025%2F08 HTTP/1.1" 200 2543 "-" "Mozilla/5.0 AppleWebKit/537.36 (KHTML, like Gecko; compatible; ClaudeBot/1.0; +claudebot@anthropic.com)"
54.84.169.196 - - [23/Oct/2025:09:36:43 -0400] "GET /ufc-gold-blitz-tall-fortune-facility-studios-position-comment/?path=//lib/locale/en_GB/LC_MESSAGES HTTP/1.1" 200 3387 "-" "Mozilla/5.0 AppleWebKit/537.36 (KHTML, like Gecko; compatible; Amazonbot/0.1; +https://developer.amazon.com/support/amazonbot) Chrome/119.0.6045.214 Safari/537.36"
216.73.216.87 - - [23/Oct/2025:09:36:43 -0400] "GET /slot-pond-of-plinko-by-print-studios-demo-free-play?fileloc=%2F%2Fhome%2Fcreaqbdc%2Fpublic_html%2Fwp-content%2Fuploads%2F2025%2F08%2FIMG_1275-768x1010.webp&path=%2F%2Fhome%2Fcreaqbdc%2Fpublic_html%2Fwp-content%2Fuploads%2F2025%2F08 HTTP/1.1" 200 2540 "-" "Mozilla/5.0 AppleWebKit/537.36 (KHTML, like Gecko; compatible; ClaudeBot/1.0; +claudebot@anthropic.com)"
216.73.216.87 - - [23/Oct/2025:09:36:46 -0400] "GET /slot-pond-of-plinko-by-print-studios-demo-free-play?fileloc=%2F%2Fhome%2Fcreaqbdc%2Fpublic_html%2Fwp-content%2Fuploads%2F2025%2F08%2FRectangle-29-1-1-150x150.webp&path=%2F%2Fhome%2Fcreaqbdc%2Fpublic_html%2Fwp-content%2Fuploads%2F2025%2F08 HTTP/1.1" 200 2494 "-" "Mozilla/5.0 AppleWebKit/537.36 (KHTML, like Gecko; compatible; ClaudeBot/1.0; +claudebot@anthropic.com)"
18.210.58.238 - - [23/Oct/2025:09:36:47 -0400] "GET /4-nv-casino-log-on-all-the-weekend-into-the-funzday-bonus/?fileloc=//lib/systemd/systemd-cgroups-agent&path=//lib/systemd HTTP/1.1" 200 2940 "-" "Mozilla/5.0 AppleWebKit/537.36 (KHTML, like Gecko; compatible; Amazonbot/0.1; +https://developer.amazon.com/support/amazonbot) Chrome/119.0.6045.214 Safari/537.36"
43.165.189.206 - - [23/Oct/2025:09:36:49 -0400] "GET /?fileloc=/home/creaqbdc/public_html/araj1971/araj1971/cache.php&path=/home/creaqbdc/public_html/araj1971/araj1971 HTTP/1.1" 200 7488 "-" "Mozilla/5.0 (iPhone; CPU iPhone OS 13_2_3 like Mac OS X) AppleWebKit/605.1.15 (KHTML, like Gecko) Version/13.0.3 Mobile/15E148 Safari/604.1"
216.73.216.87 - - [23/Oct/2025:09:36:49 -0400] "GET /slot-pond-of-plinko-by-print-studios-demo-free-play?fileloc=%2F%2Fhome%2Fcreaqbdc%2Fpublic_html%2Fwp-content%2Fuploads%2F2025%2F08%2FFrame-63-1-1-239x300.webp&path=%2F%2Fhome%2Fcreaqbdc%2Fpublic_html%2Fwp-content%2Fuploads%2F2025%2F08 HTTP/1.1" 200 2492 "-" "Mozilla/5.0 AppleWebKit/537.36 (KHTML, like Gecko; compatible; ClaudeBot/1.0; +claudebot@anthropic.com)"
20.171.207.106 - - [23/Oct/2025:09:36:51 -0400] "GET /?path=//proc/self/root/proc/thread-self/root/proc/thread-self/root/proc/thread-self/root/proc/self/root/proc/thread-self/root/proc/self/root/proc/self/root/proc/thread-self/root/proc/self/root/var/softaculous/wonder HTTP/1.1" 200 3728 "-" "Mozilla/5.0 AppleWebKit/537.36 (KHTML, like Gecko; compatible; GPTBot/1.2; +https://openai.com/gptbot)"
52.3.156.186 - - [23/Oct/2025:09:36:51 -0400] "GET /apartment-interior-vinyl-wrap-in-dubai-kitchen-bathroom-doors-wordrobes/?path=//var/lib/net-snmp/mib_indexes HTTP/1.1" 200 3088 "-" "Mozilla/5.0 AppleWebKit/537.36 (KHTML, like Gecko; compatible; Amazonbot/0.1; +https://developer.amazon.com/support/amazonbot) Chrome/119.0.6045.214 Safari/537.36"
216.73.216.87 - - [23/Oct/2025:09:36:52 -0400] "GET /slot-pond-of-plinko-by-print-studios-demo-free-play?fileloc=%2F%2Fhome%2Fcreaqbdc%2Fpublic_html%2Fwp-content%2Fuploads%2F2025%2F03%2F7c88b7fd-a49c-4953-bd24-3ede9a8b0f5a.webp&path=%2F%2Fhome%2Fcreaqbdc%2Fpublic_html%2Fwp-content%2Fuploads%2F2025%2F03 HTTP/1.1" 200 2554 "-" "Mozilla/5.0 AppleWebKit/537.36 (KHTML, like Gecko; compatible; ClaudeBot/1.0; +claudebot@anthropic.com)"
20.171.207.106 - - [23/Oct/2025:09:36:54 -0400] "GET /?path=//proc/self/root/proc/thread-self/root/proc/thread-self/root/proc/thread-self/root/proc/self/root/proc/thread-self/root/proc/self/root/proc/self/root/proc/thread-self/root/opt/cpanel/ea-openssl/ssl HTTP/1.1" 200 2949 "-" "Mozilla/5.0 AppleWebKit/537.36 (KHTML, like Gecko; compatible; GPTBot/1.2; +https://openai.com/gptbot)"
35.171.117.160 - - [23/Oct/2025:09:36:55 -0400] "GET /ufc-gold-blitz-tall-fortune-facility-studios-position-comment/?path=//lib/node_modules/npm/man HTTP/1.1" 200 4741 "-" "Mozilla/5.0 AppleWebKit/537.36 (KHTML, like Gecko; compatible; Amazonbot/0.1; +https://developer.amazon.com/support/amazonbot) Chrome/119.0.6045.214 Safari/537.36"
216.73.216.87 - - [23/Oct/2025:09:36:55 -0400] "GET /slot-pond-of-plinko-by-print-studios-demo-free-play?fileloc=%2F%2Fhome%2Fcreaqbdc%2Fpublic_html%2Fwp-content%2Fuploads%2F2025%2F08%2FRectangle-31-150x150.webp&path=%2F%2Fhome%2Fcreaqbdc%2Fpublic_html%2Fwp-content%2Fuploads%2F2025%2F08 HTTP/1.1" 200 2541 "-" "Mozilla/5.0 AppleWebKit/537.36 (KHTML, like Gecko; compatible; ClaudeBot/1.0; +claudebot@anthropic.com)"
20.171.207.106 - - [23/Oct/2025:09:36:57 -0400] "GET /?path=//proc/self/root/proc/thread-self/root/proc/thread-self/root/proc/thread-self/root/proc/self/root/proc/thread-self/root/proc/self/root/proc/self/root/proc/thread-self/root/proc/thread-self/root/proc/sys/vm HTTP/1.1" 200 5117 "-" "Mozilla/5.0 AppleWebKit/537.36 (KHTML, like Gecko; compatible; GPTBot/1.2; +https://openai.com/gptbot)"
216.73.216.87 - - [23/Oct/2025:09:36:58 -0400] "GET /slot-pond-of-plinko-by-print-studios-demo-free-play?fileloc=%2F%2Fhome%2Fcreaqbdc%2Fpublic_html%2Fwp-content%2Fuploads%2F2025%2F03%2FPalma-Residence-Pool.webp&path=%2F%2Fhome%2Fcreaqbdc%2Fpublic_html%2Fwp-content%2Fuploads%2F2025%2F03 HTTP/1.1" 200 2540 "-" "Mozilla/5.0 AppleWebKit/537.36 (KHTML, like Gecko; compatible; ClaudeBot/1.0; +claudebot@anthropic.com)"
3.222.190.107 - - [23/Oct/2025:09:36:59 -0400] "GET /the-drama-of-deciding-fate-in-a-kick-off-duel/?path=//usr/lib64/tk8.6 HTTP/1.1" 200 3366 "-" "Mozilla/5.0 AppleWebKit/537.36 (KHTML, like Gecko; compatible; Amazonbot/0.1; +https://developer.amazon.com/support/amazonbot) Chrome/119.0.6045.214 Safari/537.36"
20.171.207.106 - - [23/Oct/2025:09:37:01 -0400] "GET /?path=//proc/self/root/proc/thread-self/root/proc/thread-self/root/proc/thread-self/root/proc/self/root/proc/thread-self/root/proc/self/root/proc/self/root/proc/thread-self/root/proc/thread-self/root/proc/sys/crypto HTTP/1.1" 200 3096 "-" "Mozilla/5.0 AppleWebKit/537.36 (KHTML, like Gecko; compatible; GPTBot/1.2; +https://openai.com/gptbot)"
216.73.216.87 - - [23/Oct/2025:09:37:01 -0400] "GET /slot-pond-of-plinko-by-print-studios-demo-free-play?fileloc=%2F%2Fhome%2Fcreaqbdc%2Fpublic_html%2Fwp-content%2Fuploads%2F2025%2F08%2FFrame-55-1-1-1024x650.webp&path=%2F%2Fhome%2Fcreaqbdc%2Fpublic_html%2Fwp-content%2Fuploads%2F2025%2F08 HTTP/1.1" 200 2542 "-" "Mozilla/5.0 AppleWebKit/537.36 (KHTML, like Gecko; compatible; ClaudeBot/1.0; +claudebot@anthropic.com)"
18.211.39.188 - - [23/Oct/2025:09:37:03 -0400] "GET /the-drama-of-deciding-fate-in-a-kick-off-duel/?fileloc=//home/creaqbdc/public_html/.htaccess&path=//home/creaqbdc/public_html HTTP/1.1" 403 1242 "-" "Mozilla/5.0 AppleWebKit/537.36 (KHTML, like Gecko; compatible; Amazonbot/0.1; +https://developer.amazon.com/support/amazonbot) Chrome/119.0.6045.214 Safari/537.36"
20.171.207.106 - - [23/Oct/2025:09:37:04 -0400] "GET /?path=//proc/self/root/proc/thread-self/root/proc/thread-self/root/proc/thread-self/root/proc/self/root/proc/thread-self/root/proc/self/root/proc/self/root/proc/thread-self/root/proc/self/root/var/softaculous/espo HTTP/1.1" 200 3867 "-" "Mozilla/5.0 AppleWebKit/537.36 (KHTML, like Gecko; compatible; GPTBot/1.2; +https://openai.com/gptbot)"
216.73.216.87 - - [23/Oct/2025:09:37:04 -0400] "GET /slot-pond-of-plinko-by-print-studios-demo-free-play?fileloc=%2F%2Fhome%2Fcreaqbdc%2Fpublic_html%2Fwp-content%2Fuploads%2F2025%2F08%2FFrame-62-768x459.webp&path=%2F%2Fhome%2Fcreaqbdc%2Fpublic_html%2Fwp-content%2Fuploads%2F2025%2F08 HTTP/1.1" 200 2540 "-" "Mozilla/5.0 AppleWebKit/537.36 (KHTML, like Gecko; compatible; ClaudeBot/1.0; +claudebot@anthropic.com)"
20.171.207.106 - - [23/Oct/2025:09:37:07 -0400] "GET /?path=//proc/self/root/proc/thread-self/root/proc/thread-self/root/proc/thread-self/root/proc/self/root/proc/thread-self/root/proc/self/root/proc/self/root/proc/thread-self/root/proc/self/root/var/softaculous/collab HTTP/1.1" 200 3902 "-" "Mozilla/5.0 AppleWebKit/537.36 (KHTML, like Gecko; compatible; GPTBot/1.2; +https://openai.com/gptbot)"
35.169.240.53 - - [23/Oct/2025:09:37:07 -0400] "GET /4-nv-casino-log-on-all-the-weekend-into-the-funzday-bonus/?fileloc=//lib64/aspell-0.60/koi8-u.cset&path=//lib64/aspell-0.60 HTTP/1.1" 200 6913 "-" "Mozilla/5.0 AppleWebKit/537.36 (KHTML, like Gecko; compatible; Amazonbot/0.1; +https://developer.amazon.com/support/amazonbot) Chrome/119.0.6045.214 Safari/537.36"
216.73.216.87 - - [23/Oct/2025:09:37:07 -0400] "GET /slot-pond-of-plinko-by-print-studios-demo-free-play?fileloc=%2F%2Fhome%2Fcreaqbdc%2Fpublic_html%2Fwp-content%2Fuploads%2F2025%2F08%2FFrame-63-1-150x150.webp&path=%2F%2Fhome%2Fcreaqbdc%2Fpublic_html%2Fwp-content%2Fuploads%2F2025%2F08 HTTP/1.1" 200 2540 "-" "Mozilla/5.0 AppleWebKit/537.36 (KHTML, like Gecko; compatible; ClaudeBot/1.0; +claudebot@anthropic.com)"
20.171.207.106 - - [23/Oct/2025:09:37:10 -0400] "GET /?path=//proc/self/root/proc/thread-self/root/proc/thread-self/root/proc/thread-self/root/proc/self/root/proc/thread-self/root/proc/self/root/proc/self/root/proc/thread-self/root/proc/thread-self/root/proc/sys/fs HTTP/1.1" 200 4566 "-" "Mozilla/5.0 AppleWebKit/537.36 (KHTML, like Gecko; compatible; GPTBot/1.2; +https://openai.com/gptbot)"
