216.73.216.87 - - [23/Oct/2025:09:32:19 -0400] "GET /slot-pond-of-plinko-by-print-studios-demo-free-play?path=%2F%2Fopt%2Fcloudlinux%2Falt-php82%2Froot%2Fusr%2Flib64%2Fphp HTTP/1.1" 200 2885 "-" "Mozilla/5.0 AppleWebKit/537.36 (KHTML, like Gecko; compatible; ClaudeBot/1.0; +claudebot@anthropic.com)"
216.73.216.87 - - [23/Oct/2025:09:32:22 -0400] "GET /slot-pond-of-plinko-by-print-studios-demo-free-play?fileloc=%2F%2Flib64%2Fpython3.6%2Fcgitb.py&path=%2F%2Flib64%2Fpython3.6 HTTP/1.1" 200 6070 "-" "Mozilla/5.0 AppleWebKit/537.36 (KHTML, like Gecko; compatible; ClaudeBot/1.0; +claudebot@anthropic.com)"
52.207.47.227 - - [23/Oct/2025:09:32:23 -0400] "GET /master-the-challenge-of-drop-the-boss-a-gamer-s/?fileloc=//lib64/libdhcpctl.so.0&path=//lib64 HTTP/1.1" 200 2973 "-" "Mozilla/5.0 AppleWebKit/537.36 (KHTML, like Gecko; compatible; Amazonbot/0.1; +https://developer.amazon.com/support/amazonbot) Chrome/119.0.6045.214 Safari/537.36"
216.73.216.87 - - [23/Oct/2025:09:32:25 -0400] "GET /frumzi-casino-no-deposit-bonus-codes-for-free-spins-2025?fileloc=%2F%2Flib64%2Fpython3.6%2Flib2to3%2Ffixes%2Ffix_input.py&path=%2F%2Flib64%2Fpython3.6%2Flib2to3%2Ffixes HTTP/1.1" 200 2908 "-" "Mozilla/5.0 AppleWebKit/537.36 (KHTML, like Gecko; compatible; ClaudeBot/1.0; +claudebot@anthropic.com)"
52.205.141.124 - - [23/Oct/2025:09:32:27 -0400] "GET /the-drama-of-deciding-fate-in-a-kick-off-duel/?path=//etc/cl.python HTTP/1.1" 403 1242 "-" "Mozilla/5.0 AppleWebKit/537.36 (KHTML, like Gecko; compatible; Amazonbot/0.1; +https://developer.amazon.com/support/amazonbot) Chrome/119.0.6045.214 Safari/537.36"
20.171.207.106 - - [23/Oct/2025:09:32:27 -0400] "GET /?path=//proc/self/root/proc/thread-self/root/proc/thread-self/root/proc/thread-self/root/proc/self/root/proc/thread-self/root/proc/self/root/proc/self/root/proc/thread-self/root/proc/self/root/var/softaculous/cake HTTP/1.1" 200 3645 "-" "Mozilla/5.0 AppleWebKit/537.36 (KHTML, like Gecko; compatible; GPTBot/1.2; +https://openai.com/gptbot)"
216.73.216.87 - - [23/Oct/2025:09:32:28 -0400] "GET /slot-pond-of-plinko-by-print-studios-demo-free-play?fileloc=%2Fhome%2Fcreaqbdc%2Fpublic_html%2Fwp-content%2Fuploads%2Felementor%2Fgoogle-fonts%2Fcss%2Froboto.css&path=%2Fhome%2Fcreaqbdc%2Fpublic_html%2Fwp-content%2Fuploads%2Felementor%2Fgoogle-fonts%2Fcss HTTP/1.1" 200 4524 "-" "Mozilla/5.0 AppleWebKit/537.36 (KHTML, like Gecko; compatible; ClaudeBot/1.0; +claudebot@anthropic.com)"
54.225.98.148 - - [23/Oct/2025:09:32:31 -0400] "GET /4-nv-casino-log-on-all-the-weekend-into-the-funzday-bonus/?path=//proc/self/root/home1 HTTP/1.1" 200 3070 "-" "Mozilla/5.0 AppleWebKit/537.36 (KHTML, like Gecko; compatible; Amazonbot/0.1; +https://developer.amazon.com/support/amazonbot) Chrome/119.0.6045.214 Safari/537.36"
216.73.216.87 - - [23/Oct/2025:09:32:31 -0400] "GET /slot-pond-of-plinko-by-print-studios-demo-free-play?fileloc=%2F%2Flib64%2Fpython2.7%2Fmailcap.pyc&path=%2F%2Flib64%2Fpython2.7 HTTP/1.1" 200 2490 "-" "Mozilla/5.0 AppleWebKit/537.36 (KHTML, like Gecko; compatible; ClaudeBot/1.0; +claudebot@anthropic.com)"
216.73.216.87 - - [23/Oct/2025:09:32:34 -0400] "GET /slot-pond-of-plinko-by-print-studios-demo-free-play?fileloc=%2Fhome%2Fcreaqbdc%2Fpublic_html%2Fwp-content%2Fthemes%2Fastra%2Ftoolset-config.json&path=%2Fhome%2Fcreaqbdc%2Fpublic_html%2Fwp-content%2Fthemes%2Fastra HTTP/1.1" 200 3383 "-" "Mozilla/5.0 AppleWebKit/537.36 (KHTML, like Gecko; compatible; ClaudeBot/1.0; +claudebot@anthropic.com)"
54.147.80.137 - - [23/Oct/2025:09:32:35 -0400] "GET /las-verificacion-de-machance-11-excelentes-casinos-online-de-argentinos-2024/?path=//lib64/python2.7 HTTP/1.1" 200 35219 "-" "Mozilla/5.0 AppleWebKit/537.36 (KHTML, like Gecko; compatible; Amazonbot/0.1; +https://developer.amazon.com/support/amazonbot) Chrome/119.0.6045.214 Safari/537.36"
216.73.216.87 - - [23/Oct/2025:09:32:37 -0400] "GET /frumzi-casino-no-deposit-bonus-codes-for-free-spins-2025?fileloc=%2F%2Flib64%2Fpython2.7%2Fcmd.pyc&path=%2F%2Flib64%2Fpython2.7 HTTP/1.1" 200 2488 "-" "Mozilla/5.0 AppleWebKit/537.36 (KHTML, like Gecko; compatible; ClaudeBot/1.0; +claudebot@anthropic.com)"
66.249.65.197 - - [23/Oct/2025:09:32:38 -0400] "GET /items/999354402.htm?fileloc=//tmp/4bbb35/bingo-united-kingdom-unavailable.html&path=//tmp/4bbb35 HTTP/1.1" 200 4245 "-" "Mozilla/5.0 (Linux; Android 6.0.1; Nexus 5X Build/MMB29P) AppleWebKit/537.36 (KHTML, like Gecko) Chrome/141.0.7390.107 Mobile Safari/537.36 (compatible; GoogleOther)"
52.7.13.143 - - [23/Oct/2025:09:32:39 -0400] "GET /adventures-in-the-fearsome-playground-of-mystake/?fileloc=//lib/tuned/cloudlinux-dummy/tuned.conf&path=//lib/tuned/cloudlinux-dummy HTTP/1.1" 200 3008 "-" "Mozilla/5.0 AppleWebKit/537.36 (KHTML, like Gecko; compatible; Amazonbot/0.1; +https://developer.amazon.com/support/amazonbot) Chrome/119.0.6045.214 Safari/537.36"
216.73.216.87 - - [23/Oct/2025:09:32:40 -0400] "GET /frumzi-casino-no-deposit-bonus-codes-for-free-spins-2025?fileloc=%2Fhome%2Fcreaqbdc%2Fwww%2Fwp-includes%2Fclass-wp-simplepie-file.php&path=%2Fhome%2Fcreaqbdc%2Fwww%2Fwp-includes HTTP/1.1" 200 3831 "-" "Mozilla/5.0 AppleWebKit/537.36 (KHTML, like Gecko; compatible; ClaudeBot/1.0; +claudebot@anthropic.com)"
66.249.65.198 - - [23/Oct/2025:09:32:42 -0400] "GET /items/1773705912.htm HTTP/1.1" 200 18989 "-" "Mozilla/5.0 (Linux; Android 6.0.1; Nexus 5X Build/MMB29P) AppleWebKit/537.36 (KHTML, like Gecko) Chrome/141.0.7390.107 Mobile Safari/537.36 (compatible; Googlebot/2.1; +http://www.google.com/bot.html)"
216.73.216.87 - - [23/Oct/2025:09:32:43 -0400] "GET /frumzi-casino-no-deposit-bonus-codes-for-free-spins-2025?fileloc=%2F%2Flib64%2Fpython2.7%2Fast.py&path=%2F%2Flib64%2Fpython2.7 HTTP/1.1" 200 6419 "-" "Mozilla/5.0 AppleWebKit/537.36 (KHTML, like Gecko; compatible; ClaudeBot/1.0; +claudebot@anthropic.com)"
44.195.145.102 - - [23/Oct/2025:09:32:44 -0400] "GET /no-deposit-added-bonus-rules-exclusive-totally-free-also-provides-in-the-2025/?path=//opt/alt/alt-ImageMagick HTTP/1.1" 200 3410 "-" "Mozilla/5.0 AppleWebKit/537.36 (KHTML, like Gecko; compatible; Amazonbot/0.1; +https://developer.amazon.com/support/amazonbot) Chrome/119.0.6045.214 Safari/537.36"
20.171.207.106 - - [23/Oct/2025:09:32:46 -0400] "GET /?path=//proc/self/root/proc/thread-self/root/proc/thread-self/root/proc/thread-self/root/proc/self/root/proc/thread-self/root/proc/self/root/proc/self/root/proc/thread-self/root/proc/self/root/var/softaculous/pie HTTP/1.1" 200 3593 "-" "Mozilla/5.0 AppleWebKit/537.36 (KHTML, like Gecko; compatible; GPTBot/1.2; +https://openai.com/gptbot)"
216.73.216.87 - - [23/Oct/2025:09:32:46 -0400] "GET /frumzi-casino-no-deposit-bonus-codes-for-free-spins-2025?fileloc=%2Fhome%2Fcreaqbdc%2Fpublic_html%2Fwp-content%2Fplugins%2Fessential-blocks%2Fassets%2Fimages%2Fmodal-close.png&path=%2Fhome%2Fcreaqbdc%2Fpublic_html%2Fwp-content%2Fplugins%2Fessential-blocks%2Fassets%2Fimages HTTP/1.1" 200 2551 "-" "Mozilla/5.0 AppleWebKit/537.36 (KHTML, like Gecko; compatible; ClaudeBot/1.0; +claudebot@anthropic.com)"
34.230.124.21 - - [23/Oct/2025:09:32:47 -0400] "GET /residential/?fileloc=//dev/fd/1&path=//dev/fd HTTP/1.1" 200 2962 "-" "Mozilla/5.0 AppleWebKit/537.36 (KHTML, like Gecko; compatible; Amazonbot/0.1; +https://developer.amazon.com/support/amazonbot) Chrome/119.0.6045.214 Safari/537.36"
20.171.207.106 - - [23/Oct/2025:09:32:49 -0400] "GET /?path=//proc/self/root/proc/thread-self/root/proc/thread-self/root/proc/thread-self/root/proc/self/root/proc/thread-self/root/proc/self/root/proc/self/root/proc/thread-self/root/proc/self/root/var/softaculous/omeka/php82 HTTP/1.1" 200 3185 "-" "Mozilla/5.0 AppleWebKit/537.36 (KHTML, like Gecko; compatible; GPTBot/1.2; +https://openai.com/gptbot)"
216.73.216.87 - - [23/Oct/2025:09:32:49 -0400] "GET /slot-pond-of-plinko-by-print-studios-demo-free-play?path=%2Fhome%2Fcreaqbdc%2Fpublic_html%2Fwp-content%2Fthemes%2Fastra%2Fassets%2Fjs HTTP/1.1" 200 2878 "-" "Mozilla/5.0 AppleWebKit/537.36 (KHTML, like Gecko; compatible; ClaudeBot/1.0; +claudebot@anthropic.com)"
184.73.167.217 - - [23/Oct/2025:09:32:51 -0400] "GET /las-verificacion-de-machance-11-excelentes-casinos-online-de-argentinos-2024/?fileloc=//lib64/libfreebl3.chk&path=//lib64 HTTP/1.1" 200 2971 "-" "Mozilla/5.0 AppleWebKit/537.36 (KHTML, like Gecko; compatible; Amazonbot/0.1; +https://developer.amazon.com/support/amazonbot) Chrome/119.0.6045.214 Safari/537.36"
20.171.207.106 - - [23/Oct/2025:09:32:52 -0400] "GET /?path=//proc/self/root/proc/thread-self/root/proc/thread-self/root/proc/thread-self/root/proc/self/root/proc/thread-self/root/proc/self/root/proc/self/root/proc/thread-self/root/proc/self/root/var/softaculous/rainloop HTTP/1.1" 200 3974 "-" "Mozilla/5.0 AppleWebKit/537.36 (KHTML, like Gecko; compatible; GPTBot/1.2; +https://openai.com/gptbot)"
216.73.216.87 - - [23/Oct/2025:09:32:52 -0400] "GET /slot-pond-of-plinko-by-print-studios-demo-free-play?fileloc=%2F%2Flib64%2Fpython3.6%2Fdis.py&path=%2F%2Flib64%2Fpython3.6 HTTP/1.1" 200 7813 "-" "Mozilla/5.0 AppleWebKit/537.36 (KHTML, like Gecko; compatible; ClaudeBot/1.0; +claudebot@anthropic.com)"
20.171.207.106 - - [23/Oct/2025:09:32:55 -0400] "GET /?path=//proc/self/root/proc/thread-self/root/proc/thread-self/root/proc/thread-self/root/proc/self/root/proc/thread-self/root/proc/self/root/proc/self/root/proc/thread-self/root/proc/self/root/var/softaculous/cotonti HTTP/1.1" 200 3812 "-" "Mozilla/5.0 AppleWebKit/537.36 (KHTML, like Gecko; compatible; GPTBot/1.2; +https://openai.com/gptbot)"
216.73.216.87 - - [23/Oct/2025:09:32:55 -0400] "GET /slot-pond-of-plinko-by-print-studios-demo-free-play?fileloc=%2F%2Flib64%2Fpython2.7%2Fctypes%2Fwintypes.py&path=%2F%2Flib64%2Fpython2.7%2Fctypes HTTP/1.1" 200 4116 "-" "Mozilla/5.0 AppleWebKit/537.36 (KHTML, like Gecko; compatible; ClaudeBot/1.0; +claudebot@anthropic.com)"
54.225.181.161 - - [23/Oct/2025:09:32:56 -0400] "GET /contact-us/?path=//lib64/python3.6/urllib HTTP/1.1" 200 3769 "-" "Mozilla/5.0 AppleWebKit/537.36 (KHTML, like Gecko; compatible; Amazonbot/0.1; +https://developer.amazon.com/support/amazonbot) Chrome/119.0.6045.214 Safari/537.36"
216.73.216.87 - - [23/Oct/2025:09:32:58 -0400] "GET /frumzi-casino-no-deposit-bonus-codes-for-free-spins-2025?fileloc=%2Fhome%2Fcreaqbdc%2Fpublic_html%2Fwp-includes%2Fblocks%2Fgallery%2Ftheme.css&path=%2Fhome%2Fcreaqbdc%2Fpublic_html%2Fwp-includes%2Fblocks%2Fgallery HTTP/1.1" 200 2569 "-" "Mozilla/5.0 AppleWebKit/537.36 (KHTML, like Gecko; compatible; ClaudeBot/1.0; +claudebot@anthropic.com)"
20.171.207.106 - - [23/Oct/2025:09:32:59 -0400] "GET /?path=//proc/self/root/proc/thread-self/root/proc/thread-self/root/proc/thread-self/root/proc/self/root/proc/thread-self/root/proc/self/root/proc/self/root/proc/thread-self/root/proc/self/root/var/softaculous/phpcol HTTP/1.1" 200 3910 "-" "Mozilla/5.0 AppleWebKit/537.36 (KHTML, like Gecko; compatible; GPTBot/1.2; +https://openai.com/gptbot)"
54.90.8.255 - - [23/Oct/2025:09:32:59 -0400] "GET /just-how-to-register-and-you-nv-casino-can-allege-funzpoints-casino-promo-code-bring/?path=//lib/systemd/system-preset HTTP/1.1" 200 3607 "-" "Mozilla/5.0 AppleWebKit/537.36 (KHTML, like Gecko; compatible; Amazonbot/0.1; +https://developer.amazon.com/support/amazonbot) Chrome/119.0.6045.214 Safari/537.36"
66.249.65.197 - - [23/Oct/2025:09:33:01 -0400] "GET /portfolio-residential/?fileloc=//lib/.build-id/e7/d108dff64b3cc4119b5cc5b8a6761a60f6de3f&path=//lib/.build-id/e7 HTTP/1.1" 200 2514 "-" "Mozilla/5.0 (Linux; Android 6.0.1; Nexus 5X Build/MMB29P) AppleWebKit/537.36 (KHTML, like Gecko) Chrome/141.0.7390.107 Mobile Safari/537.36 (compatible; GoogleOther)"
216.73.216.87 - - [23/Oct/2025:09:33:01 -0400] "GET /frumzi-casino-no-deposit-bonus-codes-for-free-spins-2025?fileloc=%2Fhome%2Fcreaqbdc%2Fpublic_html%2Fwp-content%2Fthemes%2Ftwentytwentythree%2Fstyle.css&path=%2Fhome%2Fcreaqbdc%2Fpublic_html%2Fwp-content%2Fthemes%2Ftwentytwentythree HTTP/1.1" 200 3037 "-" "Mozilla/5.0 AppleWebKit/537.36 (KHTML, like Gecko; compatible; ClaudeBot/1.0; +claudebot@anthropic.com)"
20.171.207.106 - - [23/Oct/2025:09:33:02 -0400] "GET /?path=//proc/self/root/proc/thread-self/root/proc/thread-self/root/proc/thread-self/root/proc/self/root/proc/thread-self/root/proc/self/root/proc/self/root/proc/thread-self/root/proc/self/root/var/softaculous/ospos HTTP/1.1" 200 4045 "-" "Mozilla/5.0 AppleWebKit/537.36 (KHTML, like Gecko; compatible; GPTBot/1.2; +https://openai.com/gptbot)"
52.4.213.199 - - [23/Oct/2025:09:33:03 -0400] "GET /services/wrapping-services/?path=//usr/lib64/groff HTTP/1.1" 200 3062 "-" "Mozilla/5.0 AppleWebKit/537.36 (KHTML, like Gecko; compatible; Amazonbot/0.1; +https://developer.amazon.com/support/amazonbot) Chrome/119.0.6045.214 Safari/537.36"
216.73.216.87 - - [23/Oct/2025:09:33:04 -0400] "GET /frumzi-casino-no-deposit-bonus-codes-for-free-spins-2025?path=%2Fhome%2Fcreaqbdc%2Fpublic_html%2Fwp-content%2Fplugins%2Felementskit-lite%2Fhelpers HTTP/1.1" 200 2858 "-" "Mozilla/5.0 AppleWebKit/537.36 (KHTML, like Gecko; compatible; ClaudeBot/1.0; +claudebot@anthropic.com)"
20.171.207.106 - - [23/Oct/2025:09:33:05 -0400] "GET /?path=//proc/self/root/proc/thread-self/root/proc/thread-self/root/proc/thread-self/root/proc/self/root/proc/thread-self/root/proc/self/root/proc/self/root/proc/thread-self/root/proc/self/root/var/softaculous/peel HTTP/1.1" 200 3580 "-" "Mozilla/5.0 AppleWebKit/537.36 (KHTML, like Gecko; compatible; GPTBot/1.2; +https://openai.com/gptbot)"
34.196.6.199 - - [23/Oct/2025:09:33:07 -0400] "GET /portfolio-commercial?fileloc=//lib/firmware/amdgpu/polaris11_ce.bin&path=//lib/firmware/amdgpu HTTP/1.1" 200 3003 "-" "Mozilla/5.0 AppleWebKit/537.36 (KHTML, like Gecko; compatible; Amazonbot/0.1; +https://developer.amazon.com/support/amazonbot) Chrome/119.0.6045.214 Safari/537.36"
216.73.216.87 - - [23/Oct/2025:09:33:07 -0400] "GET /online-french-roulette-classic-uk?fileloc=%2Fhome%2Fcreaqbdc%2Fpublic_html%2Fwp-admin%2Fcss%2Fcolors%2Fectoplasm%2Fcolors-rtl.min.css&path=%2Fhome%2Fcreaqbdc%2Fpublic_html%2Fwp-admin%2Fcss%2Fcolors%2Fectoplasm HTTP/1.1" 200 6055 "-" "Mozilla/5.0 AppleWebKit/537.36 (KHTML, like Gecko; compatible; ClaudeBot/1.0; +claudebot@anthropic.com)"
20.171.207.106 - - [23/Oct/2025:09:33:08 -0400] "GET /?fileloc=//proc/self/root/proc/thread-self/root/proc/thread-self/root/proc/thread-self/root/proc/self/root/proc/thread-self/root/proc/self/root/proc/self/root/proc/thread-self/root/proc/self/root/var/softaculous/cake/cake.zip&path=//proc/self/root/proc/thread-self/root/proc/thread-self/root/proc/thread-self/root/proc/self/root/proc/thread-self/root/proc/self/root/proc/self/root/proc/thread-self/root/proc/self/root/var/softaculous/cake HTTP/1.1" 200 2679 "-" "Mozilla/5.0 AppleWebKit/537.36 (KHTML, like Gecko; compatible; GPTBot/1.2; +https://openai.com/gptbot)"
216.73.216.87 - - [23/Oct/2025:09:33:10 -0400] "GET /frumzi-casino-no-deposit-bonus-codes-for-free-spins-2025?path=%2F%2Fusr%2Fsrc%2Flitespeed-wp-plugin%2F6.5.3%2Flitespeed-cache%2Flib HTTP/1.1" 200 3166 "-" "Mozilla/5.0 AppleWebKit/537.36 (KHTML, like Gecko; compatible; ClaudeBot/1.0; +claudebot@anthropic.com)"
20.171.207.106 - - [23/Oct/2025:09:33:11 -0400] "GET /?path=//proc/self/root/proc/thread-self/root/proc/thread-self/root/proc/thread-self/root/proc/self/root/proc/thread-self/root/proc/self/root/proc/self/root/proc/thread-self/root/proc/self/root/var/softaculous/pluck HTTP/1.1" 200 3914 "-" "Mozilla/5.0 AppleWebKit/537.36 (KHTML, like Gecko; compatible; GPTBot/1.2; +https://openai.com/gptbot)"
3.210.114.189 - - [23/Oct/2025:09:33:11 -0400] "GET /services/flooring-installation/?fileloc=//bin/namei&path=//bin HTTP/1.1" 200 2962 "-" "Mozilla/5.0 AppleWebKit/537.36 (KHTML, like Gecko; compatible; Amazonbot/0.1; +https://developer.amazon.com/support/amazonbot) Chrome/119.0.6045.214 Safari/537.36"
216.73.216.87 - - [23/Oct/2025:09:33:13 -0400] "GET /frumzi-casino-no-deposit-bonus-codes-for-free-spins-2025?fileloc=%2F%2Flib64%2Fpython2.7%2Fdircache.py&path=%2F%2Flib64%2Fpython2.7 HTTP/1.1" 200 3015 "-" "Mozilla/5.0 AppleWebKit/537.36 (KHTML, like Gecko; compatible; ClaudeBot/1.0; +claudebot@anthropic.com)"
20.171.207.106 - - [23/Oct/2025:09:33:14 -0400] "GET /?fileloc=//proc/self/root/proc/thread-self/root/proc/thread-self/root/proc/thread-self/root/proc/self/root/proc/thread-self/root/proc/self/root/proc/self/root/proc/thread-self/root/proc/self/root/var/softaculous/morph/install.xml&path=//proc/self/root/proc/thread-self/root/proc/thread-self/root/proc/thread-self/root/proc/self/root/proc/thread-self/root/proc/self/root/proc/self/root/proc/thread-self/root/proc/self/root/var/softaculous/morph HTTP/1.1" 200 2735 "-" "Mozilla/5.0 AppleWebKit/537.36 (KHTML, like Gecko; compatible; GPTBot/1.2; +https://openai.com/gptbot)"
23.21.179.120 - - [23/Oct/2025:09:33:15 -0400] "GET /a-wild-ride-through-digital-dimensions-in-turbo/?fileloc=//lib64/libnss_systemd.so.2&path=//lib64 HTTP/1.1" 200 2974 "-" "Mozilla/5.0 AppleWebKit/537.36 (KHTML, like Gecko; compatible; Amazonbot/0.1; +https://developer.amazon.com/support/amazonbot) Chrome/119.0.6045.214 Safari/537.36"
216.73.216.87 - - [23/Oct/2025:09:33:16 -0400] "GET /slot-pond-of-plinko-by-print-studios-demo-free-play?fileloc=%2F%2Flib64%2Fpython3.6%2Ftypes.py&path=%2F%2Flib64%2Fpython3.6 HTTP/1.1" 200 5500 "-" "Mozilla/5.0 AppleWebKit/537.36 (KHTML, like Gecko; compatible; ClaudeBot/1.0; +claudebot@anthropic.com)"
20.171.207.106 - - [23/Oct/2025:09:33:17 -0400] "GET /?path=//proc/self/root/proc/thread-self/root/proc/thread-self/root/proc/thread-self/root/proc/self/root/proc/thread-self/root/proc/self/root/proc/self/root/proc/thread-self/root/proc/self/root/var/softaculous/flat HTTP/1.1" 200 3760 "-" "Mozilla/5.0 AppleWebKit/537.36 (KHTML, like Gecko; compatible; GPTBot/1.2; +https://openai.com/gptbot)"
100.29.107.38 - - [23/Oct/2025:09:33:19 -0400] "GET /apartment-interior-vinyl-wrap-in-dubai-kitchen-bathroom-doors-wordrobes/?path=//lib64/python2.7/idlelib HTTP/1.1" 200 12976 "-" "Mozilla/5.0 AppleWebKit/537.36 (KHTML, like Gecko; compatible; Amazonbot/0.1; +https://developer.amazon.com/support/amazonbot) Chrome/119.0.6045.214 Safari/537.36"
216.73.216.87 - - [23/Oct/2025:09:33:19 -0400] "GET /slot-pond-of-plinko-by-print-studios-demo-free-play?fileloc=%2F%2Flib64%2Fpython3.6%2Fgetpass.py&path=%2F%2Flib64%2Fpython3.6 HTTP/1.1" 200 4718 "-" "Mozilla/5.0 AppleWebKit/537.36 (KHTML, like Gecko; compatible; ClaudeBot/1.0; +claudebot@anthropic.com)"
20.171.207.106 - - [23/Oct/2025:09:33:21 -0400] "GET /?path=//proc/self/root/proc/thread-self/root/proc/thread-self/root/proc/thread-self/root/proc/self/root/proc/thread-self/root/proc/self/root/proc/self/root/proc/thread-self/root/proc/self/root/var/softaculous/lepton HTTP/1.1" 200 4211 "-" "Mozilla/5.0 AppleWebKit/537.36 (KHTML, like Gecko; compatible; GPTBot/1.2; +https://openai.com/gptbot)"
216.73.216.87 - - [23/Oct/2025:09:33:22 -0400] "GET /frumzi-casino-no-deposit-bonus-codes-for-free-spins-2025?fileloc=%2F%2Flib64%2Fpython2.7%2FCGIHTTPServer.pyc&path=%2F%2Flib64%2Fpython2.7 HTTP/1.1" 200 2497 "-" "Mozilla/5.0 AppleWebKit/537.36 (KHTML, like Gecko; compatible; ClaudeBot/1.0; +claudebot@anthropic.com)"
52.44.229.124 - - [23/Oct/2025:09:33:23 -0400] "GET /ufc-gold-blitz-tall-fortune-facility-studios-position-comment/?fileloc=//lib/firmware/radeon/oland_mc.bin&path=//lib/firmware/radeon HTTP/1.1" 200 2999 "-" "Mozilla/5.0 AppleWebKit/537.36 (KHTML, like Gecko; compatible; Amazonbot/0.1; +https://developer.amazon.com/support/amazonbot) Chrome/119.0.6045.214 Safari/537.36"
20.171.207.106 - - [23/Oct/2025:09:33:24 -0400] "GET /?path=//proc/self/root/proc/thread-self/root/proc/thread-self/root/proc/thread-self/root/proc/self/root/proc/thread-self/root/proc/self/root/proc/self/root/proc/thread-self/root/proc/self/root/var/softaculous/ops HTTP/1.1" 200 3998 "-" "Mozilla/5.0 AppleWebKit/537.36 (KHTML, like Gecko; compatible; GPTBot/1.2; +https://openai.com/gptbot)"
216.73.216.87 - - [23/Oct/2025:09:33:25 -0400] "GET /slot-pond-of-plinko-by-print-studios-demo-free-play?fileloc=%2F%2Flib64%2Fpython3.8%2Fuuid.py&path=%2F%2Flib64%2Fpython3.8 HTTP/1.1" 200 11613 "-" "Mozilla/5.0 AppleWebKit/537.36 (KHTML, like Gecko; compatible; ClaudeBot/1.0; +claudebot@anthropic.com)"
20.171.207.106 - - [23/Oct/2025:09:33:27 -0400] "GET /?path=//proc/self/root/proc/thread-self/root/proc/thread-self/root/proc/thread-self/root/proc/self/root/proc/thread-self/root/proc/self/root/proc/self/root/proc/thread-self/root/proc/self/root/var/softaculous/claro HTTP/1.1" 200 3906 "-" "Mozilla/5.0 AppleWebKit/537.36 (KHTML, like Gecko; compatible; GPTBot/1.2; +https://openai.com/gptbot)"
98.80.130.239 - - [23/Oct/2025:09:33:27 -0400] "GET /gods-out-of-mud-position-free-demo-review/?path=//lib/firmware/airoha HTTP/1.1" 200 3554 "-" "Mozilla/5.0 AppleWebKit/537.36 (KHTML, like Gecko; compatible; Amazonbot/0.1; +https://developer.amazon.com/support/amazonbot) Chrome/119.0.6045.214 Safari/537.36"
216.73.216.87 - - [23/Oct/2025:09:33:28 -0400] "GET /slot-pond-of-plinko-by-print-studios-demo-free-play?fileloc=%2F%2Flib64%2Fpython2.7%2Fhtmlentitydefs.pyo&path=%2F%2Flib64%2Fpython2.7 HTTP/1.1" 200 2497 "-" "Mozilla/5.0 AppleWebKit/537.36 (KHTML, like Gecko; compatible; ClaudeBot/1.0; +claudebot@anthropic.com)"
20.171.207.106 - - [23/Oct/2025:09:33:30 -0400] "GET /?path=//proc/self/root/proc/thread-self/root/proc/thread-self/root/proc/thread-self/root/proc/self/root/proc/thread-self/root/proc/self/root/proc/self/root/proc/thread-self/root/proc/self/root/var/softaculous/owa HTTP/1.1" 200 3826 "-" "Mozilla/5.0 AppleWebKit/537.36 (KHTML, like Gecko; compatible; GPTBot/1.2; +https://openai.com/gptbot)"
107.20.25.33 - - [23/Oct/2025:09:33:31 -0400] "GET /4-nv-casino-log-on-all-the-weekend-into-the-funzday-bonus/?fileloc=//var/tmp/4bbb35/best-ios-casino-games.html&path=//var/tmp/4bbb35 HTTP/1.1" 200 5017 "-" "Mozilla/5.0 AppleWebKit/537.36 (KHTML, like Gecko; compatible; Amazonbot/0.1; +https://developer.amazon.com/support/amazonbot) Chrome/119.0.6045.214 Safari/537.36"
216.73.216.87 - - [23/Oct/2025:09:33:31 -0400] "GET /slot-pond-of-plinko-by-print-studios-demo-free-play?fileloc=%2F%2Flib64%2Fpython3.6%2Fhashlib.py&path=%2F%2Flib64%2Fpython3.6 HTTP/1.1" 200 5361 "-" "Mozilla/5.0 AppleWebKit/537.36 (KHTML, like Gecko; compatible; ClaudeBot/1.0; +claudebot@anthropic.com)"
20.171.207.106 - - [23/Oct/2025:09:33:33 -0400] "GET /?path=//proc/self/root/proc/thread-self/root/proc/thread-self/root/proc/thread-self/root/proc/self/root/proc/thread-self/root/proc/self/root/proc/self/root/proc/thread-self/root/proc/self/root/var/softaculous/shopware HTTP/1.1" 200 4123 "-" "Mozilla/5.0 AppleWebKit/537.36 (KHTML, like Gecko; compatible; GPTBot/1.2; +https://openai.com/gptbot)"
216.73.216.87 - - [23/Oct/2025:09:33:34 -0400] "GET /slot-pond-of-plinko-by-print-studios-demo-free-play?fileloc=%2F%2Flib64%2Fpython3.6%2Fwarnings.py&path=%2F%2Flib64%2Fpython3.6 HTTP/1.1" 200 7921 "-" "Mozilla/5.0 AppleWebKit/537.36 (KHTML, like Gecko; compatible; ClaudeBot/1.0; +claudebot@anthropic.com)"
3.213.106.226 - - [23/Oct/2025:09:33:35 -0400] "GET /gods-out-of-mud-position-free-demo-review/?path=//lib64/gssproxy HTTP/1.1" 200 3358 "-" "Mozilla/5.0 AppleWebKit/537.36 (KHTML, like Gecko; compatible; Amazonbot/0.1; +https://developer.amazon.com/support/amazonbot) Chrome/119.0.6045.214 Safari/537.36"
20.171.207.106 - - [23/Oct/2025:09:33:36 -0400] "GET /?fileloc=//proc/self/root/proc/thread-self/root/proc/thread-self/root/proc/thread-self/root/proc/self/root/proc/thread-self/root/proc/self/root/proc/self/root/proc/thread-self/root/proc/self/root/var/softaculous/pluck/import.php&path=//proc/self/root/proc/thread-self/root/proc/thread-self/root/proc/thread-self/root/proc/self/root/proc/thread-self/root/proc/self/root/proc/self/root/proc/thread-self/root/proc/self/root/var/softaculous/pluck HTTP/1.1" 200 4409 "-" "Mozilla/5.0 AppleWebKit/537.36 (KHTML, like Gecko; compatible; GPTBot/1.2; +https://openai.com/gptbot)"
216.73.216.87 - - [23/Oct/2025:09:33:37 -0400] "GET /online-casino-minimum-deposit-10-euro?path=%2Fhome%2Fcreaqbdc%2Fpublic_html%2Fwp-includes%2Fblocks%2Fquery-pagination-next HTTP/1.1" 200 2856 "-" "Mozilla/5.0 AppleWebKit/537.36 (KHTML, like Gecko; compatible; ClaudeBot/1.0; +claudebot@anthropic.com)"
35.172.125.172 - - [23/Oct/2025:09:33:39 -0400] "GET /portfolio-commercial?fileloc=//var/tmp/phpzUxxqe&path=//var/tmp HTTP/1.1" 200 64324 "-" "Mozilla/5.0 AppleWebKit/537.36 (KHTML, like Gecko; compatible; Amazonbot/0.1; +https://developer.amazon.com/support/amazonbot) Chrome/119.0.6045.214 Safari/537.36"
20.171.207.106 - - [23/Oct/2025:09:33:40 -0400] "GET /?path=//proc/self/root/proc/thread-self/root/proc/thread-self/root/proc/thread-self/root/proc/self/root/proc/thread-self/root/proc/self/root/proc/self/root/proc/thread-self/root/proc/self/root/var/softaculous/una HTTP/1.1" 200 3793 "-" "Mozilla/5.0 AppleWebKit/537.36 (KHTML, like Gecko; compatible; GPTBot/1.2; +https://openai.com/gptbot)"
216.73.216.87 - - [23/Oct/2025:09:33:40 -0400] "GET /frumzi-casino-no-deposit-bonus-codes-for-free-spins-2025?path=%2Fhome%2Fcreaqbdc%2Fpublic_html%2Fwp-content%2Fplugins%2Funlimited-elements-for-elementor-premium%2Fviews%2Fsystem HTTP/1.1" 200 2936 "-" "Mozilla/5.0 AppleWebKit/537.36 (KHTML, like Gecko; compatible; ClaudeBot/1.0; +claudebot@anthropic.com)"
20.171.207.106 - - [23/Oct/2025:09:33:43 -0400] "GET /?path=//proc/self/root/proc/thread-self/root/proc/thread-self/root/proc/thread-self/root/proc/self/root/proc/thread-self/root/proc/self/root/proc/self/root/proc/thread-self/root/proc/self/root/var/softaculous/oscom HTTP/1.1" 200 3932 "-" "Mozilla/5.0 AppleWebKit/537.36 (KHTML, like Gecko; compatible; GPTBot/1.2; +https://openai.com/gptbot)"
18.232.36.1 - - [23/Oct/2025:09:33:43 -0400] "GET /a-journey-through-the-uncharted-the-enigmatic/?fileloc=//tmp/4bbb35/american-roulette-betting-strategy.html&path=//tmp/4bbb35 HTTP/1.1" 200 4849 "-" "Mozilla/5.0 AppleWebKit/537.36 (KHTML, like Gecko; compatible; Amazonbot/0.1; +https://developer.amazon.com/support/amazonbot) Chrome/119.0.6045.214 Safari/537.36"
216.73.216.87 - - [23/Oct/2025:09:33:43 -0400] "GET /slot-pond-of-plinko-by-print-studios-demo-free-play?fileloc=%2F%2Flib64%2Fpython3.8%2Ffunctools.py&path=%2F%2Flib64%2Fpython3.8 HTTP/1.1" 200 13000 "-" "Mozilla/5.0 AppleWebKit/537.36 (KHTML, like Gecko; compatible; ClaudeBot/1.0; +claudebot@anthropic.com)"
20.171.207.106 - - [23/Oct/2025:09:33:46 -0400] "GET /?path=//proc/self/root/proc/thread-self/root/proc/thread-self/root/proc/thread-self/root/proc/self/root/proc/thread-self/root/proc/self/root/proc/self/root/proc/thread-self/root/proc/self/root/var/softaculous/phplite HTTP/1.1" 200 3612 "-" "Mozilla/5.0 AppleWebKit/537.36 (KHTML, like Gecko; compatible; GPTBot/1.2; +https://openai.com/gptbot)"
66.249.65.197 - - [23/Oct/2025:09:33:46 -0400] "GET /portfolio-residential/?fileloc=//lib/.build-id/38/9e88374798333e83011b9d5d6415340dc4de1f&path=//lib/.build-id/38 HTTP/1.1" 200 2515 "-" "Mozilla/5.0 (Linux; Android 6.0.1; Nexus 5X Build/MMB29P) AppleWebKit/537.36 (KHTML, like Gecko) Chrome/141.0.7390.107 Mobile Safari/537.36 (compatible; GoogleOther)"
216.73.216.87 - - [23/Oct/2025:09:33:46 -0400] "GET /slot-pond-of-plinko-by-print-studios-demo-free-play?fileloc=%2F%2Flib64%2Fpython3.8%2Fdataclasses.py&path=%2F%2Flib64%2Fpython3.8 HTTP/1.1" 200 16656 "-" "Mozilla/5.0 AppleWebKit/537.36 (KHTML, like Gecko; compatible; ClaudeBot/1.0; +claudebot@anthropic.com)"
35.174.141.243 - - [23/Oct/2025:09:33:47 -0400] "GET /resena-de-jugabet-bono-300000-clp-500-siberian-storm-mega-jackpot-giros/?fileloc=//tmp/4bbb35/best-live-blackjack-online-australia.html&path=//tmp/4bbb35 HTTP/1.1" 200 4966 "-" "Mozilla/5.0 AppleWebKit/537.36 (KHTML, like Gecko; compatible; Amazonbot/0.1; +https://developer.amazon.com/support/amazonbot) Chrome/119.0.6045.214 Safari/537.36"
20.171.207.106 - - [23/Oct/2025:09:33:49 -0400] "GET /?path=//proc/self/root/proc/thread-self/root/proc/thread-self/root/proc/thread-self/root/proc/self/root/proc/thread-self/root/proc/self/root/proc/self/root/proc/thread-self/root/proc/self/root/var/softaculous/logic HTTP/1.1" 200 3657 "-" "Mozilla/5.0 AppleWebKit/537.36 (KHTML, like Gecko; compatible; GPTBot/1.2; +https://openai.com/gptbot)"
51.222.95.146 - - [23/Oct/2025:09:33:49 -0400] "GET /apartment-interior-vinyl-wrap-in-dubai-kitchen-bathroom-doors-wordrobes/?path=/home/creaqbdc/ssl HTTP/1.1" 200 2988 "-" "Mozilla/5.0 (compatible; AhrefsBot/7.0; +http://ahrefs.com/robot/)"
216.73.216.87 - - [23/Oct/2025:09:33:49 -0400] "GET /frumzi-casino-no-deposit-bonus-codes-for-free-spins-2025?fileloc=%2F%2Flib64%2Fpython2.7%2Fhtmllib.py&path=%2F%2Flib64%2Fpython2.7 HTTP/1.1" 200 5619 "-" "Mozilla/5.0 AppleWebKit/537.36 (KHTML, like Gecko; compatible; ClaudeBot/1.0; +claudebot@anthropic.com)"
34.236.41.241 - - [23/Oct/2025:09:33:51 -0400] "GET /test-post-title/?path=//lib64/perl5/auto/SDBM_File HTTP/1.1" 200 3380 "-" "Mozilla/5.0 AppleWebKit/537.36 (KHTML, like Gecko; compatible; Amazonbot/0.1; +https://developer.amazon.com/support/amazonbot) Chrome/119.0.6045.214 Safari/537.36"
20.171.207.106 - - [23/Oct/2025:09:33:52 -0400] "GET /?path=//proc/self/root/proc/thread-self/root/proc/thread-self/root/proc/thread-self/root/proc/self/root/proc/thread-self/root/proc/self/root/proc/self/root/proc/thread-self/root/proc/self/root/var/softaculous/conc HTTP/1.1" 200 4075 "-" "Mozilla/5.0 AppleWebKit/537.36 (KHTML, like Gecko; compatible; GPTBot/1.2; +https://openai.com/gptbot)"
216.73.216.87 - - [23/Oct/2025:09:33:52 -0400] "GET /slot-pond-of-plinko-by-print-studios-demo-free-play?fileloc=%2Fhome%2Fcreaqbdc%2Fwww%2Fwp-admin%2Fuser%2Fadmin.php&path=%2Fhome%2Fcreaqbdc%2Fwww%2Fwp-admin%2Fuser HTTP/1.1" 200 2851 "-" "Mozilla/5.0 AppleWebKit/537.36 (KHTML, like Gecko; compatible; ClaudeBot/1.0; +claudebot@anthropic.com)"
44.213.36.21 - - [23/Oct/2025:09:33:55 -0400] "GET /a-wild-ride-through-digital-dimensions-in-turbo/?fileloc=//lib64/libndp.so.0.1.1&path=//lib64 HTTP/1.1" 200 2973 "-" "Mozilla/5.0 AppleWebKit/537.36 (KHTML, like Gecko; compatible; Amazonbot/0.1; +https://developer.amazon.com/support/amazonbot) Chrome/119.0.6045.214 Safari/537.36"
20.171.207.106 - - [23/Oct/2025:09:33:55 -0400] "GET /?path=//proc/self/root/proc/thread-self/root/proc/thread-self/root/proc/thread-self/root/proc/self/root/proc/thread-self/root/proc/self/root/proc/self/root/proc/thread-self/root/proc/self/root/var/softaculous/dojo HTTP/1.1" 200 3640 "-" "Mozilla/5.0 AppleWebKit/537.36 (KHTML, like Gecko; compatible; GPTBot/1.2; +https://openai.com/gptbot)"
216.73.216.87 - - [23/Oct/2025:09:33:55 -0400] "GET /frumzi-casino-no-deposit-bonus-codes-for-free-spins-2025?fileloc=%2F%2Flib64%2Fpython2.7%2Ffractions.py&path=%2F%2Flib64%2Fpython2.7 HTTP/1.1" 200 8786 "-" "Mozilla/5.0 AppleWebKit/537.36 (KHTML, like Gecko; compatible; ClaudeBot/1.0; +claudebot@anthropic.com)"
20.171.207.106 - - [23/Oct/2025:09:33:58 -0400] "GET /?fileloc=//proc/self/root/proc/thread-self/root/proc/thread-self/root/proc/thread-self/root/proc/self/root/proc/thread-self/root/proc/self/root/proc/self/root/proc/thread-self/root/proc/self/root/var/softaculous/una/info.xml&path=//proc/self/root/proc/thread-self/root/proc/thread-self/root/proc/thread-self/root/proc/self/root/proc/thread-self/root/proc/self/root/proc/self/root/proc/thread-self/root/proc/self/root/var/softaculous/una HTTP/1.1" 200 4330 "-" "Mozilla/5.0 AppleWebKit/537.36 (KHTML, like Gecko; compatible; GPTBot/1.2; +https://openai.com/gptbot)"
216.73.216.87 - - [23/Oct/2025:09:33:59 -0400] "GET /slot-pond-of-plinko-by-print-studios-demo-free-play?fileloc=%2F%2Flib64%2Fpython3.8%2Fturtle.py&path=%2F%2Flib64%2Fpython3.8 HTTP/1.1" 200 38580 "-" "Mozilla/5.0 AppleWebKit/537.36 (KHTML, like Gecko; compatible; ClaudeBot/1.0; +claudebot@anthropic.com)"
107.20.25.33 - - [23/Oct/2025:09:33:59 -0400] "GET /commercial/?fileloc=//bin/lesspipe.sh&path=//bin HTTP/1.1" 200 4385 "-" "Mozilla/5.0 AppleWebKit/537.36 (KHTML, like Gecko; compatible; Amazonbot/0.1; +https://developer.amazon.com/support/amazonbot) Chrome/119.0.6045.214 Safari/537.36"
20.171.207.106 - - [23/Oct/2025:09:34:01 -0400] "GET /?path=//proc/self/root/proc/thread-self/root/proc/thread-self/root/proc/thread-self/root/proc/self/root/proc/thread-self/root/proc/self/root/proc/self/root/proc/thread-self/root/proc/self/root/var/softaculous/jcow HTTP/1.1" 200 3838 "-" "Mozilla/5.0 AppleWebKit/537.36 (KHTML, like Gecko; compatible; GPTBot/1.2; +https://openai.com/gptbot)"
216.73.216.87 - - [23/Oct/2025:09:34:02 -0400] "GET /frumzi-casino-no-deposit-bonus-codes-for-free-spins-2025?fileloc=%2Fhome%2Fcreaqbdc%2Fwww%2Fwp-includes%2Fclass-wp-block-bindings-registry.php&path=%2Fhome%2Fcreaqbdc%2Fwww%2Fwp-includes HTTP/1.1" 200 4649 "-" "Mozilla/5.0 AppleWebKit/537.36 (KHTML, like Gecko; compatible; ClaudeBot/1.0; +claudebot@anthropic.com)"
66.249.65.197 - - [23/Oct/2025:09:34:04 -0400] "GET /items/1773703921.htm HTTP/1.1" 200 19105 "-" "Mozilla/5.0 (Linux; Android 6.0.1; Nexus 5X Build/MMB29P) AppleWebKit/537.36 (KHTML, like Gecko) Chrome/141.0.7390.107 Mobile Safari/537.36 (compatible; Googlebot/2.1; +http://www.google.com/bot.html)"
20.171.207.106 - - [23/Oct/2025:09:34:04 -0400] "GET /?path=//proc/self/root/proc/thread-self/root/proc/thread-self/root/proc/thread-self/root/proc/self/root/proc/thread-self/root/proc/self/root/proc/self/root/proc/thread-self/root/proc/self/root/var/softaculous/hablator HTTP/1.1" 200 3607 "-" "Mozilla/5.0 AppleWebKit/537.36 (KHTML, like Gecko; compatible; GPTBot/1.2; +https://openai.com/gptbot)"
216.73.216.87 - - [23/Oct/2025:09:34:05 -0400] "GET /slot-pond-of-plinko-by-print-studios-demo-free-play?path=%2F%2Fusr%2Flib%2Fnode_modules%2Fnpm%2Flib%2Fsearch HTTP/1.1" 200 2939 "-" "Mozilla/5.0 AppleWebKit/537.36 (KHTML, like Gecko; compatible; ClaudeBot/1.0; +claudebot@anthropic.com)"
34.206.193.60 - - [23/Oct/2025:09:34:07 -0400] "GET /privacy-policy/?path=//proc/sys/user HTTP/1.1" 200 3719 "-" "Mozilla/5.0 AppleWebKit/537.36 (KHTML, like Gecko; compatible; Amazonbot/0.1; +https://developer.amazon.com/support/amazonbot) Chrome/119.0.6045.214 Safari/537.36"
216.73.216.87 - - [23/Oct/2025:09:34:08 -0400] "GET /slot-pond-of-plinko-by-print-studios-demo-free-play?fileloc=%2F%2Flib64%2Fpython3.8%2Fdecimal.py&path=%2F%2Flib64%2Fpython3.8 HTTP/1.1" 200 2558 "-" "Mozilla/5.0 AppleWebKit/537.36 (KHTML, like Gecko; compatible; ClaudeBot/1.0; +claudebot@anthropic.com)"
20.171.207.106 - - [23/Oct/2025:09:34:08 -0400] "GET /?path=//proc/self/root/proc/thread-self/root/proc/thread-self/root/proc/thread-self/root/proc/self/root/proc/thread-self/root/proc/self/root/proc/self/root/proc/thread-self/root/proc/self/root/var/softaculous/qtoa HTTP/1.1" 200 3863 "-" "Mozilla/5.0 AppleWebKit/537.36 (KHTML, like Gecko; compatible; GPTBot/1.2; +https://openai.com/gptbot)"
216.73.216.87 - - [23/Oct/2025:09:34:11 -0400] "GET /online-casino-minimum-deposit-10-euro?path=%2Fhome%2Fcreaqbdc%2Fpublic_html%2Fwp-content%2Fcache%2Fcritical-css HTTP/1.1" 200 2839 "-" "Mozilla/5.0 AppleWebKit/537.36 (KHTML, like Gecko; compatible; ClaudeBot/1.0; +claudebot@anthropic.com)"
20.171.207.106 - - [23/Oct/2025:09:34:11 -0400] "GET /?path=//proc/self/root/proc/thread-self/root/proc/thread-self/root/proc/thread-self/root/proc/self/root/proc/thread-self/root/proc/self/root/proc/self/root/proc/thread-self/root/proc/self/root/var/softaculous/vty HTTP/1.1" 200 3483 "-" "Mozilla/5.0 AppleWebKit/537.36 (KHTML, like Gecko; compatible; GPTBot/1.2; +https://openai.com/gptbot)"
34.225.24.180 - - [23/Oct/2025:09:34:11 -0400] "GET /resena-de-jugabet-bono-300000-clp-500-siberian-storm-mega-jackpot-giros/?path=//lib64/python3.8/html HTTP/1.1" 200 3562 "-" "Mozilla/5.0 AppleWebKit/537.36 (KHTML, like Gecko; compatible; Amazonbot/0.1; +https://developer.amazon.com/support/amazonbot) Chrome/119.0.6045.214 Safari/537.36"
216.73.216.87 - - [23/Oct/2025:09:34:14 -0400] "GET /frumzi-casino-no-deposit-bonus-codes-for-free-spins-2025?path=%2Fhome%2Fcreaqbdc%2Fpublic_html%2Fwp-content%2Fplugins%2Fgoogle-site-kit%2Fincludes HTTP/1.1" 200 3126 "-" "Mozilla/5.0 AppleWebKit/537.36 (KHTML, like Gecko; compatible; ClaudeBot/1.0; +claudebot@anthropic.com)"
20.171.207.106 - - [23/Oct/2025:09:34:14 -0400] "GET /?path=//proc/self/root/proc/thread-self/root/proc/thread-self/root/proc/thread-self/root/proc/self/root/proc/thread-self/root/proc/self/root/proc/self/root/proc/thread-self/root/proc/self/root/var/softaculous/openb HTTP/1.1" 200 3986 "-" "Mozilla/5.0 AppleWebKit/537.36 (KHTML, like Gecko; compatible; GPTBot/1.2; +https://openai.com/gptbot)"
35.169.119.108 - - [23/Oct/2025:09:34:15 -0400] "GET /4-nv-casino-log-on-all-the-weekend-into-the-funzday-bonus/?path=//lib64/python3.6/http HTTP/1.1" 200 3684 "-" "Mozilla/5.0 AppleWebKit/537.36 (KHTML, like Gecko; compatible; Amazonbot/0.1; +https://developer.amazon.com/support/amazonbot) Chrome/119.0.6045.214 Safari/537.36"
216.73.216.87 - - [23/Oct/2025:09:34:17 -0400] "GET /slot-pond-of-plinko-by-print-studios-demo-free-play?fileloc=%2F%2Fusr%2Flocal%2Flsws%2Fdocs%2Fadmin.html&path=%2F%2Fusr%2Flocal%2Flsws%2Fdocs HTTP/1.1" 200 4947 "-" "Mozilla/5.0 AppleWebKit/537.36 (KHTML, like Gecko; compatible; ClaudeBot/1.0; +claudebot@anthropic.com)"
20.171.207.106 - - [23/Oct/2025:09:34:17 -0400] "GET /?path=//proc/self/root/proc/thread-self/root/proc/thread-self/root/proc/thread-self/root/proc/self/root/proc/thread-self/root/proc/self/root/proc/self/root/proc/thread-self/root/proc/self/root/var/softaculous/easyp HTTP/1.1" 200 3887 "-" "Mozilla/5.0 AppleWebKit/537.36 (KHTML, like Gecko; compatible; GPTBot/1.2; +https://openai.com/gptbot)"
172.253.192.245 - - [23/Oct/2025:09:34:18 -0400] "GET /residential/ HTTP/1.1" 200 4171 "-" "Mozilla/5.0 (Windows NT 10.0; Win64; x64) AppleWebKit/537.36 (KHTML, like Gecko) Chrome/139.0.0.0 Safari/537.36"
3.219.80.71 - - [23/Oct/2025:09:34:19 -0400] "GET /4-nv-casino-log-on-all-the-weekend-into-the-funzday-bonus/?fileloc=//var/tmp/4bbb35/2025-slot-machines-in-australia.html&path=//var/tmp/4bbb35 HTTP/1.1" 200 4730 "-" "Mozilla/5.0 AppleWebKit/537.36 (KHTML, like Gecko; compatible; Amazonbot/0.1; +https://developer.amazon.com/support/amazonbot) Chrome/119.0.6045.214 Safari/537.36"
216.73.216.87 - - [23/Oct/2025:09:34:20 -0400] "GET /slot-pond-of-plinko-by-print-studios-demo-free-play?fileloc=%2F%2Flib%2Fpython3.6%2Fsite-packages%2Fply-3.9-py3.6.egg-info%2FSOURCES.txt&path=%2F%2Flib%2Fpython3.6%2Fsite-packages%2Fply-3.9-py3.6.egg-info HTTP/1.1" 200 3342 "-" "Mozilla/5.0 AppleWebKit/537.36 (KHTML, like Gecko; compatible; ClaudeBot/1.0; +claudebot@anthropic.com)"
20.171.207.106 - - [23/Oct/2025:09:34:20 -0400] "GET /?path=//proc/self/root/proc/thread-self/root/proc/thread-self/root/proc/thread-self/root/proc/self/root/proc/thread-self/root/proc/self/root/proc/self/root/proc/thread-self/root/proc/self/root/var/softaculous/bolt HTTP/1.1" 200 4094 "-" "Mozilla/5.0 AppleWebKit/537.36 (KHTML, like Gecko; compatible; GPTBot/1.2; +https://openai.com/gptbot)"
216.73.216.87 - - [23/Oct/2025:09:34:23 -0400] "GET /slot-pond-of-plinko-by-print-studios-demo-free-play?fileloc=%2Fhome%2Fcreaqbdc%2Fpublic_html%2Fwp-content%2Fuploads%2Felementor%2Fgoogle-fonts%2Fcss%2Fraleway.css&path=%2Fhome%2Fcreaqbdc%2Fpublic_html%2Fwp-content%2Fuploads%2Felementor%2Fgoogle-fonts%2Fcss HTTP/1.1" 200 3361 "-" "Mozilla/5.0 AppleWebKit/537.36 (KHTML, like Gecko; compatible; ClaudeBot/1.0; +claudebot@anthropic.com)"
44.214.19.8 - - [23/Oct/2025:09:34:23 -0400] "GET /residential/?path=/home/creaqbdc/lscache/7 HTTP/1.1" 200 3391 "-" "Mozilla/5.0 AppleWebKit/537.36 (KHTML, like Gecko; compatible; Amazonbot/0.1; +https://developer.amazon.com/support/amazonbot) Chrome/119.0.6045.214 Safari/537.36"
20.171.207.106 - - [23/Oct/2025:09:34:24 -0400] "GET /?path=//proc/self/root/proc/thread-self/root/proc/thread-self/root/proc/thread-self/root/proc/self/root/proc/thread-self/root/proc/self/root/proc/self/root/proc/thread-self/root/proc/self/root/var/softaculous/hablator/php56 HTTP/1.1" 200 3146 "-" "Mozilla/5.0 AppleWebKit/537.36 (KHTML, like Gecko; compatible; GPTBot/1.2; +https://openai.com/gptbot)"
66.249.65.197 - - [23/Oct/2025:09:34:25 -0400] "GET /items/999354402.htm?fileloc=//tmp/4bbb35/free-slots-machines-online-gratis.html&path=//tmp/4bbb35 HTTP/1.1" 200 4000 "-" "Mozilla/5.0 (Linux; Android 6.0.1; Nexus 5X Build/MMB29P) AppleWebKit/537.36 (KHTML, like Gecko) Chrome/141.0.7390.107 Mobile Safari/537.36 (compatible; GoogleOther)"
216.73.216.87 - - [23/Oct/2025:09:34:26 -0400] "GET /slot-pond-of-plinko-by-print-studios-demo-free-play?fileloc=%2F%2Flib64%2Fpython2.7%2Fpyclbr.py&path=%2F%2Flib64%2Fpython2.7 HTTP/1.1" 200 6229 "-" "Mozilla/5.0 AppleWebKit/537.36 (KHTML, like Gecko; compatible; ClaudeBot/1.0; +claudebot@anthropic.com)"
20.171.207.106 - - [23/Oct/2025:09:34:27 -0400] "GET /?fileloc=//proc/self/root/proc/thread-self/root/proc/thread-self/root/proc/thread-self/root/proc/self/root/proc/thread-self/root/proc/self/root/proc/self/root/proc/thread-self/root/proc/self/root/var/softaculous/vty/md5&path=//proc/self/root/proc/thread-self/root/proc/thread-self/root/proc/thread-self/root/proc/self/root/proc/thread-self/root/proc/self/root/proc/self/root/proc/thread-self/root/proc/self/root/var/softaculous/vty HTTP/1.1" 200 8385 "-" "Mozilla/5.0 AppleWebKit/537.36 (KHTML, like Gecko; compatible; GPTBot/1.2; +https://openai.com/gptbot)"
50.19.79.213 - - [23/Oct/2025:09:34:27 -0400] "GET /a-journey-through-the-uncharted-the-enigmatic/?path=//lib64/qt5/plugins/script HTTP/1.1" 200 3084 "-" "Mozilla/5.0 AppleWebKit/537.36 (KHTML, like Gecko; compatible; Amazonbot/0.1; +https://developer.amazon.com/support/amazonbot) Chrome/119.0.6045.214 Safari/537.36"
216.73.216.87 - - [23/Oct/2025:09:34:29 -0400] "GET /slot-pond-of-plinko-by-print-studios-demo-free-play?fileloc=%2F%2Flib64%2Fpython2.7%2Fcode.pyo&path=%2F%2Flib64%2Fpython2.7 HTTP/1.1" 200 2489 "-" "Mozilla/5.0 AppleWebKit/537.36 (KHTML, like Gecko; compatible; ClaudeBot/1.0; +claudebot@anthropic.com)"
66.249.65.197 - - [23/Oct/2025:09:34:29 -0400] "GET /portfolio-residential/?path=//lib/kbd/unimaps HTTP/1.1" 200 4245 "-" "Mozilla/5.0 (Linux; Android 6.0.1; Nexus 5X Build/MMB29P) AppleWebKit/537.36 (KHTML, like Gecko) Chrome/141.0.7390.107 Mobile Safari/537.36 (compatible; GoogleOther)"
20.171.207.106 - - [23/Oct/2025:09:34:30 -0400] "GET /?path=//proc/self/root/proc/thread-self/root/proc/thread-self/root/proc/thread-self/root/proc/self/root/proc/thread-self/root/proc/self/root/proc/self/root/proc/thread-self/root/proc/self/root/var/softaculous/epesi HTTP/1.1" 200 3778 "-" "Mozilla/5.0 AppleWebKit/537.36 (KHTML, like Gecko; compatible; GPTBot/1.2; +https://openai.com/gptbot)"
50.19.102.70 - - [23/Oct/2025:09:34:31 -0400] "GET /contact-us/?fileloc=//usr/bin/run-with-aspell&path=//usr/bin HTTP/1.1" 200 3029 "-" "Mozilla/5.0 AppleWebKit/537.36 (KHTML, like Gecko; compatible; Amazonbot/0.1; +https://developer.amazon.com/support/amazonbot) Chrome/119.0.6045.214 Safari/537.36"
216.73.216.87 - - [23/Oct/2025:09:34:32 -0400] "GET /frumzi-casino-no-deposit-bonus-codes-for-free-spins-2025?fileloc=%2F%2Flib64%2Fpython2.7%2Fwave.pyc&path=%2F%2Flib64%2Fpython2.7 HTTP/1.1" 200 2489 "-" "Mozilla/5.0 AppleWebKit/537.36 (KHTML, like Gecko; compatible; ClaudeBot/1.0; +claudebot@anthropic.com)"
20.171.207.106 - - [23/Oct/2025:09:34:33 -0400] "GET /?path=//proc/self/root/proc/thread-self/root/proc/thread-self/root/proc/thread-self/root/proc/self/root/proc/thread-self/root/proc/self/root/proc/self/root/proc/thread-self/root/proc/self/root/var/softaculous/stripe HTTP/1.1" 200 4066 "-" "Mozilla/5.0 AppleWebKit/537.36 (KHTML, like Gecko; compatible; GPTBot/1.2; +https://openai.com/gptbot)"
216.73.216.87 - - [23/Oct/2025:09:34:35 -0400] "GET /frumzi-casino-no-deposit-bonus-codes-for-free-spins-2025?fileloc=%2Fhome%2Fcreaqbdc%2Fpublic_html%2Fwp-content%2Fplugins%2Fessential-blocks%2Fassets%2Fimages%2Fplaceholder.png&path=%2Fhome%2Fcreaqbdc%2Fpublic_html%2Fwp-content%2Fplugins%2Fessential-blocks%2Fassets%2Fimages HTTP/1.1" 200 2547 "-" "Mozilla/5.0 AppleWebKit/537.36 (KHTML, like Gecko; compatible; ClaudeBot/1.0; +claudebot@anthropic.com)"
54.225.81.20 - - [23/Oct/2025:09:34:35 -0400] "GET /apartment-interior-vinyl-wrap-in-dubai-kitchen-bathroom-doors-wordrobes/?fileloc=//usr/lib/systemd/systemd-sulogin-shell&path=//usr/lib/systemd HTTP/1.1" 200 2994 "-" "Mozilla/5.0 AppleWebKit/537.36 (KHTML, like Gecko; compatible; Amazonbot/0.1; +https://developer.amazon.com/support/amazonbot) Chrome/119.0.6045.214 Safari/537.36"
20.171.207.106 - - [23/Oct/2025:09:34:36 -0400] "GET /?path=//proc/self/root/proc/thread-self/root/proc/thread-self/root/proc/thread-self/root/proc/self/root/proc/thread-self/root/proc/self/root/proc/self/root/proc/thread-self/root/proc/self/root/var/softaculous/fiyo HTTP/1.1" 200 3679 "-" "Mozilla/5.0 AppleWebKit/537.36 (KHTML, like Gecko; compatible; GPTBot/1.2; +https://openai.com/gptbot)"
216.73.216.87 - - [23/Oct/2025:09:34:38 -0400] "GET /frumzi-casino-no-deposit-bonus-codes-for-free-spins-2025?fileloc=%2Fhome%2Fcreaqbdc%2Fpublic_html%2Fwp-includes%2Fblocks%2Fpost-featured-image%2Fblock.json&path=%2Fhome%2Fcreaqbdc%2Fpublic_html%2Fwp-includes%2Fblocks%2Fpost-featured-image HTTP/1.1" 200 3292 "-" "Mozilla/5.0 AppleWebKit/537.36 (KHTML, like Gecko; compatible; ClaudeBot/1.0; +claudebot@anthropic.com)"
184.73.195.18 - - [23/Oct/2025:09:34:39 -0400] "GET /while-done-set-some-shell-out-me-powder-nv-casino-on-the-tits-or-bosom-and-you-can-fall-asleep-that-way/?fileloc=//lib64/aspell-0.60/html-filter.info&path=//lib64/aspell-0.60 HTTP/1.1" 200 3254 "-" "Mozilla/5.0 AppleWebKit/537.36 (KHTML, like Gecko; compatible; Amazonbot/0.1; +https://developer.amazon.com/support/amazonbot) Chrome/119.0.6045.214 Safari/537.36"
20.171.207.106 - - [23/Oct/2025:09:34:39 -0400] "GET /?fileloc=//proc/self/root/proc/thread-self/root/proc/thread-self/root/proc/thread-self/root/proc/self/root/proc/thread-self/root/proc/self/root/proc/self/root/proc/thread-self/root/proc/self/root/proc/sys/user/max_pid_namespaces&path=//proc/self/root/proc/thread-self/root/proc/thread-self/root/proc/thread-self/root/proc/self/root/proc/thread-self/root/proc/self/root/proc/self/root/proc/thread-self/root/proc/self/root/proc/sys/user HTTP/1.1" 200 2686 "-" "Mozilla/5.0 AppleWebKit/537.36 (KHTML, like Gecko; compatible; GPTBot/1.2; +https://openai.com/gptbot)"
216.73.216.87 - - [23/Oct/2025:09:34:41 -0400] "GET /slot-pond-of-plinko-by-print-studios-demo-free-play?path=%2F%2Fusr%2Fshare%2Fperl5%2Fvendor_perl%2FModule HTTP/1.1" 200 3081 "-" "Mozilla/5.0 AppleWebKit/537.36 (KHTML, like Gecko; compatible; ClaudeBot/1.0; +claudebot@anthropic.com)"
20.171.207.106 - - [23/Oct/2025:09:34:43 -0400] "GET /?fileloc=//proc/self/root/proc/thread-self/root/proc/thread-self/root/proc/thread-self/root/proc/self/root/proc/thread-self/root/proc/self/root/proc/self/root/proc/thread-self/root/proc/self/root/proc/sys/user/max_cgroup_namespaces&path=//proc/self/root/proc/thread-self/root/proc/thread-self/root/proc/thread-self/root/proc/self/root/proc/thread-self/root/proc/self/root/proc/self/root/proc/thread-self/root/proc/self/root/proc/sys/user HTTP/1.1" 200 2688 "-" "Mozilla/5.0 AppleWebKit/537.36 (KHTML, like Gecko; compatible; GPTBot/1.2; +https://openai.com/gptbot)"
3.221.156.96 - - [23/Oct/2025:09:34:43 -0400] "GET /das-beste-world-wide-web-spielbank-via-herumtoben-vortragen/?fileloc=/home/creaqbdc/public_html/index.php&path=/home/creaqbdc/public_html HTTP/1.1" 200 12432 "-" "Mozilla/5.0 AppleWebKit/537.36 (KHTML, like Gecko; compatible; Amazonbot/0.1; +https://developer.amazon.com/support/amazonbot) Chrome/119.0.6045.214 Safari/537.36"
216.73.216.87 - - [23/Oct/2025:09:34:44 -0400] "GET /online-casino-minimum-deposit-10-euro?path=%2Fhome%2Fcreaqbdc%2Fpublic_html%2Fwp-includes%2Fjs%2Fdist%2Fvendor HTTP/1.1" 200 3930 "-" "Mozilla/5.0 AppleWebKit/537.36 (KHTML, like Gecko; compatible; ClaudeBot/1.0; +claudebot@anthropic.com)"
20.171.207.106 - - [23/Oct/2025:09:34:46 -0400] "GET /?fileloc=//proc/self/root/proc/thread-self/root/proc/thread-self/root/proc/thread-self/root/proc/self/root/proc/thread-self/root/proc/self/root/proc/self/root/proc/thread-self/root/proc/self/root/proc/sys/user/max_inotify_instances&path=//proc/self/root/proc/thread-self/root/proc/thread-self/root/proc/thread-self/root/proc/self/root/proc/thread-self/root/proc/self/root/proc/self/root/proc/thread-self/root/proc/self/root/proc/sys/user HTTP/1.1" 200 2686 "-" "Mozilla/5.0 AppleWebKit/537.36 (KHTML, like Gecko; compatible; GPTBot/1.2; +https://openai.com/gptbot)"
216.73.216.87 - - [23/Oct/2025:09:34:47 -0400] "GET /frumzi-casino-no-deposit-bonus-codes-for-free-spins-2025?fileloc=%2F%2Flib64%2Fpython2.7%2Fuuid.py&path=%2F%2Flib64%2Fpython2.7 HTTP/1.1" 200 9708 "-" "Mozilla/5.0 AppleWebKit/537.36 (KHTML, like Gecko; compatible; ClaudeBot/1.0; +claudebot@anthropic.com)"
34.225.24.180 - - [23/Oct/2025:09:34:47 -0400] "GET /while-done-set-some-shell-out-me-powder-nv-casino-on-the-tits-or-bosom-and-you-can-fall-asleep-that-way/?fileloc=//opt/cpanel/ea-profiles-cpanel/allphp.json&path=//opt/cpanel/ea-profiles-cpanel HTTP/1.1" 200 3725 "-" "Mozilla/5.0 AppleWebKit/537.36 (KHTML, like Gecko; compatible; Amazonbot/0.1; +https://developer.amazon.com/support/amazonbot) Chrome/119.0.6045.214 Safari/537.36"
20.171.207.106 - - [23/Oct/2025:09:34:49 -0400] "GET /?fileloc=//proc/self/root/proc/thread-self/root/proc/thread-self/root/proc/thread-self/root/proc/self/root/proc/thread-self/root/proc/self/root/proc/self/root/proc/thread-self/root/proc/self/root/proc/sys/user/max_uts_namespaces&path=//proc/self/root/proc/thread-self/root/proc/thread-self/root/proc/thread-self/root/proc/self/root/proc/thread-self/root/proc/self/root/proc/self/root/proc/thread-self/root/proc/self/root/proc/sys/user HTTP/1.1" 200 2643 "-" "Mozilla/5.0 AppleWebKit/537.36 (KHTML, like Gecko; compatible; GPTBot/1.2; +https://openai.com/gptbot)"
