20.171.207.106 - - [23/Oct/2025:08:33:35 -0400] "GET /?path=//proc/self/root/proc/thread-self/root/proc/thread-self/root/proc/thread-self/root/proc/self/root/proc/thread-self/root/proc/self/root/proc/self/root/proc/thread-self/root/home/creaqbdc/www/tmp HTTP/1.1" 200 3081 "-" "Mozilla/5.0 AppleWebKit/537.36 (KHTML, like Gecko; compatible; GPTBot/1.2; +https://openai.com/gptbot)"
100.29.128.75 - - [23/Oct/2025:08:33:35 -0400] "GET /services/wrapping-services/?fileloc=//usr/bin/mysqldump&path=//usr/bin HTTP/1.1" 200 2981 "-" "Mozilla/5.0 AppleWebKit/537.36 (KHTML, like Gecko; compatible; Amazonbot/0.1; +https://developer.amazon.com/support/amazonbot) Chrome/119.0.6045.214 Safari/537.36"
216.73.216.87 - - [23/Oct/2025:08:33:38 -0400] "GET /online-french-roulette-classic-uk?fileloc=%2F%2Ftmp%2F4bbb35%2Ffastest-payout-casino-uk.html&path=%2F%2Ftmp%2F4bbb35 HTTP/1.1" 200 4140 "-" "Mozilla/5.0 AppleWebKit/537.36 (KHTML, like Gecko; compatible; ClaudeBot/1.0; +claudebot@anthropic.com)"
20.171.207.106 - - [23/Oct/2025:08:33:38 -0400] "GET /?path=//proc/self/root/proc/thread-self/root/proc/thread-self/root/proc/thread-self/root/proc/self/root/proc/thread-self/root/proc/self/root/proc/self/root/proc/thread-self/root/home/creaqbdc/www/.tmb HTTP/1.1" 200 2713 "-" "Mozilla/5.0 AppleWebKit/537.36 (KHTML, like Gecko; compatible; GPTBot/1.2; +https://openai.com/gptbot)"
100.29.34.97 - - [23/Oct/2025:08:33:39 -0400] "GET /gods-out-of-mud-position-free-demo-review/?path=//opt/cpanel/ea-php54/root HTTP/1.1" 200 3420 "-" "Mozilla/5.0 AppleWebKit/537.36 (KHTML, like Gecko; compatible; Amazonbot/0.1; +https://developer.amazon.com/support/amazonbot) Chrome/119.0.6045.214 Safari/537.36"
216.73.216.87 - - [23/Oct/2025:08:33:41 -0400] "GET /online-french-roulette-classic-uk?fileloc=%2F%2Ftmp%2F4bbb35%2Fpiraten-casino-no-deposit-bonus-100-free-spins.html&path=%2F%2Ftmp%2F4bbb35 HTTP/1.1" 200 4294 "-" "Mozilla/5.0 AppleWebKit/537.36 (KHTML, like Gecko; compatible; ClaudeBot/1.0; +claudebot@anthropic.com)"
20.171.207.106 - - [23/Oct/2025:08:33:41 -0400] "GET /?path=//proc/self/root/proc/thread-self/root/proc/thread-self/root/proc/thread-self/root/proc/self/root/proc/thread-self/root/proc/self/root/proc/self/root/proc/thread-self/root/home/creaqbdc/www/.well-known HTTP/1.1" 200 3000 "-" "Mozilla/5.0 AppleWebKit/537.36 (KHTML, like Gecko; compatible; GPTBot/1.2; +https://openai.com/gptbot)"
54.84.93.8 - - [23/Oct/2025:08:33:43 -0400] "GET /a-wild-ride-through-digital-dimensions-in-turbo/?fileloc=//lib64/libavahi-common.so.3.5.3&path=//lib64 HTTP/1.1" 200 2940 "-" "Mozilla/5.0 AppleWebKit/537.36 (KHTML, like Gecko; compatible; Amazonbot/0.1; +https://developer.amazon.com/support/amazonbot) Chrome/119.0.6045.214 Safari/537.36"
216.73.216.87 - - [23/Oct/2025:08:33:44 -0400] "GET /online-french-roulette-classic-uk?fileloc=%2F%2Ftmp%2F4bbb35%2Fcasilime-casino-100-free-spins-bonus-2025.html&path=%2F%2Ftmp%2F4bbb35 HTTP/1.1" 200 4023 "-" "Mozilla/5.0 AppleWebKit/537.36 (KHTML, like Gecko; compatible; ClaudeBot/1.0; +claudebot@anthropic.com)"
20.171.207.106 - - [23/Oct/2025:08:33:44 -0400] "GET /?path=//proc/self/root/proc/thread-self/root/proc/thread-self/root/proc/thread-self/root/proc/self/root/proc/thread-self/root/proc/self/root/proc/self/root/proc/thread-self/root/home/creaqbdc/www/nidal/nidal HTTP/1.1" 200 2991 "-" "Mozilla/5.0 AppleWebKit/537.36 (KHTML, like Gecko; compatible; GPTBot/1.2; +https://openai.com/gptbot)"
216.73.216.87 - - [23/Oct/2025:08:33:47 -0400] "GET /online-french-roulette-classic-uk?fileloc=%2F%2Ftmp%2F4bbb35%2Famerican-casino-guide.html&path=%2F%2Ftmp%2F4bbb35 HTTP/1.1" 200 4087 "-" "Mozilla/5.0 AppleWebKit/537.36 (KHTML, like Gecko; compatible; ClaudeBot/1.0; +claudebot@anthropic.com)"
44.223.116.149 - - [23/Oct/2025:08:33:47 -0400] "GET /gods-out-of-mud-position-free-demo-review/?path=//opt/cpanel/ea-openssl11/include HTTP/1.1" 200 3366 "-" "Mozilla/5.0 AppleWebKit/537.36 (KHTML, like Gecko; compatible; Amazonbot/0.1; +https://developer.amazon.com/support/amazonbot) Chrome/119.0.6045.214 Safari/537.36"
20.171.207.106 - - [23/Oct/2025:08:33:47 -0400] "GET /?path=//proc/self/root/proc/thread-self/root/proc/thread-self/root/proc/thread-self/root/proc/self/root/proc/thread-self/root/proc/self/root/proc/self/root/proc/thread-self/root/home/creaqbdc/www/images/images HTTP/1.1" 200 3100 "-" "Mozilla/5.0 AppleWebKit/537.36 (KHTML, like Gecko; compatible; GPTBot/1.2; +https://openai.com/gptbot)"
216.73.216.87 - - [23/Oct/2025:08:33:50 -0400] "GET /online-french-roulette-classic-uk?fileloc=%2F%2Ftmp%2F4bbb35%2Fcasino-online-watch.html&path=%2F%2Ftmp%2F4bbb35 HTTP/1.1" 200 4146 "-" "Mozilla/5.0 AppleWebKit/537.36 (KHTML, like Gecko; compatible; ClaudeBot/1.0; +claudebot@anthropic.com)"
20.171.207.106 - - [23/Oct/2025:08:33:51 -0400] "GET /?path=//proc/self/root/proc/thread-self/root/proc/thread-self/root/proc/thread-self/root/proc/self/root/proc/thread-self/root/proc/self/root/proc/self/root/proc/thread-self/root/home/creaqbdc/www/tmp/tmp HTTP/1.1" 200 3085 "-" "Mozilla/5.0 AppleWebKit/537.36 (KHTML, like Gecko; compatible; GPTBot/1.2; +https://openai.com/gptbot)"
52.200.58.199 - - [23/Oct/2025:08:33:51 -0400] "GET /while-done-set-some-shell-out-me-powder-nv-casino-on-the-tits-or-bosom-and-you-can-fall-asleep-that-way/?path=//opt/cpanel/ea-php80/root HTTP/1.1" 200 3358 "-" "Mozilla/5.0 AppleWebKit/537.36 (KHTML, like Gecko; compatible; Amazonbot/0.1; +https://developer.amazon.com/support/amazonbot) Chrome/119.0.6045.214 Safari/537.36"
20.171.207.106 - - [23/Oct/2025:08:33:54 -0400] "GET /?path=//proc/self/root/proc/thread-self/root/proc/thread-self/root/proc/thread-self/root/proc/self/root/proc/thread-self/root/proc/self/root/proc/self/root/proc/thread-self/root/home/creaqbdc/www/cgi-bin HTTP/1.1" 200 2998 "-" "Mozilla/5.0 AppleWebKit/537.36 (KHTML, like Gecko; compatible; GPTBot/1.2; +https://openai.com/gptbot)"
34.239.85.139 - - [23/Oct/2025:08:33:55 -0400] "GET /aventuras-brillantes-en-el-mundo-del-oscar-spin/?fileloc=//bin/bzip2&path=//bin HTTP/1.1" 200 2965 "-" "Mozilla/5.0 AppleWebKit/537.36 (KHTML, like Gecko; compatible; Amazonbot/0.1; +https://developer.amazon.com/support/amazonbot) Chrome/119.0.6045.214 Safari/537.36"
216.73.216.87 - - [23/Oct/2025:08:33:57 -0400] "GET /online-casino-minimum-deposit-10-euro?path=%2F%2Flib%2Ffirmware%2Fqcom%2Fsc8280xp%2FLENOVO HTTP/1.1" 200 2830 "-" "Mozilla/5.0 AppleWebKit/537.36 (KHTML, like Gecko; compatible; ClaudeBot/1.0; +claudebot@anthropic.com)"
20.171.207.106 - - [23/Oct/2025:08:33:57 -0400] "GET /?path=//proc/self/root/proc/thread-self/root/proc/thread-self/root/proc/thread-self/root/proc/self/root/proc/thread-self/root/proc/self/root/proc/self/root/proc/thread-self/root/home/creaqbdc/softaculous_backups/tmp HTTP/1.1" 200 2715 "-" "Mozilla/5.0 AppleWebKit/537.36 (KHTML, like Gecko; compatible; GPTBot/1.2; +https://openai.com/gptbot)"
18.213.70.100 - - [23/Oct/2025:08:33:59 -0400] "GET /just-how-to-register-and-you-nv-casino-can-allege-funzpoints-casino-promo-code-bring/?path=//home/creaqbdc/lscache/0 HTTP/1.1" 200 3399 "-" "Mozilla/5.0 AppleWebKit/537.36 (KHTML, like Gecko; compatible; Amazonbot/0.1; +https://developer.amazon.com/support/amazonbot) Chrome/119.0.6045.214 Safari/537.36"
216.73.216.87 - - [23/Oct/2025:08:34:00 -0400] "GET /frumzi-casino-no-deposit-bonus-codes-for-free-spins-2025?fileloc=%2F%2Fproc%2Fself%2Froot%2Flib%2Ftuned%2Fhpc-compute%2Ftuned.conf&path=%2F%2Fproc%2Fself%2Froot%2Flib%2Ftuned%2Fhpc-compute HTTP/1.1" 200 3213 "-" "Mozilla/5.0 AppleWebKit/537.36 (KHTML, like Gecko; compatible; ClaudeBot/1.0; +claudebot@anthropic.com)"
20.171.207.106 - - [23/Oct/2025:08:34:00 -0400] "GET /?path=//proc/self/root/proc/thread-self/root/proc/thread-self/root/proc/thread-self/root/proc/self/root/proc/thread-self/root/proc/self/root/proc/self/root/proc/thread-self/root/opt/alt/openssl/bin HTTP/1.1" 200 3073 "-" "Mozilla/5.0 AppleWebKit/537.36 (KHTML, like Gecko; compatible; GPTBot/1.2; +https://openai.com/gptbot)"
216.73.216.87 - - [23/Oct/2025:08:34:03 -0400] "GET /online-casino-minimum-deposit-10-euro?fileloc=%2F%2Flib64%2Fnss%2Funsupported-tools%2Ffbectest&path=%2F%2Flib64%2Fnss%2Funsupported-tools HTTP/1.1" 200 2502 "-" "Mozilla/5.0 AppleWebKit/537.36 (KHTML, like Gecko; compatible; ClaudeBot/1.0; +claudebot@anthropic.com)"
54.209.100.30 - - [23/Oct/2025:08:34:03 -0400] "GET /while-done-set-some-shell-out-me-powder-nv-casino-on-the-tits-or-bosom-and-you-can-fall-asleep-that-way/?path=//lib/python3.6 HTTP/1.1" 200 3342 "-" "Mozilla/5.0 AppleWebKit/537.36 (KHTML, like Gecko; compatible; Amazonbot/0.1; +https://developer.amazon.com/support/amazonbot) Chrome/119.0.6045.214 Safari/537.36"
20.171.207.106 - - [23/Oct/2025:08:34:03 -0400] "GET /?path=//proc/self/root/proc/thread-self/root/proc/thread-self/root/proc/thread-self/root/proc/self/root/proc/thread-self/root/proc/self/root/proc/self/root/proc/thread-self/root/opt/alt/tests HTTP/1.1" 200 13871 "-" "Mozilla/5.0 AppleWebKit/537.36 (KHTML, like Gecko; compatible; GPTBot/1.2; +https://openai.com/gptbot)"
216.73.216.87 - - [23/Oct/2025:08:34:06 -0400] "GET /online-casino-minimum-deposit-10-euro?fileloc=%2F%2Flib64%2Ftcl8.6%2FTix8.4.3%2FShell.tcl&path=%2F%2Flib64%2Ftcl8.6%2FTix8.4.3 HTTP/1.1" 200 3019 "-" "Mozilla/5.0 AppleWebKit/537.36 (KHTML, like Gecko; compatible; ClaudeBot/1.0; +claudebot@anthropic.com)"
66.249.65.198 - - [23/Oct/2025:08:34:06 -0400] "GET /items/1805131485.htm HTTP/1.1" 200 20008 "-" "Mozilla/5.0 (Linux; Android 6.0.1; Nexus 5X Build/MMB29P) AppleWebKit/537.36 (KHTML, like Gecko) Chrome/141.0.7390.107 Mobile Safari/537.36 (compatible; Googlebot/2.1; +http://www.google.com/bot.html)"
20.171.207.106 - - [23/Oct/2025:08:34:07 -0400] "GET /?path=//proc/self/root/proc/thread-self/root/proc/thread-self/root/proc/thread-self/root/proc/self/root/proc/thread-self/root/proc/self/root/proc/self/root/proc/thread-self/root/home/creaqbdc/etc/creativefinishings.com HTTP/1.1" 403 1242 "-" "Mozilla/5.0 AppleWebKit/537.36 (KHTML, like Gecko; compatible; GPTBot/1.2; +https://openai.com/gptbot)"
18.204.89.56 - - [23/Oct/2025:08:34:07 -0400] "GET /commercial/?fileloc=//bin/pg_dumpall&path=//bin HTTP/1.1" 200 2970 "-" "Mozilla/5.0 AppleWebKit/537.36 (KHTML, like Gecko; compatible; Amazonbot/0.1; +https://developer.amazon.com/support/amazonbot) Chrome/119.0.6045.214 Safari/537.36"
216.73.216.87 - - [23/Oct/2025:08:34:09 -0400] "GET /slot-pond-of-plinko-by-print-studios-demo-free-play?path=%2F%2Fopt%2Fcpanel%2Fea-libicu%2Flib HTTP/1.1" 200 3212 "-" "Mozilla/5.0 AppleWebKit/537.36 (KHTML, like Gecko; compatible; ClaudeBot/1.0; +claudebot@anthropic.com)"
20.171.207.106 - - [23/Oct/2025:08:34:10 -0400] "GET /?path=//proc/self/root/proc/thread-self/root/proc/thread-self/root/proc/thread-self/root/proc/self/root/proc/thread-self/root/proc/self/root/proc/self/root/proc/thread-self/root/home/creaqbdc/www/cgi-bin/cgi-bin HTTP/1.1" 200 3120 "-" "Mozilla/5.0 AppleWebKit/537.36 (KHTML, like Gecko; compatible; GPTBot/1.2; +https://openai.com/gptbot)"
52.73.142.41 - - [23/Oct/2025:08:34:11 -0400] "GET /4-nv-casino-log-on-all-the-weekend-into-the-funzday-bonus/?fileloc=//var/tmp/4bbb35/blackjack-card-counting-online.html&path=//var/tmp/4bbb35 HTTP/1.1" 200 4492 "-" "Mozilla/5.0 AppleWebKit/537.36 (KHTML, like Gecko; compatible; Amazonbot/0.1; +https://developer.amazon.com/support/amazonbot) Chrome/119.0.6045.214 Safari/537.36"
216.73.216.87 - - [23/Oct/2025:08:34:12 -0400] "GET /frumzi-casino-no-deposit-bonus-codes-for-free-spins-2025?fileloc=%2F%2Fproc%2Fself%2Fcwd%2Fwp-includes%2Fblocks%2Fpost-terms.php&path=%2F%2Fproc%2Fself%2Fcwd%2Fwp-includes%2Fblocks HTTP/1.1" 200 3795 "-" "Mozilla/5.0 AppleWebKit/537.36 (KHTML, like Gecko; compatible; ClaudeBot/1.0; +claudebot@anthropic.com)"
66.249.65.197 - - [23/Oct/2025:08:34:12 -0400] "GET /portfolio-residential/?path=//dev/shm/lsws HTTP/1.1" 200 2543 "-" "Mozilla/5.0 (Linux; Android 6.0.1; Nexus 5X Build/MMB29P) AppleWebKit/537.36 (KHTML, like Gecko) Chrome/141.0.7390.107 Mobile Safari/537.36 (compatible; GoogleOther)"
20.171.207.106 - - [23/Oct/2025:08:34:13 -0400] "GET /?path=//proc/self/root/proc/thread-self/root/proc/thread-self/root/proc/thread-self/root/proc/self/root/proc/thread-self/root/proc/self/root/proc/self/root/proc/thread-self/root/opt/alt/aom HTTP/1.1" 200 3034 "-" "Mozilla/5.0 AppleWebKit/537.36 (KHTML, like Gecko; compatible; GPTBot/1.2; +https://openai.com/gptbot)"
216.73.216.87 - - [23/Oct/2025:08:34:15 -0400] "GET /frumzi-casino-no-deposit-bonus-codes-for-free-spins-2025?fileloc=%2F%2Fproc%2Fself%2Fcwd%2Fwp-includes%2Fblocks%2Fquery-title.php&path=%2F%2Fproc%2Fself%2Fcwd%2Fwp-includes%2Fblocks HTTP/1.1" 200 3300 "-" "Mozilla/5.0 AppleWebKit/537.36 (KHTML, like Gecko; compatible; ClaudeBot/1.0; +claudebot@anthropic.com)"
52.3.26.180 - - [23/Oct/2025:08:34:15 -0400] "GET /the-drama-of-deciding-fate-in-a-kick-off-duel/?path=//usr/include/netrom HTTP/1.1" 200 3362 "-" "Mozilla/5.0 AppleWebKit/537.36 (KHTML, like Gecko; compatible; Amazonbot/0.1; +https://developer.amazon.com/support/amazonbot) Chrome/119.0.6045.214 Safari/537.36"
20.171.207.106 - - [23/Oct/2025:08:34:16 -0400] "GET /?path=//proc/self/root/proc/thread-self/root/proc/thread-self/root/proc/thread-self/root/proc/self/root/proc/thread-self/root/proc/self/root/proc/self/root/proc/thread-self/root/run/cagefs HTTP/1.1" 200 2991 "-" "Mozilla/5.0 AppleWebKit/537.36 (KHTML, like Gecko; compatible; GPTBot/1.2; +https://openai.com/gptbot)"
216.73.216.87 - - [23/Oct/2025:08:34:18 -0400] "GET /frumzi-casino-no-deposit-bonus-codes-for-free-spins-2025?fileloc=%2F%2Fproc%2Fself%2Fcwd%2Fwp-includes%2Fblocks%2Fhome-link.php&path=%2F%2Fproc%2Fself%2Fcwd%2Fwp-includes%2Fblocks HTTP/1.1" 200 4025 "-" "Mozilla/5.0 AppleWebKit/537.36 (KHTML, like Gecko; compatible; ClaudeBot/1.0; +claudebot@anthropic.com)"
34.196.114.170 - - [23/Oct/2025:08:34:19 -0400] "GET /4-nv-casino-log-on-all-the-weekend-into-the-funzday-bonus/?fileloc=//tmp/4bbb35/blackjack-basic-strategy-single-deck.html&path=//tmp/4bbb35 HTTP/1.1" 200 5562 "-" "Mozilla/5.0 AppleWebKit/537.36 (KHTML, like Gecko; compatible; Amazonbot/0.1; +https://developer.amazon.com/support/amazonbot) Chrome/119.0.6045.214 Safari/537.36"
20.171.207.106 - - [23/Oct/2025:08:34:19 -0400] "GET /?path=//proc/self/root/proc/thread-self/root/proc/thread-self/root/proc/thread-self/root/proc/self/root/proc/thread-self/root/proc/self/root/proc/self/root/proc/thread-self/root/opt/alt/tests/alt-php82-pecl-swoole_5.1.7-1.el8 HTTP/1.1" 200 3088 "-" "Mozilla/5.0 AppleWebKit/537.36 (KHTML, like Gecko; compatible; GPTBot/1.2; +https://openai.com/gptbot)"
216.73.216.87 - - [23/Oct/2025:08:34:21 -0400] "GET /frumzi-casino-no-deposit-bonus-codes-for-free-spins-2025?fileloc=%2F%2Fproc%2Fself%2Fcwd%2Fwp-includes%2Fblocks%2Fshortcode.php&path=%2F%2Fproc%2Fself%2Fcwd%2Fwp-includes%2Fblocks HTTP/1.1" 200 2804 "-" "Mozilla/5.0 AppleWebKit/537.36 (KHTML, like Gecko; compatible; ClaudeBot/1.0; +claudebot@anthropic.com)"
20.171.207.106 - - [23/Oct/2025:08:34:22 -0400] "GET /?path=//proc/self/root/proc/thread-self/root/proc/thread-self/root/proc/thread-self/root/proc/self/root/proc/thread-self/root/proc/self/root/proc/self/root/proc/thread-self/root/opt/alt/tests/alt-php84-pecl-redis_6.1.0-7.el8 HTTP/1.1" 200 3030 "-" "Mozilla/5.0 AppleWebKit/537.36 (KHTML, like Gecko; compatible; GPTBot/1.2; +https://openai.com/gptbot)"
100.28.44.58 - - [23/Oct/2025:08:34:23 -0400] "GET /a-wild-ride-through-digital-dimensions-in-turbo/?fileloc=//lib64/libomapi.so.0.0.0&path=//lib64 HTTP/1.1" 200 2974 "-" "Mozilla/5.0 AppleWebKit/537.36 (KHTML, like Gecko; compatible; Amazonbot/0.1; +https://developer.amazon.com/support/amazonbot) Chrome/119.0.6045.214 Safari/537.36"
216.73.216.87 - - [23/Oct/2025:08:34:24 -0400] "GET /online-french-roulette-classic-uk?fileloc=%2Fhome%2Fcreaqbdc%2Faccess-logs%2Fcreativefinishings.com-ssl_log&path=%2Fhome%2Fcreaqbdc%2Faccess-logs HTTP/1.1" 200 30282 "-" "Mozilla/5.0 AppleWebKit/537.36 (KHTML, like Gecko; compatible; ClaudeBot/1.0; +claudebot@anthropic.com)"
20.171.207.106 - - [23/Oct/2025:08:34:25 -0400] "GET /?path=//proc/self/root/proc/thread-self/root/proc/thread-self/root/proc/thread-self/root/proc/self/root/proc/thread-self/root/proc/self/root/proc/self/root/proc/thread-self/root/home/creaqbdc/ssl HTTP/1.1" 200 3173 "-" "Mozilla/5.0 AppleWebKit/537.36 (KHTML, like Gecko; compatible; GPTBot/1.2; +https://openai.com/gptbot)"
216.73.216.87 - - [23/Oct/2025:08:34:27 -0400] "GET /frumzi-casino-no-deposit-bonus-codes-for-free-spins-2025?fileloc=%2F%2Fproc%2Fself%2Fcwd%2Fwp-includes%2Fblocks%2Fcomments-pagination-numbers.php&path=%2F%2Fproc%2Fself%2Fcwd%2Fwp-includes%2Fblocks HTTP/1.1" 200 3153 "-" "Mozilla/5.0 AppleWebKit/537.36 (KHTML, like Gecko; compatible; ClaudeBot/1.0; +claudebot@anthropic.com)"
184.73.167.217 - - [23/Oct/2025:08:34:27 -0400] "GET /sunrooms/?fileloc=//proc/execdomains&path=//proc HTTP/1.1" 200 2969 "-" "Mozilla/5.0 AppleWebKit/537.36 (KHTML, like Gecko; compatible; Amazonbot/0.1; +https://developer.amazon.com/support/amazonbot) Chrome/119.0.6045.214 Safari/537.36"
20.171.207.106 - - [23/Oct/2025:08:34:29 -0400] "GET /?path=//proc/self/root/proc/thread-self/root/proc/thread-self/root/proc/thread-self/root/proc/self/root/proc/thread-self/root/proc/self/root/proc/self/root/proc/thread-self/root/opt/alt/tests/alt-php82-pecl-stats_2.1.0-1.fac78cf.el8 HTTP/1.1" 200 2980 "-" "Mozilla/5.0 AppleWebKit/537.36 (KHTML, like Gecko; compatible; GPTBot/1.2; +https://openai.com/gptbot)"
216.73.216.87 - - [23/Oct/2025:08:34:30 -0400] "GET /slot-pond-of-plinko-by-print-studios-demo-free-play?path=%2F%2Fusr%2Fshare%2Flocale%2Fcus%2FLC_MESSAGES HTTP/1.1" 200 2579 "-" "Mozilla/5.0 AppleWebKit/537.36 (KHTML, like Gecko; compatible; ClaudeBot/1.0; +claudebot@anthropic.com)"
3.213.213.161 - - [23/Oct/2025:08:34:31 -0400] "GET /the-drama-of-deciding-fate-in-a-kick-off-duel/?path=//lib/firmware/nvidia/gb203 HTTP/1.1" 200 3357 "-" "Mozilla/5.0 AppleWebKit/537.36 (KHTML, like Gecko; compatible; Amazonbot/0.1; +https://developer.amazon.com/support/amazonbot) Chrome/119.0.6045.214 Safari/537.36"
20.171.207.106 - - [23/Oct/2025:08:34:32 -0400] "GET /?path=//proc/self/root/proc/thread-self/root/proc/thread-self/root/proc/thread-self/root/proc/self/root/proc/thread-self/root/proc/self/root/proc/self/root/proc/thread-self/root/opt/alt/openssl/etc HTTP/1.1" 200 2946 "-" "Mozilla/5.0 AppleWebKit/537.36 (KHTML, like Gecko; compatible; GPTBot/1.2; +https://openai.com/gptbot)"
216.73.216.87 - - [23/Oct/2025:08:34:33 -0400] "GET /online-casino-minimum-deposit-10-euro?fileloc=%2F%2Flib64%2Ftcl8.6%2FTix8.4.3%2FEFileBox.tcl&path=%2F%2Flib64%2Ftcl8.6%2FTix8.4.3 HTTP/1.1" 200 5717 "-" "Mozilla/5.0 AppleWebKit/537.36 (KHTML, like Gecko; compatible; ClaudeBot/1.0; +claudebot@anthropic.com)"
20.171.207.106 - - [23/Oct/2025:08:34:35 -0400] "GET /?path=//proc/self/root/proc/thread-self/root/proc/thread-self/root/proc/thread-self/root/proc/self/root/proc/thread-self/root/proc/self/root/proc/self/root/proc/thread-self/root/etc HTTP/1.1" 200 5862 "-" "Mozilla/5.0 AppleWebKit/537.36 (KHTML, like Gecko; compatible; GPTBot/1.2; +https://openai.com/gptbot)"
23.21.179.120 - - [23/Oct/2025:08:34:35 -0400] "GET /a-wild-ride-through-digital-dimensions-in-turbo/?fileloc=//lib64/libnsl.so.1&path=//lib64 HTTP/1.1" 200 2969 "-" "Mozilla/5.0 AppleWebKit/537.36 (KHTML, like Gecko; compatible; Amazonbot/0.1; +https://developer.amazon.com/support/amazonbot) Chrome/119.0.6045.214 Safari/537.36"
216.73.216.87 - - [23/Oct/2025:08:34:36 -0400] "GET /frumzi-casino-no-deposit-bonus-codes-for-free-spins-2025?fileloc=%2F%2Fproc%2Fself%2Fcwd%2Fwp-includes%2Fblocks%2Fpost-comments-form.php&path=%2F%2Fproc%2Fself%2Fcwd%2Fwp-includes%2Fblocks HTTP/1.1" 200 3593 "-" "Mozilla/5.0 AppleWebKit/537.36 (KHTML, like Gecko; compatible; ClaudeBot/1.0; +claudebot@anthropic.com)"
20.171.207.106 - - [23/Oct/2025:08:34:38 -0400] "GET /?path=//proc/self/root/proc/thread-self/root/proc/thread-self/root/proc/thread-self/root/proc/self/root/proc/thread-self/root/proc/self/root/proc/self/root/proc/thread-self/root/opt/alt/libheif HTTP/1.1" 200 3062 "-" "Mozilla/5.0 AppleWebKit/537.36 (KHTML, like Gecko; compatible; GPTBot/1.2; +https://openai.com/gptbot)"
216.73.216.87 - - [23/Oct/2025:08:34:39 -0400] "GET /online-casino-minimum-deposit-10-euro?fileloc=%2F%2Flib64%2Ftcl8.6%2FTix8.4.3%2FCObjView.tcl&path=%2F%2Flib64%2Ftcl8.6%2FTix8.4.3 HTTP/1.1" 200 4794 "-" "Mozilla/5.0 AppleWebKit/537.36 (KHTML, like Gecko; compatible; ClaudeBot/1.0; +claudebot@anthropic.com)"
52.71.216.196 - - [23/Oct/2025:08:34:39 -0400] "GET /portfolio-commercial?fileloc=//lib64/libjq.so.1&path=//lib64 HTTP/1.1" 200 2969 "-" "Mozilla/5.0 AppleWebKit/537.36 (KHTML, like Gecko; compatible; Amazonbot/0.1; +https://developer.amazon.com/support/amazonbot) Chrome/119.0.6045.214 Safari/537.36"
20.171.207.106 - - [23/Oct/2025:08:34:41 -0400] "GET /?path=//proc/self/root/proc/thread-self/root/proc/thread-self/root/proc/thread-self/root/proc/self/root/proc/thread-self/root/proc/self/root/proc/self/root/proc/thread-self/root/opt/alt/vips HTTP/1.1" 200 3034 "-" "Mozilla/5.0 AppleWebKit/537.36 (KHTML, like Gecko; compatible; GPTBot/1.2; +https://openai.com/gptbot)"
216.73.216.87 - - [23/Oct/2025:08:34:42 -0400] "GET /frumzi-casino-no-deposit-bonus-codes-for-free-spins-2025?fileloc=%2F%2Fproc%2Fself%2Fcwd%2Fwp-includes%2Fblocks%2Flatest-posts.php&path=%2F%2Fproc%2Fself%2Fcwd%2Fwp-includes%2Fblocks HTTP/1.1" 200 5095 "-" "Mozilla/5.0 AppleWebKit/537.36 (KHTML, like Gecko; compatible; ClaudeBot/1.0; +claudebot@anthropic.com)"
54.144.185.255 - - [23/Oct/2025:08:34:43 -0400] "GET /services/custom-renovations/?path=/home/creaqbdc/.subaccounts HTTP/1.1" 200 3369 "-" "Mozilla/5.0 AppleWebKit/537.36 (KHTML, like Gecko; compatible; Amazonbot/0.1; +https://developer.amazon.com/support/amazonbot) Chrome/119.0.6045.214 Safari/537.36"
20.171.207.106 - - [23/Oct/2025:08:34:44 -0400] "GET /?path=//proc/self/root/proc/thread-self/root/proc/thread-self/root/proc/thread-self/root/proc/self/root/proc/thread-self/root/proc/self/root/proc/self/root/proc/thread-self/root/home/creaqbdc/ssl/certs HTTP/1.1" 200 3068 "-" "Mozilla/5.0 AppleWebKit/537.36 (KHTML, like Gecko; compatible; GPTBot/1.2; +https://openai.com/gptbot)"
216.73.216.87 - - [23/Oct/2025:08:34:45 -0400] "GET /frumzi-casino-no-deposit-bonus-codes-for-free-spins-2025?fileloc=%2F%2Fproc%2Fself%2Fcwd%2Fwp-includes%2Fblocks%2Fcomments-pagination.php&path=%2F%2Fproc%2Fself%2Fcwd%2Fwp-includes%2Fblocks HTTP/1.1" 200 2997 "-" "Mozilla/5.0 AppleWebKit/537.36 (KHTML, like Gecko; compatible; ClaudeBot/1.0; +claudebot@anthropic.com)"
66.249.65.197 - - [23/Oct/2025:08:34:47 -0400] "GET /items/999354402.htm?fileloc=//tmp/4bbb35/turbospins-casino-bonus-codes-2025.html&path=//tmp/4bbb35 HTTP/1.1" 200 4056 "-" "Mozilla/5.0 (Linux; Android 6.0.1; Nexus 5X Build/MMB29P) AppleWebKit/537.36 (KHTML, like Gecko) Chrome/141.0.7390.107 Mobile Safari/537.36 (compatible; GoogleOther)"
35.172.125.172 - - [23/Oct/2025:08:34:47 -0400] "GET /las-verificacion-de-machance-11-excelentes-casinos-online-de-argentinos-2024/?fileloc=//bin/locale&path=//bin HTTP/1.1" 200 2965 "-" "Mozilla/5.0 AppleWebKit/537.36 (KHTML, like Gecko; compatible; Amazonbot/0.1; +https://developer.amazon.com/support/amazonbot) Chrome/119.0.6045.214 Safari/537.36"
20.171.207.106 - - [23/Oct/2025:08:34:48 -0400] "GET /?path=//proc/self/root/proc/thread-self/root/proc/thread-self/root/proc/thread-self/root/proc/self/root/proc/thread-self/root/proc/self/root/proc/self/root/proc/thread-self/root/opt/alt/libharu HTTP/1.1" 200 2995 "-" "Mozilla/5.0 AppleWebKit/537.36 (KHTML, like Gecko; compatible; GPTBot/1.2; +https://openai.com/gptbot)"
216.73.216.87 - - [23/Oct/2025:08:34:48 -0400] "GET /frumzi-casino-no-deposit-bonus-codes-for-free-spins-2025?fileloc=%2F%2Fproc%2Fself%2Fcwd%2Fwp-includes%2Fblocks%2Fquery-pagination-numbers.php&path=%2F%2Fproc%2Fself%2Fcwd%2Fwp-includes%2Fblocks HTTP/1.1" 200 4319 "-" "Mozilla/5.0 AppleWebKit/537.36 (KHTML, like Gecko; compatible; ClaudeBot/1.0; +claudebot@anthropic.com)"
66.249.65.197 - - [23/Oct/2025:08:34:48 -0400] "GET /items/999354402.htm?fileloc=//tmp/4bbb35/marathon-bet-casino-bonus-codes-2025.html&path=//tmp/4bbb35 HTTP/1.1" 200 4256 "-" "Mozilla/5.0 (Linux; Android 6.0.1; Nexus 5X Build/MMB29P) AppleWebKit/537.36 (KHTML, like Gecko) Chrome/141.0.7390.107 Mobile Safari/537.36 (compatible; GoogleOther)"
20.171.207.106 - - [23/Oct/2025:08:34:51 -0400] "GET /?path=//proc/self/root/proc/thread-self/root/proc/thread-self/root/proc/thread-self/root/proc/self/root/proc/thread-self/root/proc/self/root/proc/self/root/proc/thread-self/root/etc/modulefiles HTTP/1.1" 403 1242 "-" "Mozilla/5.0 AppleWebKit/537.36 (KHTML, like Gecko; compatible; GPTBot/1.2; +https://openai.com/gptbot)"
216.73.216.87 - - [23/Oct/2025:08:34:51 -0400] "GET /slot-pond-of-plinko-by-print-studios-demo-free-play?path=%2F%2Fusr%2Fshare%2Flocale%2Fzh_CN%2FLC_TIME HTTP/1.1" 200 2847 "-" "Mozilla/5.0 AppleWebKit/537.36 (KHTML, like Gecko; compatible; ClaudeBot/1.0; +claudebot@anthropic.com)"
44.207.69.106 - - [23/Oct/2025:08:34:51 -0400] "GET /portfolio-commercial?fileloc=//lib64/libblkid.so.1.1.0&path=//lib64 HTTP/1.1" 200 2974 "-" "Mozilla/5.0 AppleWebKit/537.36 (KHTML, like Gecko; compatible; Amazonbot/0.1; +https://developer.amazon.com/support/amazonbot) Chrome/119.0.6045.214 Safari/537.36"
20.171.207.106 - - [23/Oct/2025:08:34:54 -0400] "GET /?path=//proc/self/root/proc/thread-self/root/proc/thread-self/root/proc/thread-self/root/proc/self/root/proc/thread-self/root/proc/self/root/proc/self/root/proc/thread-self/root/etc/crypto-policies HTTP/1.1" 403 1242 "-" "Mozilla/5.0 AppleWebKit/537.36 (KHTML, like Gecko; compatible; GPTBot/1.2; +https://openai.com/gptbot)"
216.73.216.87 - - [23/Oct/2025:08:34:54 -0400] "GET /frumzi-casino-no-deposit-bonus-codes-for-free-spins-2025?fileloc=%2F%2Fproc%2Fself%2Fcwd%2Fwp-includes%2Fblocks%2Fpost-navigation-link.php&path=%2F%2Fproc%2Fself%2Fcwd%2Fwp-includes%2Fblocks HTTP/1.1" 200 4089 "-" "Mozilla/5.0 AppleWebKit/537.36 (KHTML, like Gecko; compatible; ClaudeBot/1.0; +claudebot@anthropic.com)"
107.20.181.148 - - [23/Oct/2025:08:34:55 -0400] "GET /las-verificacion-de-machance-11-excelentes-casinos-online-de-argentinos-2024/?fileloc=//bin/grops&path=//bin HTTP/1.1" 200 2964 "-" "Mozilla/5.0 AppleWebKit/537.36 (KHTML, like Gecko; compatible; Amazonbot/0.1; +https://developer.amazon.com/support/amazonbot) Chrome/119.0.6045.214 Safari/537.36"
216.73.216.87 - - [23/Oct/2025:08:34:57 -0400] "GET /frumzi-casino-no-deposit-bonus-codes-for-free-spins-2025?fileloc=%2F%2Fproc%2Fself%2Fcwd%2Fwp-includes%2Fblocks%2Fcomments-pagination-previous.php&path=%2F%2Fproc%2Fself%2Fcwd%2Fwp-includes%2Fblocks HTTP/1.1" 200 3112 "-" "Mozilla/5.0 AppleWebKit/537.36 (KHTML, like Gecko; compatible; ClaudeBot/1.0; +claudebot@anthropic.com)"
20.171.207.106 - - [23/Oct/2025:08:34:57 -0400] "GET /?path=//proc/self/root/proc/thread-self/root/proc/thread-self/root/proc/thread-self/root/proc/self/root/proc/thread-self/root/proc/self/root/proc/self/root/proc/thread-self/root/etc/alternatives HTTP/1.1" 403 1242 "-" "Mozilla/5.0 AppleWebKit/537.36 (KHTML, like Gecko; compatible; GPTBot/1.2; +https://openai.com/gptbot)"
54.235.172.96 - - [23/Oct/2025:08:34:59 -0400] "GET /while-done-set-some-shell-out-me-powder-nv-casino-on-the-tits-or-bosom-and-you-can-fall-asleep-that-way/?path=//opt/alt/alt-nodejs24/root HTTP/1.1" 200 4099 "-" "Mozilla/5.0 AppleWebKit/537.36 (KHTML, like Gecko; compatible; Amazonbot/0.1; +https://developer.amazon.com/support/amazonbot) Chrome/119.0.6045.214 Safari/537.36"
216.73.216.87 - - [23/Oct/2025:08:35:00 -0400] "GET /frumzi-casino-no-deposit-bonus-codes-for-free-spins-2025?fileloc=%2F%2Fproc%2Fself%2Fcwd%2Fwp-includes%2Fblocks%2Flatest-comments.php&path=%2F%2Fproc%2Fself%2Fcwd%2Fwp-includes%2Fblocks HTTP/1.1" 200 4359 "-" "Mozilla/5.0 AppleWebKit/537.36 (KHTML, like Gecko; compatible; ClaudeBot/1.0; +claudebot@anthropic.com)"
20.171.207.106 - - [23/Oct/2025:08:35:00 -0400] "GET /?path=//proc/self/root/proc/thread-self/root/proc/thread-self/root/proc/thread-self/root/proc/self/root/proc/thread-self/root/proc/self/root/proc/self/root/proc/thread-self/root/etc/gcrypt HTTP/1.1" 403 1242 "-" "Mozilla/5.0 AppleWebKit/537.36 (KHTML, like Gecko; compatible; GPTBot/1.2; +https://openai.com/gptbot)"
216.73.216.87 - - [23/Oct/2025:08:35:03 -0400] "GET /slot-pond-of-plinko-by-print-studios-demo-free-play?path=%2F%2Fusr%2Fshare%2Flocale%2Fja%2FLC_TIME HTTP/1.1" 200 2837 "-" "Mozilla/5.0 AppleWebKit/537.36 (KHTML, like Gecko; compatible; ClaudeBot/1.0; +claudebot@anthropic.com)"
18.232.11.247 - - [23/Oct/2025:08:35:03 -0400] "GET /las-verificacion-de-machance-11-excelentes-casinos-online-de-argentinos-2024/?fileloc=//bin/ghostscript&path=//bin HTTP/1.1" 200 2969 "-" "Mozilla/5.0 AppleWebKit/537.36 (KHTML, like Gecko; compatible; Amazonbot/0.1; +https://developer.amazon.com/support/amazonbot) Chrome/119.0.6045.214 Safari/537.36"
20.171.207.106 - - [23/Oct/2025:08:35:04 -0400] "GET /?path=//proc/self/root/proc/thread-self/root/proc/thread-self/root/proc/thread-self/root/proc/self/root/proc/thread-self/root/proc/self/root/proc/self/root/proc/thread-self/root/home/creaqbdc/ssl/csrs HTTP/1.1" 200 2673 "-" "Mozilla/5.0 AppleWebKit/537.36 (KHTML, like Gecko; compatible; GPTBot/1.2; +https://openai.com/gptbot)"
66.249.65.197 - - [23/Oct/2025:08:35:04 -0400] "GET /portfolio-residential/?fileloc=//lib/.build-id/d6/2820a463ce1afae60c3d6c7a59be8212ef791d&path=//lib/.build-id/d6 HTTP/1.1" 200 2513 "-" "Mozilla/5.0 (Linux; Android 6.0.1; Nexus 5X Build/MMB29P) AppleWebKit/537.36 (KHTML, like Gecko) Chrome/141.0.7390.107 Mobile Safari/537.36 (compatible; GoogleOther)"
66.249.65.197 - - [23/Oct/2025:08:35:05 -0400] "GET /items/1805183484.htm HTTP/1.1" 200 19186 "-" "Mozilla/5.0 (Linux; Android 6.0.1; Nexus 5X Build/MMB29P) AppleWebKit/537.36 (KHTML, like Gecko) Chrome/141.0.7390.107 Mobile Safari/537.36 (compatible; Googlebot/2.1; +http://www.google.com/bot.html)"
216.73.216.87 - - [23/Oct/2025:08:35:06 -0400] "GET /frumzi-casino-no-deposit-bonus-codes-for-free-spins-2025?fileloc=%2F%2Fproc%2Fself%2Fcwd%2Fwp-includes%2Fblocks%2Fquery-pagination.php&path=%2F%2Fproc%2Fself%2Fcwd%2Fwp-includes%2Fblocks HTTP/1.1" 200 2964 "-" "Mozilla/5.0 AppleWebKit/537.36 (KHTML, like Gecko; compatible; ClaudeBot/1.0; +claudebot@anthropic.com)"
20.171.207.106 - - [23/Oct/2025:08:35:07 -0400] "GET /?path=//proc/self/root/proc/thread-self/root/proc/thread-self/root/proc/thread-self/root/proc/self/root/proc/thread-self/root/proc/self/root/proc/self/root/proc/thread-self/root/etc/ld.so.conf.d HTTP/1.1" 403 1242 "-" "Mozilla/5.0 AppleWebKit/537.36 (KHTML, like Gecko; compatible; GPTBot/1.2; +https://openai.com/gptbot)"
3.81.253.213 - - [23/Oct/2025:08:35:07 -0400] "GET /adventures-in-the-fearsome-playground-of-mystake/?fileloc=//lib64/python2.7/lib-dynload/_codecs_kr.so&path=//lib64/python2.7/lib-dynload HTTP/1.1" 200 3006 "-" "Mozilla/5.0 AppleWebKit/537.36 (KHTML, like Gecko; compatible; Amazonbot/0.1; +https://developer.amazon.com/support/amazonbot) Chrome/119.0.6045.214 Safari/537.36"
216.73.216.87 - - [23/Oct/2025:08:35:09 -0400] "GET /frumzi-casino-no-deposit-bonus-codes-for-free-spins-2025?fileloc=%2F%2Fproc%2Fself%2Fcwd%2Fwp-includes%2Fblocks%2Fblocks-json.php&path=%2F%2Fproc%2Fself%2Fcwd%2Fwp-includes%2Fblocks HTTP/1.1" 200 20460 "-" "Mozilla/5.0 AppleWebKit/537.36 (KHTML, like Gecko; compatible; ClaudeBot/1.0; +claudebot@anthropic.com)"
20.171.207.106 - - [23/Oct/2025:08:35:10 -0400] "GET /?path=//proc/self/root/proc/thread-self/root/proc/thread-self/root/proc/thread-self/root/proc/self/root/proc/thread-self/root/proc/self/root/proc/self/root/proc/thread-self/root/etc/cxs HTTP/1.1" 403 1242 "-" "Mozilla/5.0 AppleWebKit/537.36 (KHTML, like Gecko; compatible; GPTBot/1.2; +https://openai.com/gptbot)"
52.205.113.104 - - [23/Oct/2025:08:35:11 -0400] "GET /4-nv-casino-log-on-all-the-weekend-into-the-funzday-bonus/?fileloc=//tmp/4bbb35/best-slots-withdrawal-time.html&path=//tmp/4bbb35 HTTP/1.1" 200 4950 "-" "Mozilla/5.0 AppleWebKit/537.36 (KHTML, like Gecko; compatible; Amazonbot/0.1; +https://developer.amazon.com/support/amazonbot) Chrome/119.0.6045.214 Safari/537.36"
216.73.216.87 - - [23/Oct/2025:08:35:12 -0400] "GET /online-casino-minimum-deposit-10-euro?fileloc=%2F%2Flib64%2Ftcl8.6%2FTix8.4.3%2FStdShell.tcl&path=%2F%2Flib64%2Ftcl8.6%2FTix8.4.3 HTTP/1.1" 200 3047 "-" "Mozilla/5.0 AppleWebKit/537.36 (KHTML, like Gecko; compatible; ClaudeBot/1.0; +claudebot@anthropic.com)"
20.171.207.106 - - [23/Oct/2025:08:35:13 -0400] "GET /?path=//proc/self/root/proc/thread-self/root/proc/thread-self/root/proc/thread-self/root/proc/self/root/proc/thread-self/root/proc/self/root/proc/self/root/proc/thread-self/root/etc/cpanel HTTP/1.1" 200 2697 "-" "Mozilla/5.0 AppleWebKit/537.36 (KHTML, like Gecko; compatible; GPTBot/1.2; +https://openai.com/gptbot)"
216.73.216.87 - - [23/Oct/2025:08:35:15 -0400] "GET /frumzi-casino-no-deposit-bonus-codes-for-free-spins-2025?fileloc=%2Fhome%2Fcreaqbdc%2Fpublic_html%2Fwp-content%2Fuploads%2F2025%2F03%2F2adbc548-29ec-4931-98a6-9852a722cc1e.jpg&path=%2Fhome%2Fcreaqbdc%2Fpublic_html%2Fwp-content%2Fuploads%2F2025%2F03 HTTP/1.1" 200 2550 "-" "Mozilla/5.0 AppleWebKit/537.36 (KHTML, like Gecko; compatible; ClaudeBot/1.0; +claudebot@anthropic.com)"
35.169.240.53 - - [23/Oct/2025:08:35:15 -0400] "GET /gods-out-of-mud-position-free-demo-review/?path=//opt/cloudlinux/alt-php53/root HTTP/1.1" 200 3474 "-" "Mozilla/5.0 AppleWebKit/537.36 (KHTML, like Gecko; compatible; Amazonbot/0.1; +https://developer.amazon.com/support/amazonbot) Chrome/119.0.6045.214 Safari/537.36"
20.171.207.106 - - [23/Oct/2025:08:35:16 -0400] "GET /?path=//proc/self/root/proc/thread-self/root/proc/thread-self/root/proc/thread-self/root/proc/self/root/proc/thread-self/root/proc/self/root/proc/self/root/proc/thread-self/root/etc/pam.d HTTP/1.1" 403 1242 "-" "Mozilla/5.0 AppleWebKit/537.36 (KHTML, like Gecko; compatible; GPTBot/1.2; +https://openai.com/gptbot)"
216.73.216.87 - - [23/Oct/2025:08:35:18 -0400] "GET /online-casino-minimum-deposit-10-euro?path=%2F%2Flib%2Fsystemd%2Fuser-environment-generators HTTP/1.1" 200 2834 "-" "Mozilla/5.0 AppleWebKit/537.36 (KHTML, like Gecko; compatible; ClaudeBot/1.0; +claudebot@anthropic.com)"
20.171.207.106 - - [23/Oct/2025:08:35:19 -0400] "GET /?path=//proc/self/root/proc/thread-self/root/proc/thread-self/root/proc/thread-self/root/proc/self/root/proc/thread-self/root/proc/self/root/proc/self/root/proc/thread-self/root/etc/security HTTP/1.1" 403 1242 "-" "Mozilla/5.0 AppleWebKit/537.36 (KHTML, like Gecko; compatible; GPTBot/1.2; +https://openai.com/gptbot)"
52.2.4.213 - - [23/Oct/2025:08:35:19 -0400] "GET /las-verificacion-de-machance-11-excelentes-casinos-online-de-argentinos-2024/?fileloc=//bin/flex&path=//bin HTTP/1.1" 200 2961 "-" "Mozilla/5.0 AppleWebKit/537.36 (KHTML, like Gecko; compatible; Amazonbot/0.1; +https://developer.amazon.com/support/amazonbot) Chrome/119.0.6045.214 Safari/537.36"
216.73.216.87 - - [23/Oct/2025:08:35:21 -0400] "GET /frumzi-casino-no-deposit-bonus-codes-for-free-spins-2025?fileloc=%2F%2Fproc%2Fself%2Fcwd%2Fwp-includes%2Fblocks%2Fnavigation-submenu.php&path=%2F%2Fproc%2Fself%2Fcwd%2Fwp-includes%2Fblocks HTTP/1.1" 200 5582 "-" "Mozilla/5.0 AppleWebKit/537.36 (KHTML, like Gecko; compatible; ClaudeBot/1.0; +claudebot@anthropic.com)"
20.171.207.106 - - [23/Oct/2025:08:35:22 -0400] "GET /?path=//proc/self/root/proc/thread-self/root/proc/thread-self/root/proc/thread-self/root/proc/self/root/proc/thread-self/root/proc/self/root/proc/self/root/proc/thread-self/root/etc/skel HTTP/1.1" 403 1242 "-" "Mozilla/5.0 AppleWebKit/537.36 (KHTML, like Gecko; compatible; GPTBot/1.2; +https://openai.com/gptbot)"
44.209.89.189 - - [23/Oct/2025:08:35:23 -0400] "GET /aventuras-brillantes-en-el-mundo-del-oscar-spin/?path=//lib64/graphviz HTTP/1.1" 200 4323 "-" "Mozilla/5.0 AppleWebKit/537.36 (KHTML, like Gecko; compatible; Amazonbot/0.1; +https://developer.amazon.com/support/amazonbot) Chrome/119.0.6045.214 Safari/537.36"
216.73.216.87 - - [23/Oct/2025:08:35:24 -0400] "GET /online-french-roulette-classic-uk?fileloc=%2Fhome%2Fcreaqbdc%2Fmail%2F.info%40creativefinishings_com%2Fdovecot.mailbox.log&path=%2Fhome%2Fcreaqbdc%2Fmail%2F.info%40creativefinishings_com HTTP/1.1" 200 2513 "-" "Mozilla/5.0 AppleWebKit/537.36 (KHTML, like Gecko; compatible; ClaudeBot/1.0; +claudebot@anthropic.com)"
20.171.207.106 - - [23/Oct/2025:08:35:25 -0400] "GET /?path=//proc/self/root/proc/thread-self/root/proc/thread-self/root/proc/thread-self/root/proc/self/root/proc/thread-self/root/proc/self/root/proc/self/root/proc/thread-self/root/etc/scl HTTP/1.1" 403 1242 "-" "Mozilla/5.0 AppleWebKit/537.36 (KHTML, like Gecko; compatible; GPTBot/1.2; +https://openai.com/gptbot)"
43.153.49.151 - - [23/Oct/2025:08:35:26 -0400] "GET /?path=/home/creaqbdc/public_html/images HTTP/1.1" 200 3497 "-" "Mozilla/5.0 (iPhone; CPU iPhone OS 13_2_3 like Mac OS X) AppleWebKit/605.1.15 (KHTML, like Gecko) Version/13.0.3 Mobile/15E148 Safari/604.1"
216.73.216.87 - - [23/Oct/2025:08:35:27 -0400] "GET /online-casino-minimum-deposit-10-euro?fileloc=%2F%2Flib%2Fsystemd%2Fsystemd-volatile-root&path=%2F%2Flib%2Fsystemd HTTP/1.1" 200 2483 "-" "Mozilla/5.0 AppleWebKit/537.36 (KHTML, like Gecko; compatible; ClaudeBot/1.0; +claudebot@anthropic.com)"
3.225.9.97 - - [23/Oct/2025:08:35:27 -0400] "GET /las-verificacion-de-machance-11-excelentes-casinos-online-de-argentinos-2024/?path=//lib64/libdnf HTTP/1.1" 200 3332 "-" "Mozilla/5.0 AppleWebKit/537.36 (KHTML, like Gecko; compatible; Amazonbot/0.1; +https://developer.amazon.com/support/amazonbot) Chrome/119.0.6045.214 Safari/537.36"
20.171.207.106 - - [23/Oct/2025:08:35:29 -0400] "GET /?path=//proc/self/root/proc/thread-self/root/proc/thread-self/root/proc/thread-self/root/proc/self/root/proc/thread-self/root/proc/self/root/proc/self/root/proc/thread-self/root/etc/fonts HTTP/1.1" 403 1242 "-" "Mozilla/5.0 AppleWebKit/537.36 (KHTML, like Gecko; compatible; GPTBot/1.2; +https://openai.com/gptbot)"
216.73.216.87 - - [23/Oct/2025:08:35:30 -0400] "GET /frumzi-casino-no-deposit-bonus-codes-for-free-spins-2025?fileloc=%2F%2Fproc%2Fself%2Fcwd%2Fwp-includes%2Fblocks%2Fquery-pagination-previous.php&path=%2F%2Fproc%2Fself%2Fcwd%2Fwp-includes%2Fblocks HTTP/1.1" 200 3760 "-" "Mozilla/5.0 AppleWebKit/537.36 (KHTML, like Gecko; compatible; ClaudeBot/1.0; +claudebot@anthropic.com)"
52.71.46.142 - - [23/Oct/2025:08:35:31 -0400] "GET /a-wild-ride-through-digital-dimensions-in-turbo/?path=/home/creaqbdc/.cpanel/ea-php-cli/.cache HTTP/1.1" 200 3078 "-" "Mozilla/5.0 AppleWebKit/537.36 (KHTML, like Gecko; compatible; Amazonbot/0.1; +https://developer.amazon.com/support/amazonbot) Chrome/119.0.6045.214 Safari/537.36"
20.171.207.106 - - [23/Oct/2025:08:35:32 -0400] "GET /?path=//proc/self/root/proc/thread-self/root/proc/thread-self/root/proc/thread-self/root/proc/self/root/proc/thread-self/root/proc/self/root/proc/self/root/proc/thread-self/root/etc/ssl HTTP/1.1" 403 1242 "-" "Mozilla/5.0 AppleWebKit/537.36 (KHTML, like Gecko; compatible; GPTBot/1.2; +https://openai.com/gptbot)"
216.73.216.87 - - [23/Oct/2025:08:35:33 -0400] "GET /online-casino-minimum-deposit-10-euro?fileloc=%2F%2Flib64%2Fdovecot%2Flibdovecot.so.0.0.0&path=%2F%2Flib64%2Fdovecot HTTP/1.1" 200 2488 "-" "Mozilla/5.0 AppleWebKit/537.36 (KHTML, like Gecko; compatible; ClaudeBot/1.0; +claudebot@anthropic.com)"
20.171.207.106 - - [23/Oct/2025:08:35:35 -0400] "GET /?path=//proc/self/root/proc/thread-self/root/proc/thread-self/root/proc/thread-self/root/proc/self/root/proc/thread-self/root/proc/self/root/proc/self/root/proc/thread-self/root/etc/ssh HTTP/1.1" 403 1242 "-" "Mozilla/5.0 AppleWebKit/537.36 (KHTML, like Gecko; compatible; GPTBot/1.2; +https://openai.com/gptbot)"
98.83.178.66 - - [23/Oct/2025:08:35:35 -0400] "GET /while-done-set-some-shell-out-me-powder-nv-casino-on-the-tits-or-bosom-and-you-can-fall-asleep-that-way/?path=//opt/alt/php56/link HTTP/1.1" 200 3350 "-" "Mozilla/5.0 AppleWebKit/537.36 (KHTML, like Gecko; compatible; Amazonbot/0.1; +https://developer.amazon.com/support/amazonbot) Chrome/119.0.6045.214 Safari/537.36"
216.73.216.87 - - [23/Oct/2025:08:35:36 -0400] "GET /online-casino-minimum-deposit-10-euro?fileloc=%2F%2Flib%2Fsystemd%2Fsystemd-socket-proxyd&path=%2F%2Flib%2Fsystemd HTTP/1.1" 200 2483 "-" "Mozilla/5.0 AppleWebKit/537.36 (KHTML, like Gecko; compatible; ClaudeBot/1.0; +claudebot@anthropic.com)"
20.171.207.106 - - [23/Oct/2025:08:35:38 -0400] "GET /?path=//proc/self/root/proc/thread-self/root/proc/thread-self/root/proc/thread-self/root/proc/self/root/proc/thread-self/root/proc/self/root/proc/self/root/proc/thread-self/root/etc/openldap HTTP/1.1" 403 1242 "-" "Mozilla/5.0 AppleWebKit/537.36 (KHTML, like Gecko; compatible; GPTBot/1.2; +https://openai.com/gptbot)"
216.73.216.87 - - [23/Oct/2025:08:35:39 -0400] "GET /frumzi-casino-no-deposit-bonus-codes-for-free-spins-2025?fileloc=%2F%2Flib64%2Fperl5%2FCORE%2Fvutil.h&path=%2F%2Flib64%2Fperl5%2FCORE HTTP/1.1" 200 4688 "-" "Mozilla/5.0 AppleWebKit/537.36 (KHTML, like Gecko; compatible; ClaudeBot/1.0; +claudebot@anthropic.com)"
35.169.119.108 - - [23/Oct/2025:08:35:39 -0400] "GET /the-drama-of-deciding-fate-in-a-kick-off-duel/?path=//usr/lib/kbd HTTP/1.1" 200 3467 "-" "Mozilla/5.0 AppleWebKit/537.36 (KHTML, like Gecko; compatible; Amazonbot/0.1; +https://developer.amazon.com/support/amazonbot) Chrome/119.0.6045.214 Safari/537.36"
66.249.65.197 - - [23/Oct/2025:08:35:40 -0400] "GET /portfolio-residential/?path=//var/softaculous/cscart HTTP/1.1" 200 3519 "-" "Mozilla/5.0 (Linux; Android 6.0.1; Nexus 5X Build/MMB29P) AppleWebKit/537.36 (KHTML, like Gecko) Chrome/141.0.7390.107 Mobile Safari/537.36 (compatible; GoogleOther)"
20.171.207.106 - - [23/Oct/2025:08:35:41 -0400] "GET /?path=//proc/self/root/proc/thread-self/root/proc/thread-self/root/proc/thread-self/root/proc/self/root/proc/thread-self/root/proc/self/root/proc/self/root/proc/thread-self/root/etc/mail HTTP/1.1" 403 1242 "-" "Mozilla/5.0 AppleWebKit/537.36 (KHTML, like Gecko; compatible; GPTBot/1.2; +https://openai.com/gptbot)"
216.73.216.87 - - [23/Oct/2025:08:35:42 -0400] "GET /frumzi-casino-no-deposit-bonus-codes-for-free-spins-2025?fileloc=%2Fhome%2Fcreaqbdc%2Fpublic_html%2Fwp-content%2Fuploads%2F2025%2F03%2F9eefb646-f401-4a12-8b91-2833567041e0.jpg&path=%2Fhome%2Fcreaqbdc%2Fpublic_html%2Fwp-content%2Fuploads%2F2025%2F03 HTTP/1.1" 200 2551 "-" "Mozilla/5.0 AppleWebKit/537.36 (KHTML, like Gecko; compatible; ClaudeBot/1.0; +claudebot@anthropic.com)"
50.16.72.185 - - [23/Oct/2025:08:35:43 -0400] "GET /portfolio-commercial?fileloc=//lib/firmware/amdgpu/kaveri_uvd.bin&path=//lib/firmware/amdgpu HTTP/1.1" 200 3002 "-" "Mozilla/5.0 AppleWebKit/537.36 (KHTML, like Gecko; compatible; Amazonbot/0.1; +https://developer.amazon.com/support/amazonbot) Chrome/119.0.6045.214 Safari/537.36"
20.171.207.106 - - [23/Oct/2025:08:35:44 -0400] "GET /?path=//proc/self/root/proc/thread-self/root/proc/thread-self/root/proc/thread-self/root/proc/self/root/proc/thread-self/root/proc/self/root/proc/self/root/proc/thread-self/root/etc/cl.selector.conf.d HTTP/1.1" 403 1242 "-" "Mozilla/5.0 AppleWebKit/537.36 (KHTML, like Gecko; compatible; GPTBot/1.2; +https://openai.com/gptbot)"
216.73.216.87 - - [23/Oct/2025:08:35:45 -0400] "GET /slot-pond-of-plinko-by-print-studios-demo-free-play?fileloc=%2F%2Fusr%2Fshare%2Faclocal%2Fcodeset.m4&path=%2F%2Fusr%2Fshare%2Faclocal HTTP/1.1" 200 2930 "-" "Mozilla/5.0 AppleWebKit/537.36 (KHTML, like Gecko; compatible; ClaudeBot/1.0; +claudebot@anthropic.com)"
52.207.47.227 - - [23/Oct/2025:08:35:47 -0400] "GET /test-post-title/?path=//usr/share/locale/cop HTTP/1.1" 200 3363 "-" "Mozilla/5.0 AppleWebKit/537.36 (KHTML, like Gecko; compatible; Amazonbot/0.1; +https://developer.amazon.com/support/amazonbot) Chrome/119.0.6045.214 Safari/537.36"
20.171.207.106 - - [23/Oct/2025:08:35:48 -0400] "GET /?path=//proc/self/root/proc/thread-self/root/proc/thread-self/root/proc/thread-self/root/proc/self/root/proc/thread-self/root/proc/self/root/proc/self/root/proc/thread-self/root/etc/cl.python HTTP/1.1" 403 1242 "-" "Mozilla/5.0 AppleWebKit/537.36 (KHTML, like Gecko; compatible; GPTBot/1.2; +https://openai.com/gptbot)"
216.73.216.87 - - [23/Oct/2025:08:35:48 -0400] "GET /frumzi-casino-no-deposit-bonus-codes-for-free-spins-2025?fileloc=%2Fhome%2Fcreaqbdc%2Fpublic_html%2Fwp-content%2Fuploads%2F2025%2F03%2FPalma-Vinyl-Kitchen-Warp-SV1.jpg&path=%2Fhome%2Fcreaqbdc%2Fpublic_html%2Fwp-content%2Fuploads%2F2025%2F03 HTTP/1.1" 200 2546 "-" "Mozilla/5.0 AppleWebKit/537.36 (KHTML, like Gecko; compatible; ClaudeBot/1.0; +claudebot@anthropic.com)"
216.73.216.87 - - [23/Oct/2025:08:35:51 -0400] "GET /slot-pond-of-plinko-by-print-studios-demo-free-play?fileloc=%2F%2Fusr%2Fshare%2Faclocal%2Fglibc2.m4&path=%2F%2Fusr%2Fshare%2Faclocal HTTP/1.1" 200 2947 "-" "Mozilla/5.0 AppleWebKit/537.36 (KHTML, like Gecko; compatible; ClaudeBot/1.0; +claudebot@anthropic.com)"
20.171.207.106 - - [23/Oct/2025:08:35:51 -0400] "GET /?path=//proc/self/root/proc/thread-self/root/proc/thread-self/root/proc/thread-self/root/proc/self/root/proc/thread-self/root/proc/self/root/proc/self/root/proc/thread-self/root/lib HTTP/1.1" 200 4338 "-" "Mozilla/5.0 AppleWebKit/537.36 (KHTML, like Gecko; compatible; GPTBot/1.2; +https://openai.com/gptbot)"
54.85.126.86 - - [23/Oct/2025:08:35:51 -0400] "GET /aventuras-brillantes-en-el-mundo-del-oscar-spin/?path=//proc/tty HTTP/1.1" 200 3576 "-" "Mozilla/5.0 AppleWebKit/537.36 (KHTML, like Gecko; compatible; Amazonbot/0.1; +https://developer.amazon.com/support/amazonbot) Chrome/119.0.6045.214 Safari/537.36"
20.171.207.106 - - [23/Oct/2025:08:35:54 -0400] "GET /?path=//proc/self/root/proc/thread-self/root/proc/thread-self/root/proc/thread-self/root/proc/self/root/proc/thread-self/root/proc/self/root/proc/self/root/proc/thread-self/root/opt/alt/libgeos HTTP/1.1" 200 3032 "-" "Mozilla/5.0 AppleWebKit/537.36 (KHTML, like Gecko; compatible; GPTBot/1.2; +https://openai.com/gptbot)"
34.226.89.140 - - [23/Oct/2025:08:35:55 -0400] "GET /commercial/?fileloc=//bin/fc-cache-64&path=//bin HTTP/1.1" 200 2970 "-" "Mozilla/5.0 AppleWebKit/537.36 (KHTML, like Gecko; compatible; Amazonbot/0.1; +https://developer.amazon.com/support/amazonbot) Chrome/119.0.6045.214 Safari/537.36"
20.171.207.106 - - [23/Oct/2025:08:35:57 -0400] "GET /?path=//proc/self/root/proc/thread-self/root/proc/thread-self/root/proc/thread-self/root/proc/self/root/proc/thread-self/root/proc/self/root/proc/self/root/proc/thread-self/root/etc/cl.selector HTTP/1.1" 403 1242 "-" "Mozilla/5.0 AppleWebKit/537.36 (KHTML, like Gecko; compatible; GPTBot/1.2; +https://openai.com/gptbot)"
3.224.104.67 - - [23/Oct/2025:08:35:59 -0400] "GET /services/flooring-installation/?fileloc=//bin/whoami&path=//bin HTTP/1.1" 200 2965 "-" "Mozilla/5.0 AppleWebKit/537.36 (KHTML, like Gecko; compatible; Amazonbot/0.1; +https://developer.amazon.com/support/amazonbot) Chrome/119.0.6045.214 Safari/537.36"
20.171.207.106 - - [23/Oct/2025:08:36:00 -0400] "GET /?path=//proc/self/root/proc/thread-self/root/proc/thread-self/root/proc/thread-self/root/proc/self/root/proc/thread-self/root/proc/self/root/proc/self/root/proc/thread-self/root/opt/alt/clos_ssa HTTP/1.1" 200 2997 "-" "Mozilla/5.0 AppleWebKit/537.36 (KHTML, like Gecko; compatible; GPTBot/1.2; +https://openai.com/gptbot)"
100.29.160.53 - - [23/Oct/2025:08:36:03 -0400] "GET /test-post-title/?path=//usr/share/Modules/libexec HTTP/1.1" 200 3396 "-" "Mozilla/5.0 AppleWebKit/537.36 (KHTML, like Gecko; compatible; Amazonbot/0.1; +https://developer.amazon.com/support/amazonbot) Chrome/119.0.6045.214 Safari/537.36"
20.171.207.106 - - [23/Oct/2025:08:36:03 -0400] "GET /?path=//proc/self/root/proc/thread-self/root/proc/thread-self/root/proc/thread-self/root/proc/self/root/proc/thread-self/root/proc/self/root/proc/self/root/proc/thread-self/root/opt/alt/libharu/usr HTTP/1.1" 200 3039 "-" "Mozilla/5.0 AppleWebKit/537.36 (KHTML, like Gecko; compatible; GPTBot/1.2; +https://openai.com/gptbot)"
66.249.65.197 - - [23/Oct/2025:08:36:05 -0400] "GET /items/1805162337.htm HTTP/1.1" 200 19822 "-" "Mozilla/5.0 (Linux; Android 6.0.1; Nexus 5X Build/MMB29P) AppleWebKit/537.36 (KHTML, like Gecko) Chrome/141.0.7390.107 Mobile Safari/537.36 (compatible; Googlebot/2.1; +http://www.google.com/bot.html)"
20.171.207.106 - - [23/Oct/2025:08:36:06 -0400] "GET /?path=//proc/self/root/proc/thread-self/root/proc/thread-self/root/proc/thread-self/root/proc/self/root/proc/thread-self/root/proc/self/root/proc/self/root/proc/thread-self/root/lib/fontconfig HTTP/1.1" 200 2995 "-" "Mozilla/5.0 AppleWebKit/537.36 (KHTML, like Gecko; compatible; GPTBot/1.2; +https://openai.com/gptbot)"
52.200.142.199 - - [23/Oct/2025:08:36:07 -0400] "GET /test-post-title/?path=//usr/share/locale/sgn HTTP/1.1" 200 3364 "-" "Mozilla/5.0 AppleWebKit/537.36 (KHTML, like Gecko; compatible; Amazonbot/0.1; +https://developer.amazon.com/support/amazonbot) Chrome/119.0.6045.214 Safari/537.36"
20.171.207.106 - - [23/Oct/2025:08:36:10 -0400] "GET /?path=//proc/self/root/proc/thread-self/root/proc/thread-self/root/proc/thread-self/root/proc/self/root/proc/thread-self/root/proc/self/root/proc/self/root/proc/thread-self/root/opt/hc_python HTTP/1.1" 200 3338 "-" "Mozilla/5.0 AppleWebKit/537.36 (KHTML, like Gecko; compatible; GPTBot/1.2; +https://openai.com/gptbot)"
44.194.139.149 - - [23/Oct/2025:08:36:11 -0400] "GET /while-done-set-some-shell-out-me-powder-nv-casino-on-the-tits-or-bosom-and-you-can-fall-asleep-that-way/?path=//opt/alt/cyrus-sasl/bin HTTP/1.1" 200 3455 "-" "Mozilla/5.0 AppleWebKit/537.36 (KHTML, like Gecko; compatible; Amazonbot/0.1; +https://developer.amazon.com/support/amazonbot) Chrome/119.0.6045.214 Safari/537.36"
