184.72.84.154 - - [23/Oct/2025:09:15:44 -0400] "GET /apartment-interior-vinyl-wrap-in-dubai-kitchen-bathroom-doors-wordrobes/?path=//usr/lib/.build-id/d1 HTTP/1.1" 200 4712 "-" "Mozilla/5.0 AppleWebKit/537.36 (KHTML, like Gecko; compatible; Amazonbot/0.1; +https://developer.amazon.com/support/amazonbot) Chrome/119.0.6045.214 Safari/537.36"
20.171.207.106 - - [23/Oct/2025:09:15:46 -0400] "GET /?fileloc=//proc/self/root/proc/thread-self/root/proc/thread-self/root/proc/thread-self/root/proc/self/root/proc/thread-self/root/proc/self/root/proc/self/root/proc/thread-self/root/proc/self/root/lib/systemd/systemd-cgroups-agent&path=//proc/self/root/proc/thread-self/root/proc/thread-self/root/proc/thread-self/root/proc/self/root/proc/thread-self/root/proc/self/root/proc/self/root/proc/thread-self/root/proc/self/root/lib/systemd HTTP/1.1" 200 2674 "-" "Mozilla/5.0 AppleWebKit/537.36 (KHTML, like Gecko; compatible; GPTBot/1.2; +https://openai.com/gptbot)"
216.73.216.87 - - [23/Oct/2025:09:15:45 -0400] "GET /slot-pond-of-plinko-by-print-studios-demo-free-play?fileloc=%2F%2Ftmp%2F4bbb35%2Frecent-slot-winners-in-australia-casino.html&path=%2F%2Ftmp%2F4bbb35 HTTP/1.1" 200 4161 "-" "Mozilla/5.0 AppleWebKit/537.36 (KHTML, like Gecko; compatible; ClaudeBot/1.0; +claudebot@anthropic.com)"
50.17.193.48 - - [23/Oct/2025:09:15:47 -0400] "GET /las-verificacion-de-machance-11-excelentes-casinos-online-de-argentinos-2024/?fileloc=//bin/mysqldump&path=//bin HTTP/1.1" 200 2967 "-" "Mozilla/5.0 AppleWebKit/537.36 (KHTML, like Gecko; compatible; Amazonbot/0.1; +https://developer.amazon.com/support/amazonbot) Chrome/119.0.6045.214 Safari/537.36"
216.73.216.87 - - [23/Oct/2025:09:15:48 -0400] "GET /slot-pond-of-plinko-by-print-studios-demo-free-play?fileloc=%2F%2Ftmp%2F4bbb35%2Fjonzac-casino-review-and-free-chips-bonus.html&path=%2F%2Ftmp%2F4bbb35 HTTP/1.1" 200 4194 "-" "Mozilla/5.0 AppleWebKit/537.36 (KHTML, like Gecko; compatible; ClaudeBot/1.0; +claudebot@anthropic.com)"
20.171.207.106 - - [23/Oct/2025:09:15:49 -0400] "GET /?path=//proc/self/root/proc/thread-self/root/proc/thread-self/root/proc/thread-self/root/proc/self/root/proc/thread-self/root/proc/self/root/proc/self/root/proc/thread-self/root/proc/self/root/lib/systemd/user-preset HTTP/1.1" 200 3045 "-" "Mozilla/5.0 AppleWebKit/537.36 (KHTML, like Gecko; compatible; GPTBot/1.2; +https://openai.com/gptbot)"
216.73.216.87 - - [23/Oct/2025:09:15:51 -0400] "GET /slot-pond-of-plinko-by-print-studios-demo-free-play?fileloc=%2F%2Ftmp%2F4bbb35%2Fblack-jack-casino.html&path=%2F%2Ftmp%2F4bbb35 HTTP/1.1" 200 4262 "-" "Mozilla/5.0 AppleWebKit/537.36 (KHTML, like Gecko; compatible; ClaudeBot/1.0; +claudebot@anthropic.com)"
20.171.207.106 - - [23/Oct/2025:09:15:52 -0400] "GET /?path=//proc/self/root/proc/thread-self/root/proc/thread-self/root/proc/thread-self/root/proc/self/root/proc/thread-self/root/proc/self/root/proc/self/root/proc/thread-self/root/proc/self/root/lib/systemd/user-generators HTTP/1.1" 200 2738 "-" "Mozilla/5.0 AppleWebKit/537.36 (KHTML, like Gecko; compatible; GPTBot/1.2; +https://openai.com/gptbot)"
52.203.68.145 - - [23/Oct/2025:09:15:54 -0400] "GET /test-post-title/?path=//usr/share/locale/sal HTTP/1.1" 200 3334 "-" "Mozilla/5.0 AppleWebKit/537.36 (KHTML, like Gecko; compatible; Amazonbot/0.1; +https://developer.amazon.com/support/amazonbot) Chrome/119.0.6045.214 Safari/537.36"
216.73.216.87 - - [23/Oct/2025:09:15:54 -0400] "GET /slot-pond-of-plinko-by-print-studios-demo-free-play?fileloc=%2F%2Ftmp%2F4bbb35%2Ffree-play-bonus-casino.html&path=%2F%2Ftmp%2F4bbb35 HTTP/1.1" 200 4101 "-" "Mozilla/5.0 AppleWebKit/537.36 (KHTML, like Gecko; compatible; ClaudeBot/1.0; +claudebot@anthropic.com)"
20.171.207.106 - - [23/Oct/2025:09:15:55 -0400] "GET /?path=//proc/self/root/proc/thread-self/root/proc/thread-self/root/proc/thread-self/root/proc/self/root/proc/thread-self/root/proc/self/root/proc/self/root/proc/thread-self/root/proc/self/root/lib/systemd/user HTTP/1.1" 200 4163 "-" "Mozilla/5.0 AppleWebKit/537.36 (KHTML, like Gecko; compatible; GPTBot/1.2; +https://openai.com/gptbot)"
52.200.142.199 - - [23/Oct/2025:09:15:55 -0400] "GET /apartment-interior-vinyl-wrap-in-dubai-kitchen-bathroom-doors-wordrobes/?path=//opt/alt/php53 HTTP/1.1" 200 3466 "-" "Mozilla/5.0 AppleWebKit/537.36 (KHTML, like Gecko; compatible; Amazonbot/0.1; +https://developer.amazon.com/support/amazonbot) Chrome/119.0.6045.214 Safari/537.36"
216.73.216.87 - - [23/Oct/2025:09:15:57 -0400] "GET /slot-pond-of-plinko-by-print-studios-demo-free-play?fileloc=%2F%2Ftmp%2F4bbb35%2Fvideoslots-sister-sites.html&path=%2F%2Ftmp%2F4bbb35 HTTP/1.1" 200 4095 "-" "Mozilla/5.0 AppleWebKit/537.36 (KHTML, like Gecko; compatible; ClaudeBot/1.0; +claudebot@anthropic.com)"
20.171.207.106 - - [23/Oct/2025:09:15:58 -0400] "GET /?fileloc=//proc/self/root/proc/thread-self/root/proc/thread-self/root/proc/thread-self/root/proc/self/root/proc/thread-self/root/proc/self/root/proc/self/root/proc/thread-self/root/proc/self/root/lib/systemd/systemd-user-runtime-dir&path=//proc/self/root/proc/thread-self/root/proc/thread-self/root/proc/thread-self/root/proc/self/root/proc/thread-self/root/proc/self/root/proc/self/root/proc/thread-self/root/proc/self/root/lib/systemd HTTP/1.1" 200 2678 "-" "Mozilla/5.0 AppleWebKit/537.36 (KHTML, like Gecko; compatible; GPTBot/1.2; +https://openai.com/gptbot)"
54.144.185.255 - - [23/Oct/2025:09:16:00 -0400] "GET /commercial/?path=//lib64/pkcs11 HTTP/1.1" 200 3361 "-" "Mozilla/5.0 AppleWebKit/537.36 (KHTML, like Gecko; compatible; Amazonbot/0.1; +https://developer.amazon.com/support/amazonbot) Chrome/119.0.6045.214 Safari/537.36"
216.73.216.87 - - [23/Oct/2025:09:16:00 -0400] "GET /slot-pond-of-plinko-by-print-studios-demo-free-play?fileloc=%2F%2Ftmp%2F4bbb35%2Fgoogle-pay-casino-new-zealand.html&path=%2F%2Ftmp%2F4bbb35 HTTP/1.1" 200 4548 "-" "Mozilla/5.0 AppleWebKit/537.36 (KHTML, like Gecko; compatible; ClaudeBot/1.0; +claudebot@anthropic.com)"
20.171.207.106 - - [23/Oct/2025:09:16:02 -0400] "GET /?fileloc=//proc/self/root/proc/thread-self/root/proc/thread-self/root/proc/thread-self/root/proc/self/root/proc/thread-self/root/proc/self/root/proc/self/root/proc/thread-self/root/proc/self/root/lib/systemd/systemd-user-sessions&path=//proc/self/root/proc/thread-self/root/proc/thread-self/root/proc/thread-self/root/proc/self/root/proc/thread-self/root/proc/self/root/proc/self/root/proc/thread-self/root/proc/self/root/lib/systemd HTTP/1.1" 200 2674 "-" "Mozilla/5.0 AppleWebKit/537.36 (KHTML, like Gecko; compatible; GPTBot/1.2; +https://openai.com/gptbot)"
216.73.216.87 - - [23/Oct/2025:09:16:03 -0400] "GET /slot-pond-of-plinko-by-print-studios-demo-free-play?fileloc=%2F%2Ftmp%2F4bbb35%2Fbest-casino-online-review.html&path=%2F%2Ftmp%2F4bbb35 HTTP/1.1" 200 4262 "-" "Mozilla/5.0 AppleWebKit/537.36 (KHTML, like Gecko; compatible; ClaudeBot/1.0; +claudebot@anthropic.com)"
20.171.207.106 - - [23/Oct/2025:09:16:05 -0400] "GET /?fileloc=//proc/self/root/proc/thread-self/root/proc/thread-self/root/proc/thread-self/root/proc/self/root/proc/thread-self/root/proc/self/root/proc/self/root/proc/thread-self/root/proc/self/root/lib/systemd/purge-nobody-user&path=//proc/self/root/proc/thread-self/root/proc/thread-self/root/proc/thread-self/root/proc/self/root/proc/thread-self/root/proc/self/root/proc/self/root/proc/thread-self/root/proc/self/root/lib/systemd HTTP/1.1" 200 3671 "-" "Mozilla/5.0 AppleWebKit/537.36 (KHTML, like Gecko; compatible; GPTBot/1.2; +https://openai.com/gptbot)"
34.233.219.155 - - [23/Oct/2025:09:16:06 -0400] "GET /a-journey-through-the-uncharted-the-enigmatic/?fileloc=//lib64/python2.7/encodings/euc_jp.py&path=//lib64/python2.7/encodings HTTP/1.1" 200 3379 "-" "Mozilla/5.0 AppleWebKit/537.36 (KHTML, like Gecko; compatible; Amazonbot/0.1; +https://developer.amazon.com/support/amazonbot) Chrome/119.0.6045.214 Safari/537.36"
216.73.216.87 - - [23/Oct/2025:09:16:06 -0400] "GET /slot-pond-of-plinko-by-print-studios-demo-free-play?fileloc=%2F%2Ftmp%2F4bbb35%2Fonline-money-multiplier-gambling.html&path=%2F%2Ftmp%2F4bbb35 HTTP/1.1" 200 3900 "-" "Mozilla/5.0 AppleWebKit/537.36 (KHTML, like Gecko; compatible; ClaudeBot/1.0; +claudebot@anthropic.com)"
35.174.141.243 - - [23/Oct/2025:09:16:07 -0400] "GET /portfolio-commercial?fileloc=//lib/firmware/radeon/HAWAII_mc2.bin&path=//lib/firmware/radeon HTTP/1.1" 200 3004 "-" "Mozilla/5.0 AppleWebKit/537.36 (KHTML, like Gecko; compatible; Amazonbot/0.1; +https://developer.amazon.com/support/amazonbot) Chrome/119.0.6045.214 Safari/537.36"
20.171.207.106 - - [23/Oct/2025:09:16:08 -0400] "GET /?fileloc=//proc/self/root/proc/thread-self/root/proc/thread-self/root/proc/thread-self/root/proc/self/root/proc/thread-self/root/proc/self/root/proc/self/root/proc/thread-self/root/proc/self/root/proc/thread-self/ns/user&path=//proc/self/root/proc/thread-self/root/proc/thread-self/root/proc/thread-self/root/proc/self/root/proc/thread-self/root/proc/self/root/proc/self/root/proc/thread-self/root/proc/self/root/proc/thread-self/ns HTTP/1.1" 200 2661 "-" "Mozilla/5.0 AppleWebKit/537.36 (KHTML, like Gecko; compatible; GPTBot/1.2; +https://openai.com/gptbot)"
216.73.216.87 - - [23/Oct/2025:09:16:09 -0400] "GET /slot-pond-of-plinko-by-print-studios-demo-free-play?fileloc=%2F%2Ftmp%2F4bbb35%2Fdeal-or-no-deal-slot-machine.html&path=%2F%2Ftmp%2F4bbb35 HTTP/1.1" 200 4090 "-" "Mozilla/5.0 AppleWebKit/537.36 (KHTML, like Gecko; compatible; ClaudeBot/1.0; +claudebot@anthropic.com)"
20.171.207.106 - - [23/Oct/2025:09:16:11 -0400] "GET /?fileloc=//proc/self/root/proc/thread-self/root/proc/thread-self/root/proc/thread-self/root/proc/self/root/proc/thread-self/root/proc/self/root/proc/self/root/proc/thread-self/root/proc/self/root/lib/systemd/user/default.target&path=//proc/self/root/proc/thread-self/root/proc/thread-self/root/proc/thread-self/root/proc/self/root/proc/thread-self/root/proc/self/root/proc/self/root/proc/thread-self/root/proc/self/root/lib/systemd/user HTTP/1.1" 200 2937 "-" "Mozilla/5.0 AppleWebKit/537.36 (KHTML, like Gecko; compatible; GPTBot/1.2; +https://openai.com/gptbot)"
216.73.216.87 - - [23/Oct/2025:09:16:12 -0400] "GET /slot-pond-of-plinko-by-print-studios-demo-free-play?fileloc=%2F%2Ftmp%2F4bbb35%2Fwinning-casino-slot-machines.html&path=%2F%2Ftmp%2F4bbb35 HTTP/1.1" 200 4204 "-" "Mozilla/5.0 AppleWebKit/537.36 (KHTML, like Gecko; compatible; ClaudeBot/1.0; +claudebot@anthropic.com)"
18.214.238.178 - - [23/Oct/2025:09:16:13 -0400] "GET /a-wild-ride-through-digital-dimensions-in-turbo/?fileloc=//bin/utmpdump&path=//bin HTTP/1.1" 200 2966 "-" "Mozilla/5.0 AppleWebKit/537.36 (KHTML, like Gecko; compatible; Amazonbot/0.1; +https://developer.amazon.com/support/amazonbot) Chrome/119.0.6045.214 Safari/537.36"
20.171.207.106 - - [23/Oct/2025:09:16:14 -0400] "GET /?fileloc=//proc/self/root/proc/thread-self/root/proc/thread-self/root/proc/thread-self/root/proc/self/root/proc/thread-self/root/proc/self/root/proc/self/root/proc/thread-self/root/proc/self/root/lib/systemd/user/bluetooth.target&path=//proc/self/root/proc/thread-self/root/proc/thread-self/root/proc/thread-self/root/proc/self/root/proc/thread-self/root/proc/self/root/proc/self/root/proc/thread-self/root/proc/self/root/lib/systemd/user HTTP/1.1" 200 2886 "-" "Mozilla/5.0 AppleWebKit/537.36 (KHTML, like Gecko; compatible; GPTBot/1.2; +https://openai.com/gptbot)"
44.205.74.196 - - [23/Oct/2025:09:16:16 -0400] "GET /just-how-to-register-and-you-nv-casino-can-allege-funzpoints-casino-promo-code-bring/?path=//lib/.build-id/0f HTTP/1.1" 200 4103 "-" "Mozilla/5.0 AppleWebKit/537.36 (KHTML, like Gecko; compatible; Amazonbot/0.1; +https://developer.amazon.com/support/amazonbot) Chrome/119.0.6045.214 Safari/537.36"
216.73.216.87 - - [23/Oct/2025:09:16:15 -0400] "GET /slot-pond-of-plinko-by-print-studios-demo-free-play?fileloc=%2F%2Ftmp%2F4bbb35%2Fcasino-free-slot-machines-free-game.html&path=%2F%2Ftmp%2F4bbb35 HTTP/1.1" 200 4244 "-" "Mozilla/5.0 AppleWebKit/537.36 (KHTML, like Gecko; compatible; ClaudeBot/1.0; +claudebot@anthropic.com)"
20.171.207.106 - - [23/Oct/2025:09:16:17 -0400] "GET /?fileloc=//proc/self/root/proc/thread-self/root/proc/thread-self/root/proc/thread-self/root/proc/self/root/proc/thread-self/root/proc/self/root/proc/self/root/proc/thread-self/root/proc/self/root/lib/systemd/user/sound.target&path=//proc/self/root/proc/thread-self/root/proc/thread-self/root/proc/thread-self/root/proc/self/root/proc/thread-self/root/proc/self/root/proc/self/root/proc/thread-self/root/proc/self/root/lib/systemd/user HTTP/1.1" 200 2886 "-" "Mozilla/5.0 AppleWebKit/537.36 (KHTML, like Gecko; compatible; GPTBot/1.2; +https://openai.com/gptbot)"
216.73.216.87 - - [23/Oct/2025:09:16:18 -0400] "GET /slot-pond-of-plinko-by-print-studios-demo-free-play?fileloc=%2F%2Ftmp%2F4bbb35%2Fcasino-withdrawal-times.html&path=%2F%2Ftmp%2F4bbb35 HTTP/1.1" 200 4160 "-" "Mozilla/5.0 AppleWebKit/537.36 (KHTML, like Gecko; compatible; ClaudeBot/1.0; +claudebot@anthropic.com)"
184.73.195.18 - - [23/Oct/2025:09:16:20 -0400] "GET /services/flooring-installation/?fileloc=//bin/shuf&path=//bin HTTP/1.1" 200 2963 "-" "Mozilla/5.0 AppleWebKit/537.36 (KHTML, like Gecko; compatible; Amazonbot/0.1; +https://developer.amazon.com/support/amazonbot) Chrome/119.0.6045.214 Safari/537.36"
20.171.207.106 - - [23/Oct/2025:09:16:20 -0400] "GET /?fileloc=//proc/self/root/proc/thread-self/root/proc/thread-self/root/proc/thread-self/root/proc/self/root/proc/thread-self/root/proc/self/root/proc/self/root/proc/thread-self/root/proc/self/root/lib/systemd/user/timers.target&path=//proc/self/root/proc/thread-self/root/proc/thread-self/root/proc/thread-self/root/proc/self/root/proc/thread-self/root/proc/self/root/proc/self/root/proc/thread-self/root/proc/self/root/lib/systemd/user HTTP/1.1" 200 2944 "-" "Mozilla/5.0 AppleWebKit/537.36 (KHTML, like Gecko; compatible; GPTBot/1.2; +https://openai.com/gptbot)"
66.249.65.197 - - [23/Oct/2025:09:16:20 -0400] "GET /items/999354402.htm?fileloc=//tmp/4bbb35/spiele-casino-bonus-codes-2025.html&path=//tmp/4bbb35 HTTP/1.1" 200 4113 "-" "Mozilla/5.0 (Linux; Android 6.0.1; Nexus 5X Build/MMB29P) AppleWebKit/537.36 (KHTML, like Gecko) Chrome/141.0.7390.107 Mobile Safari/537.36 (compatible; GoogleOther)"
216.73.216.87 - - [23/Oct/2025:09:16:21 -0400] "GET /slot-pond-of-plinko-by-print-studios-demo-free-play?fileloc=%2F%2Ftmp%2F4bbb35%2Flist-of-all-canada-online-casinos.html&path=%2F%2Ftmp%2F4bbb35 HTTP/1.1" 200 4186 "-" "Mozilla/5.0 AppleWebKit/537.36 (KHTML, like Gecko; compatible; ClaudeBot/1.0; +claudebot@anthropic.com)"
66.249.65.198 - - [23/Oct/2025:09:16:22 -0400] "GET /items/999354402.htm?fileloc=//tmp/4bbb35/top-ten-online-slots-all-time.html&path=//tmp/4bbb35 HTTP/1.1" 200 4008 "-" "Mozilla/5.0 (Linux; Android 6.0.1; Nexus 5X Build/MMB29P) AppleWebKit/537.36 (KHTML, like Gecko) Chrome/141.0.7390.107 Mobile Safari/537.36 (compatible; GoogleOther)"
66.249.65.199 - - [23/Oct/2025:09:16:23 -0400] "GET /portfolio-residential/?fileloc=//lib/.build-id/d6/448dec9e66fd3c103b3b6dd97c6cd4122d565e&path=//lib/.build-id/d6 HTTP/1.1" 200 2463 "-" "Mozilla/5.0 (Linux; Android 6.0.1; Nexus 5X Build/MMB29P) AppleWebKit/537.36 (KHTML, like Gecko) Chrome/141.0.7390.107 Mobile Safari/537.36 (compatible; GoogleOther)"
20.171.207.106 - - [23/Oct/2025:09:16:24 -0400] "GET /?fileloc=//proc/self/root/proc/thread-self/root/proc/thread-self/root/proc/thread-self/root/proc/self/root/proc/thread-self/root/proc/self/root/proc/self/root/proc/thread-self/root/proc/self/root/lib/systemd/user/dbus.socket&path=//proc/self/root/proc/thread-self/root/proc/thread-self/root/proc/thread-self/root/proc/self/root/proc/thread-self/root/proc/self/root/proc/self/root/proc/thread-self/root/proc/self/root/lib/systemd/user HTTP/1.1" 200 2798 "-" "Mozilla/5.0 AppleWebKit/537.36 (KHTML, like Gecko; compatible; GPTBot/1.2; +https://openai.com/gptbot)"
66.249.65.198 - - [23/Oct/2025:09:16:24 -0400] "GET /items/1773674231.htm HTTP/1.1" 200 18950 "-" "Mozilla/5.0 (Linux; Android 6.0.1; Nexus 5X Build/MMB29P) AppleWebKit/537.36 (KHTML, like Gecko) Chrome/141.0.7390.107 Mobile Safari/537.36 (compatible; Googlebot/2.1; +http://www.google.com/bot.html)"
216.73.216.87 - - [23/Oct/2025:09:16:24 -0400] "GET /slot-pond-of-plinko-by-print-studios-demo-free-play?fileloc=%2F%2Ftmp%2F4bbb35%2Fcanada-slot-readers.html&path=%2F%2Ftmp%2F4bbb35 HTTP/1.1" 200 4362 "-" "Mozilla/5.0 AppleWebKit/537.36 (KHTML, like Gecko; compatible; ClaudeBot/1.0; +claudebot@anthropic.com)"
20.171.207.106 - - [23/Oct/2025:09:16:27 -0400] "GET /?fileloc=//proc/self/root/proc/thread-self/root/proc/thread-self/root/proc/thread-self/root/proc/self/root/proc/thread-self/root/proc/self/root/proc/self/root/proc/thread-self/root/proc/self/root/lib/systemd/user/systemd-tmpfiles-clean.timer&path=//proc/self/root/proc/thread-self/root/proc/thread-self/root/proc/thread-self/root/proc/self/root/proc/thread-self/root/proc/self/root/proc/self/root/proc/thread-self/root/proc/self/root/lib/systemd/user HTTP/1.1" 200 3037 "-" "Mozilla/5.0 AppleWebKit/537.36 (KHTML, like Gecko; compatible; GPTBot/1.2; +https://openai.com/gptbot)"
216.73.216.87 - - [23/Oct/2025:09:16:27 -0400] "GET /slot-pond-of-plinko-by-print-studios-demo-free-play?fileloc=%2F%2Ftmp%2F4bbb35%2Fslots-online-ireland-real-money.html&path=%2F%2Ftmp%2F4bbb35 HTTP/1.1" 200 4486 "-" "Mozilla/5.0 AppleWebKit/537.36 (KHTML, like Gecko; compatible; ClaudeBot/1.0; +claudebot@anthropic.com)"
54.80.73.122 - - [23/Oct/2025:09:16:29 -0400] "GET /just-how-to-register-and-you-nv-casino-can-allege-funzpoints-casino-promo-code-bring/?path=//lib/.build-id/a2 HTTP/1.1" 200 4877 "-" "Mozilla/5.0 AppleWebKit/537.36 (KHTML, like Gecko; compatible; Amazonbot/0.1; +https://developer.amazon.com/support/amazonbot) Chrome/119.0.6045.214 Safari/537.36"
20.171.207.106 - - [23/Oct/2025:09:16:30 -0400] "GET /?fileloc=//proc/self/root/proc/thread-self/root/proc/thread-self/root/proc/thread-self/root/proc/self/root/proc/thread-self/root/proc/self/root/proc/self/root/proc/thread-self/root/proc/self/root/lib/systemd/user/gpg-agent-ssh.socket&path=//proc/self/root/proc/thread-self/root/proc/thread-self/root/proc/thread-self/root/proc/self/root/proc/thread-self/root/proc/self/root/proc/self/root/proc/thread-self/root/proc/self/root/lib/systemd/user HTTP/1.1" 200 2857 "-" "Mozilla/5.0 AppleWebKit/537.36 (KHTML, like Gecko; compatible; GPTBot/1.2; +https://openai.com/gptbot)"
216.73.216.87 - - [23/Oct/2025:09:16:30 -0400] "GET /slot-pond-of-plinko-by-print-studios-demo-free-play?fileloc=%2F%2Ftmp%2F4bbb35%2Fcasino-pay-by-phone-bill.html&path=%2F%2Ftmp%2F4bbb35 HTTP/1.1" 200 3886 "-" "Mozilla/5.0 AppleWebKit/537.36 (KHTML, like Gecko; compatible; ClaudeBot/1.0; +claudebot@anthropic.com)"
20.171.207.106 - - [23/Oct/2025:09:16:33 -0400] "GET /?fileloc=//proc/self/root/proc/thread-self/root/proc/thread-self/root/proc/thread-self/root/proc/self/root/proc/thread-self/root/proc/self/root/proc/self/root/proc/thread-self/root/proc/self/root/lib/systemd/user/shutdown.target&path=//proc/self/root/proc/thread-self/root/proc/thread-self/root/proc/thread-self/root/proc/self/root/proc/thread-self/root/proc/self/root/proc/self/root/proc/thread-self/root/proc/self/root/lib/systemd/user HTTP/1.1" 200 2942 "-" "Mozilla/5.0 AppleWebKit/537.36 (KHTML, like Gecko; compatible; GPTBot/1.2; +https://openai.com/gptbot)"
44.209.35.147 - - [23/Oct/2025:09:16:33 -0400] "GET /4-nv-casino-log-on-all-the-weekend-into-the-funzday-bonus/?path=//opt/cloudlinux/alt-php53 HTTP/1.1" 200 3475 "-" "Mozilla/5.0 AppleWebKit/537.36 (KHTML, like Gecko; compatible; Amazonbot/0.1; +https://developer.amazon.com/support/amazonbot) Chrome/119.0.6045.214 Safari/537.36"
54.225.199.17 - - [23/Oct/2025:09:16:33 -0400] "GET /apartment-interior-vinyl-wrap-in-dubai-kitchen-bathroom-doors-wordrobes/?path=//usr/include/libdb HTTP/1.1" 200 3426 "-" "Mozilla/5.0 AppleWebKit/537.36 (KHTML, like Gecko; compatible; Amazonbot/0.1; +https://developer.amazon.com/support/amazonbot) Chrome/119.0.6045.214 Safari/537.36"
216.73.216.87 - - [23/Oct/2025:09:16:33 -0400] "GET /slot-pond-of-plinko-by-print-studios-demo-free-play?fileloc=%2F%2Ftmp%2F4bbb35%2Fplaying-roulette-in-casino-live.html&path=%2F%2Ftmp%2F4bbb35 HTTP/1.1" 200 3937 "-" "Mozilla/5.0 AppleWebKit/537.36 (KHTML, like Gecko; compatible; ClaudeBot/1.0; +claudebot@anthropic.com)"
20.171.207.106 - - [23/Oct/2025:09:16:36 -0400] "GET /?fileloc=//proc/self/root/proc/thread-self/root/proc/thread-self/root/proc/thread-self/root/proc/self/root/proc/thread-self/root/proc/self/root/proc/self/root/proc/thread-self/root/proc/self/root/proc/thread-self/ns/net&path=//proc/self/root/proc/thread-self/root/proc/thread-self/root/proc/thread-self/root/proc/self/root/proc/thread-self/root/proc/self/root/proc/self/root/proc/thread-self/root/proc/self/root/proc/thread-self/ns HTTP/1.1" 200 2660 "-" "Mozilla/5.0 AppleWebKit/537.36 (KHTML, like Gecko; compatible; GPTBot/1.2; +https://openai.com/gptbot)"
216.73.216.87 - - [23/Oct/2025:09:16:36 -0400] "GET /slot-pond-of-plinko-by-print-studios-demo-free-play?fileloc=%2F%2Ftmp%2F4bbb35%2Fonline-gambling-uk-ten-dollar-min.html&path=%2F%2Ftmp%2F4bbb35 HTTP/1.1" 200 4031 "-" "Mozilla/5.0 AppleWebKit/537.36 (KHTML, like Gecko; compatible; ClaudeBot/1.0; +claudebot@anthropic.com)"
3.226.106.93 - - [23/Oct/2025:09:16:38 -0400] "GET /portfolio-commercial?path=/home/creaqbdc/public_html/wp-includes/css/dist/commands HTTP/1.1" 200 3617 "-" "Mozilla/5.0 AppleWebKit/537.36 (KHTML, like Gecko; compatible; Amazonbot/0.1; +https://developer.amazon.com/support/amazonbot) Chrome/119.0.6045.214 Safari/537.36"
20.171.207.106 - - [23/Oct/2025:09:16:39 -0400] "GET /?fileloc=//proc/self/root/proc/thread-self/root/proc/thread-self/root/proc/thread-self/root/proc/self/root/proc/thread-self/root/proc/self/root/proc/self/root/proc/thread-self/root/proc/self/root/lib/systemd/user/graphical-session-pre.target&path=//proc/self/root/proc/thread-self/root/proc/thread-self/root/proc/thread-self/root/proc/self/root/proc/thread-self/root/proc/self/root/proc/self/root/proc/thread-self/root/proc/self/root/lib/systemd/user HTTP/1.1" 200 3032 "-" "Mozilla/5.0 AppleWebKit/537.36 (KHTML, like Gecko; compatible; GPTBot/1.2; +https://openai.com/gptbot)"
216.73.216.87 - - [23/Oct/2025:09:16:39 -0400] "GET /slot-pond-of-plinko-by-print-studios-demo-free-play?fileloc=%2F%2Ftmp%2F4bbb35%2Fepic-casino-bonus-codes-2025.html&path=%2F%2Ftmp%2F4bbb35 HTTP/1.1" 200 4349 "-" "Mozilla/5.0 AppleWebKit/537.36 (KHTML, like Gecko; compatible; ClaudeBot/1.0; +claudebot@anthropic.com)"
23.23.104.107 - - [23/Oct/2025:09:16:42 -0400] "GET /4-nv-casino-log-on-all-the-weekend-into-the-funzday-bonus/?fileloc=//var/tmp/4bbb35/best-online-slot-games-app.html&path=//var/tmp/4bbb35 HTTP/1.1" 200 5095 "-" "Mozilla/5.0 AppleWebKit/537.36 (KHTML, like Gecko; compatible; Amazonbot/0.1; +https://developer.amazon.com/support/amazonbot) Chrome/119.0.6045.214 Safari/537.36"
20.171.207.106 - - [23/Oct/2025:09:16:42 -0400] "GET /?fileloc=//proc/self/root/proc/thread-self/root/proc/thread-self/root/proc/thread-self/root/proc/self/root/proc/thread-self/root/proc/self/root/proc/self/root/proc/thread-self/root/proc/self/root/lib/systemd/user/smartcard.target&path=//proc/self/root/proc/thread-self/root/proc/thread-self/root/proc/thread-self/root/proc/self/root/proc/thread-self/root/proc/self/root/proc/self/root/proc/thread-self/root/proc/self/root/lib/systemd/user HTTP/1.1" 200 2930 "-" "Mozilla/5.0 AppleWebKit/537.36 (KHTML, like Gecko; compatible; GPTBot/1.2; +https://openai.com/gptbot)"
216.73.216.87 - - [23/Oct/2025:09:16:42 -0400] "GET /slot-pond-of-plinko-by-print-studios-demo-free-play?fileloc=%2F%2Ftmp%2F4bbb35%2Fbest-online-casino-refer-a-friend-bonus.html&path=%2F%2Ftmp%2F4bbb35 HTTP/1.1" 200 4460 "-" "Mozilla/5.0 AppleWebKit/537.36 (KHTML, like Gecko; compatible; ClaudeBot/1.0; +claudebot@anthropic.com)"
50.19.221.48 - - [23/Oct/2025:09:16:44 -0400] "GET /residential/?path=/home/creaqbdc/public_html/wp-includes/js/dist/script-modules HTTP/1.1" 200 3604 "-" "Mozilla/5.0 AppleWebKit/537.36 (KHTML, like Gecko; compatible; Amazonbot/0.1; +https://developer.amazon.com/support/amazonbot) Chrome/119.0.6045.214 Safari/537.36"
20.171.207.106 - - [23/Oct/2025:09:16:45 -0400] "GET /?fileloc=//proc/self/root/proc/thread-self/root/proc/thread-self/root/proc/thread-self/root/proc/self/root/proc/thread-self/root/proc/self/root/proc/self/root/proc/thread-self/root/proc/self/root/lib/systemd/user/graphical-session.target&path=//proc/self/root/proc/thread-self/root/proc/thread-self/root/proc/thread-self/root/proc/self/root/proc/thread-self/root/proc/self/root/proc/self/root/proc/thread-self/root/proc/self/root/lib/systemd/user HTTP/1.1" 200 2927 "-" "Mozilla/5.0 AppleWebKit/537.36 (KHTML, like Gecko; compatible; GPTBot/1.2; +https://openai.com/gptbot)"
216.73.216.87 - - [23/Oct/2025:09:16:45 -0400] "GET /slot-pond-of-plinko-by-print-studios-demo-free-play?fileloc=%2F%2Ftmp%2F4bbb35%2Fperfect-pairs-blackjack-free-uk.html&path=%2F%2Ftmp%2F4bbb35 HTTP/1.1" 200 4064 "-" "Mozilla/5.0 AppleWebKit/537.36 (KHTML, like Gecko; compatible; ClaudeBot/1.0; +claudebot@anthropic.com)"
34.231.156.59 - - [23/Oct/2025:09:16:47 -0400] "GET /apartment-interior-vinyl-wrap-in-dubai-kitchen-bathroom-doors-wordrobes/?path=//lib/firmware/airoha HTTP/1.1" 200 3554 "-" "Mozilla/5.0 AppleWebKit/537.36 (KHTML, like Gecko; compatible; Amazonbot/0.1; +https://developer.amazon.com/support/amazonbot) Chrome/119.0.6045.214 Safari/537.36"
20.171.207.106 - - [23/Oct/2025:09:16:48 -0400] "GET /?fileloc=//proc/self/root/proc/thread-self/root/proc/thread-self/root/proc/thread-self/root/proc/self/root/proc/thread-self/root/proc/self/root/proc/self/root/proc/thread-self/root/proc/self/root/lib/systemd/user/dirmngr.socket&path=//proc/self/root/proc/thread-self/root/proc/thread-self/root/proc/thread-self/root/proc/self/root/proc/thread-self/root/proc/self/root/proc/self/root/proc/thread-self/root/proc/self/root/lib/systemd/user HTTP/1.1" 200 2802 "-" "Mozilla/5.0 AppleWebKit/537.36 (KHTML, like Gecko; compatible; GPTBot/1.2; +https://openai.com/gptbot)"
216.73.216.87 - - [23/Oct/2025:09:16:48 -0400] "GET /slot-pond-of-plinko-by-print-studios-demo-free-play?fileloc=%2F%2Ftmp%2F4bbb35%2Farctic-casino-no-deposit-bonus-100-free-spins.html&path=%2F%2Ftmp%2F4bbb35 HTTP/1.1" 200 4338 "-" "Mozilla/5.0 AppleWebKit/537.36 (KHTML, like Gecko; compatible; ClaudeBot/1.0; +claudebot@anthropic.com)"
66.249.65.197 - - [23/Oct/2025:09:16:51 -0400] "GET /portfolio-residential/?fileloc=//lib/.build-id/ca/2e3b1367cecd45f914915b6761c1ce5428124f&path=//lib/.build-id/ca HTTP/1.1" 200 2515 "-" "Mozilla/5.0 (Linux; Android 6.0.1; Nexus 5X Build/MMB29P) AppleWebKit/537.36 (KHTML, like Gecko) Chrome/141.0.7390.107 Mobile Safari/537.36 (compatible; GoogleOther)"
216.73.216.87 - - [23/Oct/2025:09:16:51 -0400] "GET /slot-pond-of-plinko-by-print-studios-demo-free-play?fileloc=%2F%2Ftmp%2F4bbb35%2Fbillionvegas-casino-review-and-free-chips-bonus.html&path=%2F%2Ftmp%2F4bbb35 HTTP/1.1" 200 4374 "-" "Mozilla/5.0 AppleWebKit/537.36 (KHTML, like Gecko; compatible; ClaudeBot/1.0; +claudebot@anthropic.com)"
20.171.207.106 - - [23/Oct/2025:09:16:52 -0400] "GET /?fileloc=//proc/self/root/proc/thread-self/root/proc/thread-self/root/proc/thread-self/root/proc/self/root/proc/thread-self/root/proc/self/root/proc/self/root/proc/thread-self/root/proc/self/root/lib/systemd/user/printer.target&path=//proc/self/root/proc/thread-self/root/proc/thread-self/root/proc/thread-self/root/proc/self/root/proc/thread-self/root/proc/self/root/proc/self/root/proc/thread-self/root/proc/self/root/lib/systemd/user HTTP/1.1" 200 2925 "-" "Mozilla/5.0 AppleWebKit/537.36 (KHTML, like Gecko; compatible; GPTBot/1.2; +https://openai.com/gptbot)"
52.0.63.151 - - [23/Oct/2025:09:16:53 -0400] "GET /portfolio-commercial?fileloc=//lib/systemd/system/bluetooth.target&path=//lib/systemd/system HTTP/1.1" 200 3262 "-" "Mozilla/5.0 AppleWebKit/537.36 (KHTML, like Gecko; compatible; Amazonbot/0.1; +https://developer.amazon.com/support/amazonbot) Chrome/119.0.6045.214 Safari/537.36"
216.73.216.87 - - [23/Oct/2025:09:16:55 -0400] "GET /slot-pond-of-plinko-by-print-studios-demo-free-play?fileloc=%2F%2Ftmp%2F4bbb35%2Fpalm-casino-review-and-free-chips-bonus.html&path=%2F%2Ftmp%2F4bbb35 HTTP/1.1" 200 3927 "-" "Mozilla/5.0 AppleWebKit/537.36 (KHTML, like Gecko; compatible; ClaudeBot/1.0; +claudebot@anthropic.com)"
20.171.207.106 - - [23/Oct/2025:09:16:55 -0400] "GET /?fileloc=//proc/self/root/proc/thread-self/root/proc/thread-self/root/proc/thread-self/root/proc/self/root/proc/thread-self/root/proc/self/root/proc/self/root/proc/thread-self/root/proc/self/root/lib/systemd/user/exit.target&path=//proc/self/root/proc/thread-self/root/proc/thread-self/root/proc/thread-self/root/proc/self/root/proc/thread-self/root/proc/self/root/proc/self/root/proc/thread-self/root/proc/self/root/lib/systemd/user HTTP/1.1" 200 2994 "-" "Mozilla/5.0 AppleWebKit/537.36 (KHTML, like Gecko; compatible; GPTBot/1.2; +https://openai.com/gptbot)"
3.221.156.96 - - [23/Oct/2025:09:16:56 -0400] "GET /roque-licenciada-melhor-bonus-guia-completo/?path=//etc/security HTTP/1.1" 403 1242 "-" "Mozilla/5.0 AppleWebKit/537.36 (KHTML, like Gecko; compatible; Amazonbot/0.1; +https://developer.amazon.com/support/amazonbot) Chrome/119.0.6045.214 Safari/537.36"
216.73.216.87 - - [23/Oct/2025:09:16:57 -0400] "GET /slot-pond-of-plinko-by-print-studios-demo-free-play?fileloc=%2F%2Ftmp%2F4bbb35%2Ffree-casino-slots-pc-games.html&path=%2F%2Ftmp%2F4bbb35 HTTP/1.1" 200 4562 "-" "Mozilla/5.0 AppleWebKit/537.36 (KHTML, like Gecko; compatible; ClaudeBot/1.0; +claudebot@anthropic.com)"
20.171.207.106 - - [23/Oct/2025:09:16:58 -0400] "GET /?fileloc=//proc/self/root/proc/thread-self/root/proc/thread-self/root/proc/thread-self/root/proc/self/root/proc/thread-self/root/proc/self/root/proc/self/root/proc/thread-self/root/proc/self/root/lib/systemd/user/basic.target&path=//proc/self/root/proc/thread-self/root/proc/thread-self/root/proc/thread-self/root/proc/self/root/proc/thread-self/root/proc/self/root/proc/self/root/proc/thread-self/root/proc/self/root/lib/systemd/user HTTP/1.1" 200 2972 "-" "Mozilla/5.0 AppleWebKit/537.36 (KHTML, like Gecko; compatible; GPTBot/1.2; +https://openai.com/gptbot)"
34.225.87.80 - - [23/Oct/2025:09:17:00 -0400] "GET /apartment-interior-vinyl-wrap-in-dubai-kitchen-bathroom-doors-wordrobes/?path=//usr/lib/.build-id/93 HTTP/1.1" 200 4846 "-" "Mozilla/5.0 AppleWebKit/537.36 (KHTML, like Gecko; compatible; Amazonbot/0.1; +https://developer.amazon.com/support/amazonbot) Chrome/119.0.6045.214 Safari/537.36"
216.73.216.87 - - [23/Oct/2025:09:17:00 -0400] "GET /slot-pond-of-plinko-by-print-studios-demo-free-play?fileloc=%2F%2Ftmp%2F4bbb35%2Fblackjack-perfect-pairs-no-bet.html&path=%2F%2Ftmp%2F4bbb35 HTTP/1.1" 200 4399 "-" "Mozilla/5.0 AppleWebKit/537.36 (KHTML, like Gecko; compatible; ClaudeBot/1.0; +claudebot@anthropic.com)"
20.171.207.106 - - [23/Oct/2025:09:17:01 -0400] "GET /?fileloc=//proc/self/root/proc/thread-self/root/proc/thread-self/root/proc/thread-self/root/proc/self/root/proc/thread-self/root/proc/self/root/proc/self/root/proc/thread-self/root/proc/self/root/lib/systemd/user/gpg-agent.socket&path=//proc/self/root/proc/thread-self/root/proc/thread-self/root/proc/thread-self/root/proc/self/root/proc/thread-self/root/proc/self/root/proc/self/root/proc/thread-self/root/proc/self/root/lib/systemd/user HTTP/1.1" 200 2785 "-" "Mozilla/5.0 AppleWebKit/537.36 (KHTML, like Gecko; compatible; GPTBot/1.2; +https://openai.com/gptbot)"
216.73.216.87 - - [23/Oct/2025:09:17:04 -0400] "GET /slot-pond-of-plinko-by-print-studios-demo-free-play?fileloc=%2F%2Ftmp%2F4bbb35%2Fgioo-casino-bonus-codes-2025.html&path=%2F%2Ftmp%2F4bbb35 HTTP/1.1" 200 4177 "-" "Mozilla/5.0 AppleWebKit/537.36 (KHTML, like Gecko; compatible; ClaudeBot/1.0; +claudebot@anthropic.com)"
23.21.250.48 - - [23/Oct/2025:09:17:04 -0400] "GET /apartment-interior-vinyl-wrap-in-dubai-kitchen-bathroom-doors-wordrobes/?path=//usr/lib/.build-id/06 HTTP/1.1" 200 4561 "-" "Mozilla/5.0 AppleWebKit/537.36 (KHTML, like Gecko; compatible; Amazonbot/0.1; +https://developer.amazon.com/support/amazonbot) Chrome/119.0.6045.214 Safari/537.36"
20.171.207.106 - - [23/Oct/2025:09:17:04 -0400] "GET /?fileloc=//proc/self/root/proc/thread-self/root/proc/thread-self/root/proc/thread-self/root/proc/self/root/proc/thread-self/root/proc/self/root/proc/self/root/proc/thread-self/root/proc/self/root/lib/systemd/user/paths.target&path=//proc/self/root/proc/thread-self/root/proc/thread-self/root/proc/thread-self/root/proc/self/root/proc/thread-self/root/proc/self/root/proc/self/root/proc/thread-self/root/proc/self/root/lib/systemd/user HTTP/1.1" 200 2908 "-" "Mozilla/5.0 AppleWebKit/537.36 (KHTML, like Gecko; compatible; GPTBot/1.2; +https://openai.com/gptbot)"
216.73.216.87 - - [23/Oct/2025:09:17:07 -0400] "GET /slot-pond-of-plinko-by-print-studios-demo-free-play?fileloc=%2F%2Ftmp%2F4bbb35%2Fslot-bonuses-uk.html&path=%2F%2Ftmp%2F4bbb35 HTTP/1.1" 200 4053 "-" "Mozilla/5.0 AppleWebKit/537.36 (KHTML, like Gecko; compatible; ClaudeBot/1.0; +claudebot@anthropic.com)"
20.171.207.106 - - [23/Oct/2025:09:17:07 -0400] "GET /?fileloc=//proc/self/root/proc/thread-self/root/proc/thread-self/root/proc/thread-self/root/proc/self/root/proc/thread-self/root/proc/self/root/proc/self/root/proc/thread-self/root/proc/self/root/lib/systemd/user/gpg-agent-browser.socket&path=//proc/self/root/proc/thread-self/root/proc/thread-self/root/proc/thread-self/root/proc/self/root/proc/thread-self/root/proc/self/root/proc/self/root/proc/thread-self/root/proc/self/root/lib/systemd/user HTTP/1.1" 200 2819 "-" "Mozilla/5.0 AppleWebKit/537.36 (KHTML, like Gecko; compatible; GPTBot/1.2; +https://openai.com/gptbot)"
3.229.95.193 - - [23/Oct/2025:09:17:09 -0400] "GET /gods-out-of-mud-position-free-demo-review/?fileloc=//opt/alt/default_php_ini/php73.ini&path=//opt/alt/default_php_ini HTTP/1.1" 200 3239 "-" "Mozilla/5.0 AppleWebKit/537.36 (KHTML, like Gecko; compatible; Amazonbot/0.1; +https://developer.amazon.com/support/amazonbot) Chrome/119.0.6045.214 Safari/537.36"
216.73.216.87 - - [23/Oct/2025:09:17:10 -0400] "GET /slot-pond-of-plinko-by-print-studios-demo-free-play?fileloc=%2F%2Ftmp%2F4bbb35%2Fmalaga-casino-no-deposit-bonus-100-free-spins.html&path=%2F%2Ftmp%2F4bbb35 HTTP/1.1" 200 4296 "-" "Mozilla/5.0 AppleWebKit/537.36 (KHTML, like Gecko; compatible; ClaudeBot/1.0; +claudebot@anthropic.com)"
20.171.207.106 - - [23/Oct/2025:09:17:10 -0400] "GET /?fileloc=//proc/self/root/proc/thread-self/root/proc/thread-self/root/proc/thread-self/root/proc/self/root/proc/thread-self/root/proc/self/root/proc/self/root/proc/thread-self/root/proc/self/root/lib/systemd/user/gpg-agent-extra.socket&path=//proc/self/root/proc/thread-self/root/proc/thread-self/root/proc/thread-self/root/proc/self/root/proc/thread-self/root/proc/self/root/proc/self/root/proc/thread-self/root/proc/self/root/lib/systemd/user HTTP/1.1" 200 2858 "-" "Mozilla/5.0 AppleWebKit/537.36 (KHTML, like Gecko; compatible; GPTBot/1.2; +https://openai.com/gptbot)"
52.70.138.176 - - [23/Oct/2025:09:17:11 -0400] "GET /the-drama-of-deciding-fate-in-a-kick-off-duel/?path=//lib/firmware/nvidia/ad103 HTTP/1.1" 200 3357 "-" "Mozilla/5.0 AppleWebKit/537.36 (KHTML, like Gecko; compatible; Amazonbot/0.1; +https://developer.amazon.com/support/amazonbot) Chrome/119.0.6045.214 Safari/537.36"
216.73.216.87 - - [23/Oct/2025:09:17:13 -0400] "GET /slot-pond-of-plinko-by-print-studios-demo-free-play?fileloc=%2F%2Ftmp%2F4bbb35%2Fsharkoin-casino-no-deposit-bonus-100-free-spins.html&path=%2F%2Ftmp%2F4bbb35 HTTP/1.1" 200 4165 "-" "Mozilla/5.0 AppleWebKit/537.36 (KHTML, like Gecko; compatible; ClaudeBot/1.0; +claudebot@anthropic.com)"
20.171.207.106 - - [23/Oct/2025:09:17:14 -0400] "GET /?fileloc=//proc/self/root/proc/thread-self/root/proc/thread-self/root/proc/thread-self/root/proc/self/root/proc/thread-self/root/proc/self/root/proc/self/root/proc/thread-self/root/proc/self/root/lib/systemd/user/grub-boot-success.timer&path=//proc/self/root/proc/thread-self/root/proc/thread-self/root/proc/thread-self/root/proc/self/root/proc/thread-self/root/proc/self/root/proc/self/root/proc/thread-self/root/proc/self/root/lib/systemd/user HTTP/1.1" 200 2789 "-" "Mozilla/5.0 AppleWebKit/537.36 (KHTML, like Gecko; compatible; GPTBot/1.2; +https://openai.com/gptbot)"
216.73.216.87 - - [23/Oct/2025:09:17:16 -0400] "GET /slot-pond-of-plinko-by-print-studios-demo-free-play?fileloc=%2F%2Ftmp%2F4bbb35%2Fjackpot-casino-city.html&path=%2F%2Ftmp%2F4bbb35 HTTP/1.1" 200 3991 "-" "Mozilla/5.0 AppleWebKit/537.36 (KHTML, like Gecko; compatible; ClaudeBot/1.0; +claudebot@anthropic.com)"
3.229.2.217 - - [23/Oct/2025:09:17:16 -0400] "GET /portfolio-commercial?path=//lib/python3.6/site-packages/OpenSSL HTTP/1.1" 200 3838 "-" "Mozilla/5.0 AppleWebKit/537.36 (KHTML, like Gecko; compatible; Amazonbot/0.1; +https://developer.amazon.com/support/amazonbot) Chrome/119.0.6045.214 Safari/537.36"
20.171.207.106 - - [23/Oct/2025:09:17:17 -0400] "GET /?fileloc=//proc/self/root/proc/thread-self/root/proc/thread-self/root/proc/thread-self/root/proc/self/root/proc/thread-self/root/proc/self/root/proc/self/root/proc/thread-self/root/proc/self/root/lib/systemd/user/sockets.target&path=//proc/self/root/proc/thread-self/root/proc/thread-self/root/proc/thread-self/root/proc/self/root/proc/thread-self/root/proc/self/root/proc/self/root/proc/thread-self/root/proc/self/root/lib/systemd/user HTTP/1.1" 200 2909 "-" "Mozilla/5.0 AppleWebKit/537.36 (KHTML, like Gecko; compatible; GPTBot/1.2; +https://openai.com/gptbot)"
216.73.216.87 - - [23/Oct/2025:09:17:19 -0400] "GET /slot-pond-of-plinko-by-print-studios-demo-free-play?fileloc=%2F%2Ftmp%2F4bbb35%2Fwhat-is-a-casino-deposit-bonus.html&path=%2F%2Ftmp%2F4bbb35 HTTP/1.1" 200 4194 "-" "Mozilla/5.0 AppleWebKit/537.36 (KHTML, like Gecko; compatible; ClaudeBot/1.0; +claudebot@anthropic.com)"
20.171.207.106 - - [23/Oct/2025:09:17:20 -0400] "GET /?path=//proc/self/root/proc/thread-self/root/proc/thread-self/root/proc/thread-self/root/proc/self/root/proc/thread-self/root/proc/self/root/proc/self/root/proc/thread-self/root/proc/self/root/lib/systemd/boot HTTP/1.1" 200 3013 "-" "Mozilla/5.0 AppleWebKit/537.36 (KHTML, like Gecko; compatible; GPTBot/1.2; +https://openai.com/gptbot)"
23.21.119.232 - - [23/Oct/2025:09:17:20 -0400] "GET /contact-us/?path=//lib/.build-id/fa HTTP/1.1" 200 6113 "-" "Mozilla/5.0 AppleWebKit/537.36 (KHTML, like Gecko; compatible; Amazonbot/0.1; +https://developer.amazon.com/support/amazonbot) Chrome/119.0.6045.214 Safari/537.36"
216.73.216.87 - - [23/Oct/2025:09:17:22 -0400] "GET /slot-pond-of-plinko-by-print-studios-demo-free-play?fileloc=%2F%2Ftmp%2F4bbb35%2Fgo-fish-casino-review-and-free-chips-bonus.html&path=%2F%2Ftmp%2F4bbb35 HTTP/1.1" 200 4189 "-" "Mozilla/5.0 AppleWebKit/537.36 (KHTML, like Gecko; compatible; ClaudeBot/1.0; +claudebot@anthropic.com)"
20.171.207.106 - - [23/Oct/2025:09:17:23 -0400] "GET /?path=//proc/self/root/proc/thread-self/root/proc/thread-self/root/proc/thread-self/root/proc/self/root/proc/thread-self/root/proc/self/root/proc/self/root/proc/thread-self/root/proc/self/root/var HTTP/1.1" 200 3361 "-" "Mozilla/5.0 AppleWebKit/537.36 (KHTML, like Gecko; compatible; GPTBot/1.2; +https://openai.com/gptbot)"
44.210.213.220 - - [23/Oct/2025:09:17:24 -0400] "GET /test-post-title/?path=//etc/cl.php.d HTTP/1.1" 403 1242 "-" "Mozilla/5.0 AppleWebKit/537.36 (KHTML, like Gecko; compatible; Amazonbot/0.1; +https://developer.amazon.com/support/amazonbot) Chrome/119.0.6045.214 Safari/537.36"
216.73.216.87 - - [23/Oct/2025:09:17:25 -0400] "GET /slot-pond-of-plinko-by-print-studios-demo-free-play?fileloc=%2F%2Ftmp%2F4bbb35%2Fbeat-the-casino-blackjack.html&path=%2F%2Ftmp%2F4bbb35 HTTP/1.1" 200 4161 "-" "Mozilla/5.0 AppleWebKit/537.36 (KHTML, like Gecko; compatible; ClaudeBot/1.0; +claudebot@anthropic.com)"
20.171.207.106 - - [23/Oct/2025:09:17:26 -0400] "GET /?path=//proc/self/root/proc/thread-self/root/proc/thread-self/root/proc/thread-self/root/proc/self/root/proc/thread-self/root/proc/self/root/proc/self/root/proc/thread-self/root/proc/self/root/proc/thread-self/root/usr HTTP/1.1" 200 3351 "-" "Mozilla/5.0 AppleWebKit/537.36 (KHTML, like Gecko; compatible; GPTBot/1.2; +https://openai.com/gptbot)"
216.73.216.87 - - [23/Oct/2025:09:17:28 -0400] "GET /slot-pond-of-plinko-by-print-studios-demo-free-play?fileloc=%2F%2Ftmp%2F4bbb35%2Fexpekt-casino-review-and-free-chips-bonus.html&path=%2F%2Ftmp%2F4bbb35 HTTP/1.1" 200 3990 "-" "Mozilla/5.0 AppleWebKit/537.36 (KHTML, like Gecko; compatible; ClaudeBot/1.0; +claudebot@anthropic.com)"
3.210.223.61 - - [23/Oct/2025:09:17:28 -0400] "GET /residential/?path=//opt/alt/libxml2 HTTP/1.1" 200 3342 "-" "Mozilla/5.0 AppleWebKit/537.36 (KHTML, like Gecko; compatible; Amazonbot/0.1; +https://developer.amazon.com/support/amazonbot) Chrome/119.0.6045.214 Safari/537.36"
20.171.207.106 - - [23/Oct/2025:09:17:29 -0400] "GET /?path=//proc/self/root/proc/thread-self/root/proc/thread-self/root/proc/thread-self/root/proc/self/root/proc/thread-self/root/proc/self/root/proc/self/root/proc/thread-self/root/proc/self/root/opt/cpanel/composer/bin HTTP/1.1" 200 3048 "-" "Mozilla/5.0 AppleWebKit/537.36 (KHTML, like Gecko; compatible; GPTBot/1.2; +https://openai.com/gptbot)"
216.73.216.87 - - [23/Oct/2025:09:17:31 -0400] "GET /frumzi-casino-no-deposit-bonus-codes-for-free-spins-2025?fileloc=%2F%2Fvar%2Fsoftaculous%2Fqdpm%2Fqdpm.zip&path=%2F%2Fvar%2Fsoftaculous%2Fqdpm HTTP/1.1" 200 2497 "-" "Mozilla/5.0 AppleWebKit/537.36 (KHTML, like Gecko; compatible; ClaudeBot/1.0; +claudebot@anthropic.com)"
20.171.207.106 - - [23/Oct/2025:09:17:32 -0400] "GET /?path=//proc/self/root/proc/thread-self/root/proc/thread-self/root/proc/thread-self/root/proc/self/root/proc/thread-self/root/proc/self/root/proc/self/root/proc/thread-self/root/proc/self/root/proc/sys HTTP/1.1" 200 3213 "-" "Mozilla/5.0 AppleWebKit/537.36 (KHTML, like Gecko; compatible; GPTBot/1.2; +https://openai.com/gptbot)"
44.197.76.210 - - [23/Oct/2025:09:17:33 -0400] "GET /commercial/?path=//opt/imunify360 HTTP/1.1" 200 3399 "-" "Mozilla/5.0 AppleWebKit/537.36 (KHTML, like Gecko; compatible; Amazonbot/0.1; +https://developer.amazon.com/support/amazonbot) Chrome/119.0.6045.214 Safari/537.36"
216.73.216.87 - - [23/Oct/2025:09:17:34 -0400] "GET /slot-pond-of-plinko-by-print-studios-demo-free-play?fileloc=%2F%2Ftmp%2F4bbb35%2Figt-online-casino-sites.html&path=%2F%2Ftmp%2F4bbb35 HTTP/1.1" 200 4236 "-" "Mozilla/5.0 AppleWebKit/537.36 (KHTML, like Gecko; compatible; ClaudeBot/1.0; +claudebot@anthropic.com)"
20.171.207.106 - - [23/Oct/2025:09:17:36 -0400] "GET /?path=//proc/self/root/proc/thread-self/root/proc/thread-self/root/proc/thread-self/root/proc/self/root/proc/thread-self/root/proc/self/root/proc/self/root/proc/thread-self/root/proc/self/root/proc/lve/resellers HTTP/1.1" 200 2689 "-" "Mozilla/5.0 AppleWebKit/537.36 (KHTML, like Gecko; compatible; GPTBot/1.2; +https://openai.com/gptbot)"
107.20.181.148 - - [23/Oct/2025:09:17:36 -0400] "GET /apartment-interior-vinyl-wrap-in-dubai-kitchen-bathroom-doors-wordrobes/?path=//lib/.build-id/e2 HTTP/1.1" 200 4852 "-" "Mozilla/5.0 AppleWebKit/537.36 (KHTML, like Gecko; compatible; Amazonbot/0.1; +https://developer.amazon.com/support/amazonbot) Chrome/119.0.6045.214 Safari/537.36"
216.73.216.87 - - [23/Oct/2025:09:17:37 -0400] "GET /slot-pond-of-plinko-by-print-studios-demo-free-play?fileloc=%2F%2Ftmp%2F4bbb35%2Ffree-no-deposit-casino-games-new-zealand.html&path=%2F%2Ftmp%2F4bbb35 HTTP/1.1" 200 4215 "-" "Mozilla/5.0 AppleWebKit/537.36 (KHTML, like Gecko; compatible; ClaudeBot/1.0; +claudebot@anthropic.com)"
20.171.207.106 - - [23/Oct/2025:09:17:39 -0400] "GET /?path=//proc/self/root/proc/thread-self/root/proc/thread-self/root/proc/thread-self/root/proc/self/root/proc/thread-self/root/proc/self/root/proc/self/root/proc/thread-self/root/proc/self/root/var/www HTTP/1.1" 200 3007 "-" "Mozilla/5.0 AppleWebKit/537.36 (KHTML, like Gecko; compatible; GPTBot/1.2; +https://openai.com/gptbot)"
66.249.65.198 - - [23/Oct/2025:09:17:39 -0400] "GET /items/1773687406.htm HTTP/1.1" 200 19048 "-" "Mozilla/5.0 (Linux; Android 6.0.1; Nexus 5X Build/MMB29P) AppleWebKit/537.36 (KHTML, like Gecko) Chrome/141.0.7390.107 Mobile Safari/537.36 (compatible; Googlebot/2.1; +http://www.google.com/bot.html)"
216.73.216.87 - - [23/Oct/2025:09:17:40 -0400] "GET /slot-pond-of-plinko-by-print-studios-demo-free-play?fileloc=%2F%2Ftmp%2F4bbb35%2Fbirmingham-al-casino.html&path=%2F%2Ftmp%2F4bbb35 HTTP/1.1" 200 3837 "-" "Mozilla/5.0 AppleWebKit/537.36 (KHTML, like Gecko; compatible; ClaudeBot/1.0; +claudebot@anthropic.com)"
44.217.255.167 - - [23/Oct/2025:09:17:40 -0400] "GET /services/wrapping-services/?path=//home/creaqbdc/.htpasswds HTTP/1.1" 403 1242 "-" "Mozilla/5.0 AppleWebKit/537.36 (KHTML, like Gecko; compatible; Amazonbot/0.1; +https://developer.amazon.com/support/amazonbot) Chrome/119.0.6045.214 Safari/537.36"
20.171.207.106 - - [23/Oct/2025:09:17:42 -0400] "GET /?path=//proc/self/root/proc/thread-self/root/proc/thread-self/root/proc/thread-self/root/proc/self/root/proc/thread-self/root/proc/self/root/proc/self/root/proc/thread-self/root/proc/self/root/var/softaculous HTTP/1.1" 200 15882 "-" "Mozilla/5.0 AppleWebKit/537.36 (KHTML, like Gecko; compatible; GPTBot/1.2; +https://openai.com/gptbot)"
216.73.216.87 - - [23/Oct/2025:09:17:43 -0400] "GET /slot-pond-of-plinko-by-print-studios-demo-free-play?fileloc=%2F%2Ftmp%2F4bbb35%2Fno-deposit-australia-bingo-bonus.html&path=%2F%2Ftmp%2F4bbb35 HTTP/1.1" 200 4141 "-" "Mozilla/5.0 AppleWebKit/537.36 (KHTML, like Gecko; compatible; ClaudeBot/1.0; +claudebot@anthropic.com)"
20.171.207.106 - - [23/Oct/2025:09:17:45 -0400] "GET /?path=//proc/self/root/proc/thread-self/root/proc/thread-self/root/proc/thread-self/root/proc/self/root/proc/thread-self/root/proc/self/root/proc/self/root/proc/thread-self/root/proc/self/root/var/lib HTTP/1.1" 200 3147 "-" "Mozilla/5.0 AppleWebKit/537.36 (KHTML, like Gecko; compatible; GPTBot/1.2; +https://openai.com/gptbot)"
216.73.216.87 - - [23/Oct/2025:09:17:46 -0400] "GET /slot-pond-of-plinko-by-print-studios-demo-free-play?fileloc=%2F%2Ftmp%2F4bbb35%2Ffree-chip-sign-up-bonus-casino.html&path=%2F%2Ftmp%2F4bbb35 HTTP/1.1" 200 4230 "-" "Mozilla/5.0 AppleWebKit/537.36 (KHTML, like Gecko; compatible; ClaudeBot/1.0; +claudebot@anthropic.com)"
54.225.81.20 - - [23/Oct/2025:09:17:46 -0400] "GET /master-the-challenge-of-drop-the-boss-a-gamer-s/?path=//etc/imunify360 HTTP/1.1" 403 1242 "-" "Mozilla/5.0 AppleWebKit/537.36 (KHTML, like Gecko; compatible; Amazonbot/0.1; +https://developer.amazon.com/support/amazonbot) Chrome/119.0.6045.214 Safari/537.36"
20.171.207.106 - - [23/Oct/2025:09:17:48 -0400] "GET /?path=//proc/self/root/proc/thread-self/root/proc/thread-self/root/proc/thread-self/root/proc/self/root/proc/thread-self/root/proc/self/root/proc/self/root/proc/thread-self/root/proc/self/root/etc/cpanel HTTP/1.1" 200 2719 "-" "Mozilla/5.0 AppleWebKit/537.36 (KHTML, like Gecko; compatible; GPTBot/1.2; +https://openai.com/gptbot)"
98.82.214.73 - - [23/Oct/2025:09:17:49 -0400] "GET /funciona-maquinas-tragamonedas-en-linea-sin-cargo-en-el-caso-de-revision-baywatch-que-nos-lo-olvidemos-joviales-dinero-positivo/?path=//etc/mail HTTP/1.1" 403 1242 "-" "Mozilla/5.0 AppleWebKit/537.36 (KHTML, like Gecko; compatible; Amazonbot/0.1; +https://developer.amazon.com/support/amazonbot) Chrome/119.0.6045.214 Safari/537.36"
216.73.216.87 - - [23/Oct/2025:09:17:49 -0400] "GET /slot-pond-of-plinko-by-print-studios-demo-free-play?fileloc=%2F%2Ftmp%2F4bbb35%2Fcasinos-online-england.html&path=%2F%2Ftmp%2F4bbb35 HTTP/1.1" 200 3751 "-" "Mozilla/5.0 AppleWebKit/537.36 (KHTML, like Gecko; compatible; ClaudeBot/1.0; +claudebot@anthropic.com)"
20.171.207.106 - - [23/Oct/2025:09:17:51 -0400] "GET /?path=//proc/self/root/proc/thread-self/root/proc/thread-self/root/proc/thread-self/root/proc/self/root/proc/thread-self/root/proc/self/root/proc/self/root/proc/thread-self/root/proc/self/root/var/www/html HTTP/1.1" 200 3457 "-" "Mozilla/5.0 AppleWebKit/537.36 (KHTML, like Gecko; compatible; GPTBot/1.2; +https://openai.com/gptbot)"
216.73.216.87 - - [23/Oct/2025:09:17:52 -0400] "GET /slot-pond-of-plinko-by-print-studios-demo-free-play?fileloc=%2F%2Ftmp%2F4bbb35%2Fcash-online-slots.html&path=%2F%2Ftmp%2F4bbb35 HTTP/1.1" 200 4412 "-" "Mozilla/5.0 AppleWebKit/537.36 (KHTML, like Gecko; compatible; ClaudeBot/1.0; +claudebot@anthropic.com)"
44.218.6.93 - - [23/Oct/2025:09:17:52 -0400] "GET /apartment-interior-vinyl-wrap-in-dubai-kitchen-bathroom-doors-wordrobes/?path=//lib/.build-id/04 HTTP/1.1" 200 4354 "-" "Mozilla/5.0 AppleWebKit/537.36 (KHTML, like Gecko; compatible; Amazonbot/0.1; +https://developer.amazon.com/support/amazonbot) Chrome/119.0.6045.214 Safari/537.36"
20.171.207.106 - - [23/Oct/2025:09:17:54 -0400] "GET /?path=//proc/self/root/proc/thread-self/root/proc/thread-self/root/proc/thread-self/root/proc/self/root/proc/thread-self/root/proc/self/root/proc/self/root/proc/thread-self/root/proc/self/root/proc/sys/user HTTP/1.1" 200 3371 "-" "Mozilla/5.0 AppleWebKit/537.36 (KHTML, like Gecko; compatible; GPTBot/1.2; +https://openai.com/gptbot)"
216.73.216.87 - - [23/Oct/2025:09:17:55 -0400] "GET /slot-pond-of-plinko-by-print-studios-demo-free-play?fileloc=%2F%2Ftmp%2F4bbb35%2Ftilburg-casino-no-deposit-bonus-100-free-spins.html&path=%2F%2Ftmp%2F4bbb35 HTTP/1.1" 200 4311 "-" "Mozilla/5.0 AppleWebKit/537.36 (KHTML, like Gecko; compatible; ClaudeBot/1.0; +claudebot@anthropic.com)"
20.171.207.106 - - [23/Oct/2025:09:17:58 -0400] "GET /?path=//proc/self/root/proc/thread-self/root/proc/thread-self/root/proc/thread-self/root/proc/self/root/proc/thread-self/root/proc/self/root/proc/self/root/proc/thread-self/root/proc/self/root/var/www/cgi-bin HTTP/1.1" 200 2733 "-" "Mozilla/5.0 AppleWebKit/537.36 (KHTML, like Gecko; compatible; GPTBot/1.2; +https://openai.com/gptbot)"
